{"id":7117,"date":"2026-04-08T14:00:09","date_gmt":"2026-04-08T14:00:09","guid":{"rendered":"https:\/\/educaredigital.online\/loja\/produto\/mini-fabulas-o-leao-e-o-camundongo\/"},"modified":"2026-04-09T11:41:34","modified_gmt":"2026-04-09T11:41:34","slug":"mini-fabulas-o-leao-e-o-camundongo","status":"publish","type":"product","link":"https:\/\/educaredigital.online\/loja\/produto\/mini-fabulas-o-leao-e-o-camundongo\/","title":{"rendered":"Mini F\u00e1bulas: O Le\u00e3o e o Camundongo"},"content":{"rendered":"<div class=\"details-table-wrapper\">\n<p class=\"ds-markdown-paragraph\"><strong>Mini F\u00e1bulas: O Le\u00e3o e o Camundongo<\/strong>\u00a0conta a hist\u00f3ria de um le\u00e3o que poupou a vida de um pequeno camundongo. O ratinho prometeu que um dia poderia retribuir a gentileza.<\/p>\n<p class=\"ds-markdown-paragraph\">Tempos depois, o le\u00e3o caiu na rede de ca\u00e7adores, e o camundongo roeu as cordas para libert\u00e1-lo. A f\u00e1bula ensina que n\u00e3o devemos subestimar os pequenos, pois at\u00e9 os mais humildes podem ajudar.<\/p>\n<table class=\"product-details-table\">\n<tbody>\n<tr>\n<td>Autor<\/td>\n<td>Roberto Belli<\/td>\n<\/tr>\n<tr>\n<td>ilustrador(a)<\/td>\n<td>Belli Studio<\/td>\n<\/tr>\n<tr>\n<td>ISBN<\/td>\n<td>9788537601570<\/td>\n<\/tr>\n<tr>\n<td>Editora<\/td>\n<td>Todolivro<\/td>\n<\/tr>\n<tr>\n<td>N\u00ba de p\u00e1ginas<\/td>\n<td>16<\/td>\n<\/tr>\n<\/tbody>\n<\/table>\n<\/div>\n","protected":false},"excerpt":{"rendered":"<p>Mini F\u00e1bulas: O Le\u00e3o e o Camundongo\u00a0conta a hist\u00f3ria de um le\u00e3o que poupou a vida de um pequeno camundongo. O ratinho prometeu que um dia poderia retribuir a gentileza. Tempos depois, o le\u00e3o caiu na rede de ca\u00e7adores, e<\/p>\n","protected":false},"featured_media":7116,"comment_status":"open","ping_status":"closed","template":"","meta":[],"product_brand":[],"product_cat":[202],"product_tag":[],"class_list":{"0":"post-7117","1":"product","2":"type-product","3":"status-publish","6":"product_cat-fundamental1-1ao3","8":"first","9":"instock","10":"shipping-taxable","11":"purchasable","12":"product-type-simple"},"_links":{"self":[{"href":"https:\/\/educaredigital.online\/loja\/wp-json\/wp\/v2\/product\/7117","targetHints":{"allow":["GET"]}}],"collection":[{"href":"https:\/\/educaredigital.online\/loja\/wp-json\/wp\/v2\/product"}],"about":[{"href":"https:\/\/educaredigital.online\/loja\/wp-json\/wp\/v2\/types\/product"}],"replies":[{"embeddable":true,"href":"https:\/\/educaredigital.online\/loja\/wp-json\/wp\/v2\/comments?post=7117"}],"wp:featuredmedia":[{"embeddable":true,"href":"https:\/\/educaredigital.online\/loja\/wp-json\/wp\/v2\/media\/7116"}],"wp:attachment":[{"href":"https:\/\/educaredigital.online\/loja\/wp-json\/wp\/v2\/media?parent=7117"}],"wp:term":[{"taxonomy":"product_brand","embeddable":true,"href":"https:\/\/educaredigital.online\/loja\/wp-json\/wp\/v2\/product_brand?post=7117"},{"taxonomy":"product_cat","embeddable":true,"href":"https:\/\/educaredigital.online\/loja\/wp-json\/wp\/v2\/product_cat?post=7117"},{"taxonomy":"product_tag","embeddable":true,"href":"https:\/\/educaredigital.online\/loja\/wp-json\/wp\/v2\/product_tag?post=7117"}],"curies":[{"name":"wp","href":"https:\/\/api.w.org\/{rel}","templated":true}]}}