{"id":7113,"date":"2026-04-08T13:59:36","date_gmt":"2026-04-08T13:59:36","guid":{"rendered":"https:\/\/educaredigital.online\/loja\/produto\/mini-fabulas-a-cigarra-e-a-formiga\/"},"modified":"2026-04-09T11:41:02","modified_gmt":"2026-04-09T11:41:02","slug":"mini-fabulas-a-cigarra-e-a-formiga","status":"publish","type":"product","link":"https:\/\/educaredigital.online\/loja\/produto\/mini-fabulas-a-cigarra-e-a-formiga\/","title":{"rendered":"Mini F\u00e1bulas: A Cigarra e a Formiga"},"content":{"rendered":"<div class=\"details-table-wrapper\">\n<p class=\"ds-markdown-paragraph\"><strong>Mini F\u00e1bulas: A Cigarra e a Formiga<\/strong>\u00a0conta a hist\u00f3ria da cigarra que passou o ver\u00e3o cantando enquanto a formiga trabalhava sem parar. Quando o inverno chegou, a cigarra ficou com fome e pediu ajuda \u00e0 formiga.<\/p>\n<p class=\"ds-markdown-paragraph\">A formiga ent\u00e3o perguntou o que ela fez durante o ver\u00e3o, e a cigarra respondeu: &#8220;Cantei&#8221;. A formiga disse: &#8220;Pois agora dance&#8221;, e n\u00e3o a ajudou. A f\u00e1bula ensina sobre a import\u00e2ncia do trabalho e do planejamento para o futuro.<\/p>\n<table class=\"product-details-table\">\n<tbody>\n<tr>\n<td>Autor<\/td>\n<td>Roberto Belli<\/td>\n<\/tr>\n<tr>\n<td>ilustrador(a)<\/td>\n<td>Belli Studio<\/td>\n<\/tr>\n<tr>\n<td>ISBN<\/td>\n<td>9788537601303<\/td>\n<\/tr>\n<tr>\n<td>Editora<\/td>\n<td>Todolivro<\/td>\n<\/tr>\n<tr>\n<td>N\u00ba de p\u00e1ginas<\/td>\n<td>16<\/td>\n<\/tr>\n<\/tbody>\n<\/table>\n<\/div>\n","protected":false},"excerpt":{"rendered":"<p>Mini F\u00e1bulas: A Cigarra e a Formiga\u00a0conta a hist\u00f3ria da cigarra que passou o ver\u00e3o cantando enquanto a formiga trabalhava sem parar. Quando o inverno chegou, a cigarra ficou com fome e pediu ajuda \u00e0 formiga. A formiga ent\u00e3o perguntou<\/p>\n","protected":false},"featured_media":7112,"comment_status":"open","ping_status":"closed","template":"","meta":[],"product_brand":[],"product_cat":[202],"product_tag":[],"class_list":{"0":"post-7113","1":"product","2":"type-product","3":"status-publish","6":"product_cat-fundamental1-1ao3","8":"first","9":"instock","10":"shipping-taxable","11":"purchasable","12":"product-type-simple"},"_links":{"self":[{"href":"https:\/\/educaredigital.online\/loja\/wp-json\/wp\/v2\/product\/7113","targetHints":{"allow":["GET"]}}],"collection":[{"href":"https:\/\/educaredigital.online\/loja\/wp-json\/wp\/v2\/product"}],"about":[{"href":"https:\/\/educaredigital.online\/loja\/wp-json\/wp\/v2\/types\/product"}],"replies":[{"embeddable":true,"href":"https:\/\/educaredigital.online\/loja\/wp-json\/wp\/v2\/comments?post=7113"}],"wp:featuredmedia":[{"embeddable":true,"href":"https:\/\/educaredigital.online\/loja\/wp-json\/wp\/v2\/media\/7112"}],"wp:attachment":[{"href":"https:\/\/educaredigital.online\/loja\/wp-json\/wp\/v2\/media?parent=7113"}],"wp:term":[{"taxonomy":"product_brand","embeddable":true,"href":"https:\/\/educaredigital.online\/loja\/wp-json\/wp\/v2\/product_brand?post=7113"},{"taxonomy":"product_cat","embeddable":true,"href":"https:\/\/educaredigital.online\/loja\/wp-json\/wp\/v2\/product_cat?post=7113"},{"taxonomy":"product_tag","embeddable":true,"href":"https:\/\/educaredigital.online\/loja\/wp-json\/wp\/v2\/product_tag?post=7113"}],"curies":[{"name":"wp","href":"https:\/\/api.w.org\/{rel}","templated":true}]}}