{"id":7105,"date":"2026-04-08T13:58:34","date_gmt":"2026-04-08T13:58:34","guid":{"rendered":"https:\/\/educaredigital.online\/loja\/produto\/meu-sonho-de-princesa-rapunzel\/"},"modified":"2026-04-09T11:25:03","modified_gmt":"2026-04-09T11:25:03","slug":"meu-sonho-de-princesa-rapunzel","status":"publish","type":"product","link":"https:\/\/educaredigital.online\/loja\/produto\/meu-sonho-de-princesa-rapunzel\/","title":{"rendered":"Meu Sonho de Princesa: Rapunzel"},"content":{"rendered":"<div class=\"details-table-wrapper\">\n<p class=\"ds-markdown-paragraph\"><strong>Meu Sonho de Princesa: Rapunzel<\/strong>\u00a0conta a hist\u00f3ria de uma mo\u00e7a de longos cabelos dourados, trancada em uma torre por uma bruxa. Todos os dias, a bruxa subia chamando: &#8220;Rapunzel, deixe seus cabelos descerem&#8221;.<\/p>\n<p class=\"ds-markdown-paragraph\">Um pr\u00edncipe ouviu seu canto e usou os cabelos para subir na torre. Os dois se apaixonaram e, ap\u00f3s enfrentar a bruxa, viveram felizes para sempre. A hist\u00f3ria ensina sobre coragem e perseveran\u00e7a.<\/p>\n<table class=\"product-details-table\">\n<tbody>\n<tr>\n<td>Autor<\/td>\n<td>Cristina Marques<\/td>\n<\/tr>\n<tr>\n<td>ISBN<\/td>\n<td>9786556176321<\/td>\n<\/tr>\n<tr>\n<td>Editora<\/td>\n<td>Todolivro<\/td>\n<\/tr>\n<tr>\n<td>N\u00ba de p\u00e1ginas<\/td>\n<td>20<\/td>\n<\/tr>\n<\/tbody>\n<\/table>\n<\/div>\n","protected":false},"excerpt":{"rendered":"<p>Meu Sonho de Princesa: Rapunzel\u00a0conta a hist\u00f3ria de uma mo\u00e7a de longos cabelos dourados, trancada em uma torre por uma bruxa. Todos os dias, a bruxa subia chamando: &#8220;Rapunzel, deixe seus cabelos descerem&#8221;. Um pr\u00edncipe ouviu seu canto e usou<\/p>\n","protected":false},"featured_media":7104,"comment_status":"open","ping_status":"closed","template":"","meta":[],"product_brand":[],"product_cat":[202],"product_tag":[],"class_list":{"0":"post-7105","1":"product","2":"type-product","3":"status-publish","6":"product_cat-fundamental1-1ao3","8":"first","9":"instock","10":"shipping-taxable","11":"purchasable","12":"product-type-simple"},"_links":{"self":[{"href":"https:\/\/educaredigital.online\/loja\/wp-json\/wp\/v2\/product\/7105","targetHints":{"allow":["GET"]}}],"collection":[{"href":"https:\/\/educaredigital.online\/loja\/wp-json\/wp\/v2\/product"}],"about":[{"href":"https:\/\/educaredigital.online\/loja\/wp-json\/wp\/v2\/types\/product"}],"replies":[{"embeddable":true,"href":"https:\/\/educaredigital.online\/loja\/wp-json\/wp\/v2\/comments?post=7105"}],"wp:featuredmedia":[{"embeddable":true,"href":"https:\/\/educaredigital.online\/loja\/wp-json\/wp\/v2\/media\/7104"}],"wp:attachment":[{"href":"https:\/\/educaredigital.online\/loja\/wp-json\/wp\/v2\/media?parent=7105"}],"wp:term":[{"taxonomy":"product_brand","embeddable":true,"href":"https:\/\/educaredigital.online\/loja\/wp-json\/wp\/v2\/product_brand?post=7105"},{"taxonomy":"product_cat","embeddable":true,"href":"https:\/\/educaredigital.online\/loja\/wp-json\/wp\/v2\/product_cat?post=7105"},{"taxonomy":"product_tag","embeddable":true,"href":"https:\/\/educaredigital.online\/loja\/wp-json\/wp\/v2\/product_tag?post=7105"}],"curies":[{"name":"wp","href":"https:\/\/api.w.org\/{rel}","templated":true}]}}