{"id":7088,"date":"2026-04-08T13:56:22","date_gmt":"2026-04-08T13:56:22","guid":{"rendered":"https:\/\/educaredigital.online\/loja\/produto\/meu-sonho-de-princesa-a-bela-e-a-fera\/"},"modified":"2026-04-09T11:21:13","modified_gmt":"2026-04-09T11:21:13","slug":"meu-sonho-de-princesa-a-bela-e-a-fera","status":"publish","type":"product","link":"https:\/\/educaredigital.online\/loja\/produto\/meu-sonho-de-princesa-a-bela-e-a-fera\/","title":{"rendered":"Meu Sonho de Princesa: A Bela e a Fera"},"content":{"rendered":"<div class=\"details-table-wrapper\">\n<p><strong>Meu Sonho de Princesa: A Bela e a Fera<\/strong> conta a hist\u00f3ria de Bela, uma jovem bondosa que se oferece para viver no castelo de uma terr\u00edvel Fera a fim de salvar seu pai. Aos poucos, ela descobre que por tr\u00e1s da apar\u00eancia monstruosa existe um pr\u00edncipe gentil, preso por um feiti\u00e7o que s\u00f3 o amor verdadeiro pode quebrar.<\/p>\n<p>Com ilustra\u00e7\u00f5es delicadas e elementos interativos, a cole\u00e7\u00e3o Meu Sonho de Princesa encanta as pequenas leitoras. A hist\u00f3ria ensina sobre amor, coragem e a import\u00e2ncia de enxergar al\u00e9m das apar\u00eancias.<\/p>\n<table class=\"product-details-table\">\n<tbody>\n<tr>\n<td>Autor<\/td>\n<td>Cristina Marques<\/td>\n<\/tr>\n<tr>\n<td>ISBN<\/td>\n<td>9786556176253<\/td>\n<\/tr>\n<tr>\n<td>Editora<\/td>\n<td>Todolivro<\/td>\n<\/tr>\n<tr>\n<td>N\u00ba de p\u00e1ginas<\/td>\n<td>20<\/td>\n<\/tr>\n<\/tbody>\n<\/table>\n<\/div>\n","protected":false},"excerpt":{"rendered":"<p>Meu Sonho de Princesa: A Bela e a Fera conta a hist\u00f3ria de Bela, uma jovem bondosa que se oferece para viver no castelo de uma terr\u00edvel Fera a fim de salvar seu pai. Aos poucos, ela descobre que por<\/p>\n","protected":false},"featured_media":7087,"comment_status":"open","ping_status":"closed","template":"","meta":[],"product_brand":[],"product_cat":[202],"product_tag":[],"class_list":{"0":"post-7088","1":"product","2":"type-product","3":"status-publish","6":"product_cat-fundamental1-1ao3","8":"first","9":"instock","10":"shipping-taxable","11":"purchasable","12":"product-type-simple"},"_links":{"self":[{"href":"https:\/\/educaredigital.online\/loja\/wp-json\/wp\/v2\/product\/7088","targetHints":{"allow":["GET"]}}],"collection":[{"href":"https:\/\/educaredigital.online\/loja\/wp-json\/wp\/v2\/product"}],"about":[{"href":"https:\/\/educaredigital.online\/loja\/wp-json\/wp\/v2\/types\/product"}],"replies":[{"embeddable":true,"href":"https:\/\/educaredigital.online\/loja\/wp-json\/wp\/v2\/comments?post=7088"}],"wp:featuredmedia":[{"embeddable":true,"href":"https:\/\/educaredigital.online\/loja\/wp-json\/wp\/v2\/media\/7087"}],"wp:attachment":[{"href":"https:\/\/educaredigital.online\/loja\/wp-json\/wp\/v2\/media?parent=7088"}],"wp:term":[{"taxonomy":"product_brand","embeddable":true,"href":"https:\/\/educaredigital.online\/loja\/wp-json\/wp\/v2\/product_brand?post=7088"},{"taxonomy":"product_cat","embeddable":true,"href":"https:\/\/educaredigital.online\/loja\/wp-json\/wp\/v2\/product_cat?post=7088"},{"taxonomy":"product_tag","embeddable":true,"href":"https:\/\/educaredigital.online\/loja\/wp-json\/wp\/v2\/product_tag?post=7088"}],"curies":[{"name":"wp","href":"https:\/\/api.w.org\/{rel}","templated":true}]}}