{"id":7053,"date":"2026-04-08T13:53:31","date_gmt":"2026-04-08T13:53:31","guid":{"rendered":"https:\/\/educaredigital.online\/loja\/produto\/classicos-todolivro-pequena-sereia\/"},"modified":"2026-04-09T15:04:26","modified_gmt":"2026-04-09T15:04:26","slug":"classicos-todolivro-pequena-sereia","status":"publish","type":"product","link":"https:\/\/educaredigital.online\/loja\/produto\/classicos-todolivro-pequena-sereia\/","title":{"rendered":"Cl\u00e1ssicos TodoLivro: Pequena Sereia"},"content":{"rendered":"<div class=\"details-table-wrapper\">\n<p><strong>Cl\u00e1ssicos Todolivro: A Pequena Sereia<\/strong> reconta a emocionante hist\u00f3ria da sereia Ariel, que se apaixona por um pr\u00edncipe humano e faz um pacto com a bruxa do mar. Ela troca sua bela voz por pernas, mas precisa conquistar o amor do pr\u00edncipe em tr\u00eas dias.<\/p>\n<p>Apesar de seus esfor\u00e7os, o pr\u00edncipe acaba se casando com outra, e Ariel tem a chance de voltar ao mar matando-o, mas prefere sacrificar-se. Por sua bondade, ela ganha uma alma imortal e a chance de viver para sempre.<\/p>\n<table class=\"product-details-table\">\n<tbody>\n<tr>\n<td>Autor<\/td>\n<td>Cristina Marques<\/td>\n<\/tr>\n<tr>\n<td>Ilustrador(a)<\/td>\n<td>Belli Studio<\/td>\n<\/tr>\n<tr>\n<td>ISBN<\/td>\n<td>9788537603604<\/td>\n<\/tr>\n<tr>\n<td>Editora<\/td>\n<td>Todolivro<\/td>\n<\/tr>\n<tr>\n<td>N\u00ba de p\u00e1ginas<\/td>\n<td>16<\/td>\n<\/tr>\n<\/tbody>\n<\/table>\n<\/div>\n","protected":false},"excerpt":{"rendered":"<p>Cl\u00e1ssicos Todolivro: A Pequena Sereia reconta a emocionante hist\u00f3ria da sereia Ariel, que se apaixona por um pr\u00edncipe humano e faz um pacto com a bruxa do mar. Ela troca sua bela voz por pernas, mas precisa conquistar o amor<\/p>\n","protected":false},"featured_media":7052,"comment_status":"open","ping_status":"closed","template":"","meta":[],"product_brand":[],"product_cat":[202],"product_tag":[],"class_list":{"0":"post-7053","1":"product","2":"type-product","3":"status-publish","6":"product_cat-fundamental1-1ao3","8":"first","9":"instock","10":"shipping-taxable","11":"purchasable","12":"product-type-simple"},"_links":{"self":[{"href":"https:\/\/educaredigital.online\/loja\/wp-json\/wp\/v2\/product\/7053","targetHints":{"allow":["GET"]}}],"collection":[{"href":"https:\/\/educaredigital.online\/loja\/wp-json\/wp\/v2\/product"}],"about":[{"href":"https:\/\/educaredigital.online\/loja\/wp-json\/wp\/v2\/types\/product"}],"replies":[{"embeddable":true,"href":"https:\/\/educaredigital.online\/loja\/wp-json\/wp\/v2\/comments?post=7053"}],"wp:featuredmedia":[{"embeddable":true,"href":"https:\/\/educaredigital.online\/loja\/wp-json\/wp\/v2\/media\/7052"}],"wp:attachment":[{"href":"https:\/\/educaredigital.online\/loja\/wp-json\/wp\/v2\/media?parent=7053"}],"wp:term":[{"taxonomy":"product_brand","embeddable":true,"href":"https:\/\/educaredigital.online\/loja\/wp-json\/wp\/v2\/product_brand?post=7053"},{"taxonomy":"product_cat","embeddable":true,"href":"https:\/\/educaredigital.online\/loja\/wp-json\/wp\/v2\/product_cat?post=7053"},{"taxonomy":"product_tag","embeddable":true,"href":"https:\/\/educaredigital.online\/loja\/wp-json\/wp\/v2\/product_tag?post=7053"}],"curies":[{"name":"wp","href":"https:\/\/api.w.org\/{rel}","templated":true}]}}