{"id":7009,"date":"2026-04-08T13:51:13","date_gmt":"2026-04-08T13:51:13","guid":{"rendered":"https:\/\/educaredigital.online\/loja\/produto\/aquabook-fazenda\/"},"modified":"2026-04-08T19:36:48","modified_gmt":"2026-04-08T19:36:48","slug":"aquabook-fazenda","status":"publish","type":"product","link":"https:\/\/educaredigital.online\/loja\/produto\/aquabook-fazenda\/","title":{"rendered":"Aquabook: Fazenda"},"content":{"rendered":"<p><strong>O Aquabook: Fazenda<\/strong> \u00e9 um livro interativo que encanta as crian\u00e7as ao revelar desenhos coloridos com uma caneta de \u00e1gua, sem sujeira. Basta preencher a caneta m\u00e1gica e passar sobre as p\u00e1ginas brancas para descobrir vacas, galinhas, porcos e outros animais da fazenda.<\/p>\n<p>Al\u00e9m da divers\u00e3o, o livro ajuda a desenvolver a coordena\u00e7\u00e3o motora, a imagina\u00e7\u00e3o e a criatividade dos pequenos a partir de 3 anos. Depois que seca, as p\u00e1ginas voltam ao normal, e a brincadeira pode recome\u00e7ar quantas vezes quiser.<\/p>\n<div class=\"details-table-wrapper\">\n<table class=\"product-details-table\">\n<tbody>\n<tr>\n<td>Autor<\/td>\n<td>Todolivro<\/td>\n<\/tr>\n<tr>\n<td>ISBN<\/td>\n<td>9786556175676<\/td>\n<\/tr>\n<tr>\n<td>Editora<\/td>\n<td>Todolivro<\/td>\n<\/tr>\n<tr>\n<td>N\u00ba de p\u00e1ginas<\/td>\n<td>10<\/td>\n<\/tr>\n<\/tbody>\n<\/table>\n<\/div>\n","protected":false},"excerpt":{"rendered":"<p>O Aquabook: Fazenda \u00e9 um livro interativo que encanta as crian\u00e7as ao revelar desenhos coloridos com uma caneta de \u00e1gua, sem sujeira. Basta preencher a caneta m\u00e1gica e passar sobre as p\u00e1ginas brancas para descobrir vacas, galinhas, porcos e outros<\/p>\n","protected":false},"featured_media":7008,"comment_status":"open","ping_status":"closed","template":"","meta":[],"product_brand":[],"product_cat":[201],"product_tag":[],"class_list":{"0":"post-7009","1":"product","2":"type-product","3":"status-publish","6":"product_cat-livros-4-e-5-anos","8":"first","9":"instock","10":"shipping-taxable","11":"purchasable","12":"product-type-simple"},"_links":{"self":[{"href":"https:\/\/educaredigital.online\/loja\/wp-json\/wp\/v2\/product\/7009","targetHints":{"allow":["GET"]}}],"collection":[{"href":"https:\/\/educaredigital.online\/loja\/wp-json\/wp\/v2\/product"}],"about":[{"href":"https:\/\/educaredigital.online\/loja\/wp-json\/wp\/v2\/types\/product"}],"replies":[{"embeddable":true,"href":"https:\/\/educaredigital.online\/loja\/wp-json\/wp\/v2\/comments?post=7009"}],"wp:featuredmedia":[{"embeddable":true,"href":"https:\/\/educaredigital.online\/loja\/wp-json\/wp\/v2\/media\/7008"}],"wp:attachment":[{"href":"https:\/\/educaredigital.online\/loja\/wp-json\/wp\/v2\/media?parent=7009"}],"wp:term":[{"taxonomy":"product_brand","embeddable":true,"href":"https:\/\/educaredigital.online\/loja\/wp-json\/wp\/v2\/product_brand?post=7009"},{"taxonomy":"product_cat","embeddable":true,"href":"https:\/\/educaredigital.online\/loja\/wp-json\/wp\/v2\/product_cat?post=7009"},{"taxonomy":"product_tag","embeddable":true,"href":"https:\/\/educaredigital.online\/loja\/wp-json\/wp\/v2\/product_tag?post=7009"}],"curies":[{"name":"wp","href":"https:\/\/api.w.org\/{rel}","templated":true}]}}