{"id":7007,"date":"2026-04-08T13:51:07","date_gmt":"2026-04-08T13:51:07","guid":{"rendered":"https:\/\/educaredigital.online\/loja\/produto\/aquabook-classicos-os-tres-porquinhos\/"},"modified":"2026-04-08T19:34:24","modified_gmt":"2026-04-08T19:34:24","slug":"aquabook-classicos-os-tres-porquinhos","status":"publish","type":"product","link":"https:\/\/educaredigital.online\/loja\/produto\/aquabook-classicos-os-tres-porquinhos\/","title":{"rendered":"Aquabook Cl\u00e1ssicos: Os Tr\u00eas Porquinhos"},"content":{"rendered":"<p><strong>O Aquabook Cl\u00e1ssicos: Os Tr\u00eas Porquinhos<\/strong>, da Todolivro, traz a hist\u00f3ria tradicional de maneira simples e de f\u00e1cil entendimento. Com ilustra\u00e7\u00f5es coloridas e ricas em detalhes, o livro encanta os pequenos leitores.<\/p>\n<p>O grande diferencial \u00e9 a experi\u00eancia interativa: o livro acompanha um pincel para colorir com \u00e1gua, revelando as cores aos poucos. Indicado para crian\u00e7as a partir de 3 anos, proporciona surpresa e encantamento a cada p\u00e1gina.<\/p>\n<div class=\"details-table-wrapper\">\n<table class=\"product-details-table\">\n<tbody>\n<tr>\n<td>ISBN<\/td>\n<td>9788537652589<\/td>\n<\/tr>\n<tr>\n<td>Marca<\/td>\n<td>Brasileitura<\/td>\n<\/tr>\n<\/tbody>\n<\/table>\n<\/div>\n","protected":false},"excerpt":{"rendered":"<p>O Aquabook Cl\u00e1ssicos: Os Tr\u00eas Porquinhos, da Todolivro, traz a hist\u00f3ria tradicional de maneira simples e de f\u00e1cil entendimento. Com ilustra\u00e7\u00f5es coloridas e ricas em detalhes, o livro encanta os pequenos leitores. O grande diferencial \u00e9 a experi\u00eancia interativa: o<\/p>\n","protected":false},"featured_media":7006,"comment_status":"open","ping_status":"closed","template":"","meta":[],"product_brand":[],"product_cat":[201],"product_tag":[],"class_list":{"0":"post-7007","1":"product","2":"type-product","3":"status-publish","6":"product_cat-livros-4-e-5-anos","8":"first","9":"instock","10":"shipping-taxable","11":"purchasable","12":"product-type-simple"},"_links":{"self":[{"href":"https:\/\/educaredigital.online\/loja\/wp-json\/wp\/v2\/product\/7007","targetHints":{"allow":["GET"]}}],"collection":[{"href":"https:\/\/educaredigital.online\/loja\/wp-json\/wp\/v2\/product"}],"about":[{"href":"https:\/\/educaredigital.online\/loja\/wp-json\/wp\/v2\/types\/product"}],"replies":[{"embeddable":true,"href":"https:\/\/educaredigital.online\/loja\/wp-json\/wp\/v2\/comments?post=7007"}],"wp:featuredmedia":[{"embeddable":true,"href":"https:\/\/educaredigital.online\/loja\/wp-json\/wp\/v2\/media\/7006"}],"wp:attachment":[{"href":"https:\/\/educaredigital.online\/loja\/wp-json\/wp\/v2\/media?parent=7007"}],"wp:term":[{"taxonomy":"product_brand","embeddable":true,"href":"https:\/\/educaredigital.online\/loja\/wp-json\/wp\/v2\/product_brand?post=7007"},{"taxonomy":"product_cat","embeddable":true,"href":"https:\/\/educaredigital.online\/loja\/wp-json\/wp\/v2\/product_cat?post=7007"},{"taxonomy":"product_tag","embeddable":true,"href":"https:\/\/educaredigital.online\/loja\/wp-json\/wp\/v2\/product_tag?post=7007"}],"curies":[{"name":"wp","href":"https:\/\/api.w.org\/{rel}","templated":true}]}}