{"id":6343,"date":"2026-04-07T21:02:15","date_gmt":"2026-04-07T21:02:15","guid":{"rendered":"https:\/\/educaredigital.online\/loja\/produto\/one-piece-vol-7\/"},"modified":"2026-04-09T14:39:08","modified_gmt":"2026-04-09T14:39:08","slug":"one-piece-vol-7","status":"publish","type":"product","link":"https:\/\/educaredigital.online\/loja\/produto\/one-piece-vol-7\/","title":{"rendered":"One Piece &#8211; Vol. 7"},"content":{"rendered":"<div class=\"details-table-wrapper\"><strong>One Piece &#8211; Vol. 7<\/strong> d\u00e1 continuidade \u00e0 saga do restaurante flutuante Baratie, onde Luffy e sua tripula\u00e7\u00e3o enfrentam os piratas de Don Krieg . O volume revela o emocionante passado de Sanji e sua d\u00edvida com o chef Zeff, que perdeu uma perna para salv\u00e1-lo durante um naufr\u00e1gio . Enquanto Sanji luta para proteger o restaurante, Luffy encara o poderoso Don Krieg.<\/p>\n<table class=\"product-details-table\">\n<tbody>\n<tr>\n<td>Autor<\/td>\n<td>Eiichiro Oda<\/td>\n<\/tr>\n<tr>\n<td>ISBN<\/td>\n<td>9788573519273<\/td>\n<\/tr>\n<tr>\n<td>Editora<\/td>\n<td>Panini<\/td>\n<\/tr>\n<tr>\n<td>N\u00ba de p\u00e1ginas<\/td>\n<td>192<\/td>\n<\/tr>\n<\/tbody>\n<\/table>\n<\/div>\n","protected":false},"excerpt":{"rendered":"<p>One Piece &#8211; Vol. 7 d\u00e1 continuidade \u00e0 saga do restaurante flutuante Baratie, onde Luffy e sua tripula\u00e7\u00e3o enfrentam os piratas de Don Krieg . O volume revela o emocionante passado de Sanji e sua d\u00edvida com o chef Zeff,<\/p>\n","protected":false},"featured_media":6342,"comment_status":"open","ping_status":"closed","template":"","meta":[],"product_brand":[],"product_cat":[216],"product_tag":[],"class_list":{"0":"post-6343","1":"product","2":"type-product","3":"status-publish","6":"product_cat-gibiteca-livros-projetos","8":"first","9":"instock","10":"shipping-taxable","11":"purchasable","12":"product-type-simple"},"_links":{"self":[{"href":"https:\/\/educaredigital.online\/loja\/wp-json\/wp\/v2\/product\/6343","targetHints":{"allow":["GET"]}}],"collection":[{"href":"https:\/\/educaredigital.online\/loja\/wp-json\/wp\/v2\/product"}],"about":[{"href":"https:\/\/educaredigital.online\/loja\/wp-json\/wp\/v2\/types\/product"}],"replies":[{"embeddable":true,"href":"https:\/\/educaredigital.online\/loja\/wp-json\/wp\/v2\/comments?post=6343"}],"wp:featuredmedia":[{"embeddable":true,"href":"https:\/\/educaredigital.online\/loja\/wp-json\/wp\/v2\/media\/6342"}],"wp:attachment":[{"href":"https:\/\/educaredigital.online\/loja\/wp-json\/wp\/v2\/media?parent=6343"}],"wp:term":[{"taxonomy":"product_brand","embeddable":true,"href":"https:\/\/educaredigital.online\/loja\/wp-json\/wp\/v2\/product_brand?post=6343"},{"taxonomy":"product_cat","embeddable":true,"href":"https:\/\/educaredigital.online\/loja\/wp-json\/wp\/v2\/product_cat?post=6343"},{"taxonomy":"product_tag","embeddable":true,"href":"https:\/\/educaredigital.online\/loja\/wp-json\/wp\/v2\/product_tag?post=6343"}],"curies":[{"name":"wp","href":"https:\/\/api.w.org\/{rel}","templated":true}]}}