{"id":6341,"date":"2026-04-07T21:02:14","date_gmt":"2026-04-07T21:02:14","guid":{"rendered":"https:\/\/educaredigital.online\/loja\/produto\/one-piece-vol-3\/"},"modified":"2026-04-09T14:39:08","modified_gmt":"2026-04-09T14:39:08","slug":"one-piece-vol-3","status":"publish","type":"product","link":"https:\/\/educaredigital.online\/loja\/produto\/one-piece-vol-3\/","title":{"rendered":"One Piece &#8211; Vol. 3"},"content":{"rendered":"<div class=\"details-table-wrapper\"><strong>One Piece &#8211; Vol. 3<\/strong> continua a forma\u00e7\u00e3o da tripula\u00e7\u00e3o de Luffy, com a batalha contra Buggy, o recrutamento de Usopp e a chegada de Sanji. O volume tamb\u00e9m inicia a saga de Arlong, revelando o tr\u00e1gico passado de Nami e a amizade inabal\u00e1vel de Luffy por seus companheiros.<\/p>\n<table class=\"product-details-table\">\n<tbody>\n<tr>\n<td>Autor<\/td>\n<td>Eiichiro Oda<\/td>\n<\/tr>\n<tr>\n<td>ISBN<\/td>\n<td>9788573518931<\/td>\n<\/tr>\n<tr>\n<td>Editora<\/td>\n<td>Panini<\/td>\n<\/tr>\n<tr>\n<td>N\u00ba de p\u00e1ginas<\/td>\n<td>288<\/td>\n<\/tr>\n<\/tbody>\n<\/table>\n<\/div>\n","protected":false},"excerpt":{"rendered":"<p>One Piece &#8211; Vol. 3 continua a forma\u00e7\u00e3o da tripula\u00e7\u00e3o de Luffy, com a batalha contra Buggy, o recrutamento de Usopp e a chegada de Sanji. O volume tamb\u00e9m inicia a saga de Arlong, revelando o tr\u00e1gico passado de Nami<\/p>\n","protected":false},"featured_media":6340,"comment_status":"open","ping_status":"closed","template":"","meta":[],"product_brand":[],"product_cat":[216],"product_tag":[],"class_list":{"0":"post-6341","1":"product","2":"type-product","3":"status-publish","6":"product_cat-gibiteca-livros-projetos","8":"first","9":"instock","10":"shipping-taxable","11":"purchasable","12":"product-type-simple"},"_links":{"self":[{"href":"https:\/\/educaredigital.online\/loja\/wp-json\/wp\/v2\/product\/6341","targetHints":{"allow":["GET"]}}],"collection":[{"href":"https:\/\/educaredigital.online\/loja\/wp-json\/wp\/v2\/product"}],"about":[{"href":"https:\/\/educaredigital.online\/loja\/wp-json\/wp\/v2\/types\/product"}],"replies":[{"embeddable":true,"href":"https:\/\/educaredigital.online\/loja\/wp-json\/wp\/v2\/comments?post=6341"}],"wp:featuredmedia":[{"embeddable":true,"href":"https:\/\/educaredigital.online\/loja\/wp-json\/wp\/v2\/media\/6340"}],"wp:attachment":[{"href":"https:\/\/educaredigital.online\/loja\/wp-json\/wp\/v2\/media?parent=6341"}],"wp:term":[{"taxonomy":"product_brand","embeddable":true,"href":"https:\/\/educaredigital.online\/loja\/wp-json\/wp\/v2\/product_brand?post=6341"},{"taxonomy":"product_cat","embeddable":true,"href":"https:\/\/educaredigital.online\/loja\/wp-json\/wp\/v2\/product_cat?post=6341"},{"taxonomy":"product_tag","embeddable":true,"href":"https:\/\/educaredigital.online\/loja\/wp-json\/wp\/v2\/product_tag?post=6341"}],"curies":[{"name":"wp","href":"https:\/\/api.w.org\/{rel}","templated":true}]}}