{"id":6337,"date":"2026-04-07T21:02:13","date_gmt":"2026-04-07T21:02:13","guid":{"rendered":"https:\/\/educaredigital.online\/loja\/produto\/one-piece-vol-1\/"},"modified":"2026-04-09T14:39:07","modified_gmt":"2026-04-09T14:39:07","slug":"one-piece-vol-1","status":"publish","type":"product","link":"https:\/\/educaredigital.online\/loja\/produto\/one-piece-vol-1\/","title":{"rendered":"One Piece &#8211; Vol. 1"},"content":{"rendered":"<p><strong>One Piece &#8211; Vol. 1<\/strong> d\u00e1 in\u00edcio \u00e0 \u00e9pica jornada de Monkey D. Luffy, um garoto que, ap\u00f3s comer uma fruta do diabo, ganha o poder de esticar o corpo como borracha. Determinado a se tornar o Rei dos Piratas, Luffy parte em busca do lend\u00e1rio tesouro One Piece, reunindo seus primeiros companheiros: Zoro, o ca\u00e7ador de piratas, e o jovem mentiroso Usopp.<\/p>\n<p>Com tra\u00e7os vibrantes e um tom de aventura descontra\u00edda, o volume j\u00e1 apresenta os pilares da s\u00e9rie: amizade, liberdade e sonhos imposs\u00edveis. Uma estreia que conquista pela simplicidade e pela promessa de um mundo imenso a ser explorado.<\/p>\n<div class=\"details-table-wrapper\">\n<table class=\"product-details-table\">\n<tbody>\n<tr>\n<td>Autor<\/td>\n<td>Eiichiro Oda<\/td>\n<\/tr>\n<tr>\n<td>ISBN<\/td>\n<td>9788573516975<\/td>\n<\/tr>\n<tr>\n<td>Editora<\/td>\n<td>Panini<\/td>\n<\/tr>\n<tr>\n<td>N\u00ba de p\u00e1ginas<\/td>\n<td>192<\/td>\n<\/tr>\n<\/tbody>\n<\/table>\n<\/div>\n","protected":false},"excerpt":{"rendered":"<p>One Piece &#8211; Vol. 1 d\u00e1 in\u00edcio \u00e0 \u00e9pica jornada de Monkey D. Luffy, um garoto que, ap\u00f3s comer uma fruta do diabo, ganha o poder de esticar o corpo como borracha. Determinado a se tornar o Rei dos Piratas,<\/p>\n","protected":false},"featured_media":6336,"comment_status":"open","ping_status":"closed","template":"","meta":[],"product_brand":[],"product_cat":[216],"product_tag":[],"class_list":{"0":"post-6337","1":"product","2":"type-product","3":"status-publish","6":"product_cat-gibiteca-livros-projetos","8":"first","9":"instock","10":"shipping-taxable","11":"purchasable","12":"product-type-simple"},"_links":{"self":[{"href":"https:\/\/educaredigital.online\/loja\/wp-json\/wp\/v2\/product\/6337","targetHints":{"allow":["GET"]}}],"collection":[{"href":"https:\/\/educaredigital.online\/loja\/wp-json\/wp\/v2\/product"}],"about":[{"href":"https:\/\/educaredigital.online\/loja\/wp-json\/wp\/v2\/types\/product"}],"replies":[{"embeddable":true,"href":"https:\/\/educaredigital.online\/loja\/wp-json\/wp\/v2\/comments?post=6337"}],"wp:featuredmedia":[{"embeddable":true,"href":"https:\/\/educaredigital.online\/loja\/wp-json\/wp\/v2\/media\/6336"}],"wp:attachment":[{"href":"https:\/\/educaredigital.online\/loja\/wp-json\/wp\/v2\/media?parent=6337"}],"wp:term":[{"taxonomy":"product_brand","embeddable":true,"href":"https:\/\/educaredigital.online\/loja\/wp-json\/wp\/v2\/product_brand?post=6337"},{"taxonomy":"product_cat","embeddable":true,"href":"https:\/\/educaredigital.online\/loja\/wp-json\/wp\/v2\/product_cat?post=6337"},{"taxonomy":"product_tag","embeddable":true,"href":"https:\/\/educaredigital.online\/loja\/wp-json\/wp\/v2\/product_tag?post=6337"}],"curies":[{"name":"wp","href":"https:\/\/api.w.org\/{rel}","templated":true}]}}