{"id":6323,"date":"2026-04-07T21:02:06","date_gmt":"2026-04-07T21:02:06","guid":{"rendered":"https:\/\/educaredigital.online\/loja\/produto\/mulheres-do-secreto\/"},"modified":"2026-04-08T18:40:24","modified_gmt":"2026-04-08T18:40:24","slug":"mulheres-do-secreto","status":"publish","type":"product","link":"https:\/\/educaredigital.online\/loja\/produto\/mulheres-do-secreto\/","title":{"rendered":"Mulheres do Secreto"},"content":{"rendered":"<p><strong>Mulheres do Secreto<\/strong>, de <em>Viviane<\/em> <em>Martinello<\/em>, \u00e9 um chamado para aquelas que desejam construir uma f\u00e9 genu\u00edna, longe dos holofotes e da busca por valida\u00e7\u00e3o externa. Com base em Mateus 6.6, a autora convida a leitora a redescobrir o poder da intimidade com Deus no &#8220;lugar secreto&#8221; \u2014 um espa\u00e7o de ora\u00e7\u00e3o, devo\u00e7\u00e3o e entrega verdadeira, onde o car\u00e1ter de Cristo \u00e9 formado.<\/p>\n<p>Diferente de um devocional di\u00e1rio, esta obra prop\u00f5e uma jornada de transforma\u00e7\u00e3o interior por meio de reflex\u00f5es poderosas e exemplos b\u00edblicos. A pastora Viviane Martinello oferece ferramentas para que a mulher crist\u00e3 encontre prop\u00f3sito e descanso em Deus, aprendendo a levar a adora\u00e7\u00e3o para al\u00e9m do quarto, tornando cada momento \u2014 mesmo os mais simples do cotidiano \u2014 um altar de encontro com o Pai.<\/p>\n<div class=\"details-table-wrapper\">\n<table class=\"product-details-table\">\n<tbody>\n<tr>\n<td>Autor<\/td>\n<td>Viviane Martinello<\/td>\n<\/tr>\n<tr>\n<td>ISBN<\/td>\n<td>9786555847550<\/td>\n<\/tr>\n<tr>\n<td>Editora<\/td>\n<td>Vida<\/td>\n<\/tr>\n<tr>\n<td>N\u00ba de p\u00e1ginas<\/td>\n<td>224<\/td>\n<\/tr>\n<\/tbody>\n<\/table>\n<\/div>\n","protected":false},"excerpt":{"rendered":"<p>Mulheres do Secreto, de Viviane Martinello, \u00e9 um chamado para aquelas que desejam construir uma f\u00e9 genu\u00edna, longe dos holofotes e da busca por valida\u00e7\u00e3o externa. Com base em Mateus 6.6, a autora convida a leitora a redescobrir o poder<\/p>\n","protected":false},"featured_media":6322,"comment_status":"open","ping_status":"closed","template":"","meta":[],"product_brand":[],"product_cat":[215],"product_tag":[],"class_list":{"0":"post-6323","1":"product","2":"type-product","3":"status-publish","6":"product_cat-adulto-18","8":"first","9":"instock","10":"shipping-taxable","11":"purchasable","12":"product-type-simple"},"_links":{"self":[{"href":"https:\/\/educaredigital.online\/loja\/wp-json\/wp\/v2\/product\/6323","targetHints":{"allow":["GET"]}}],"collection":[{"href":"https:\/\/educaredigital.online\/loja\/wp-json\/wp\/v2\/product"}],"about":[{"href":"https:\/\/educaredigital.online\/loja\/wp-json\/wp\/v2\/types\/product"}],"replies":[{"embeddable":true,"href":"https:\/\/educaredigital.online\/loja\/wp-json\/wp\/v2\/comments?post=6323"}],"wp:featuredmedia":[{"embeddable":true,"href":"https:\/\/educaredigital.online\/loja\/wp-json\/wp\/v2\/media\/6322"}],"wp:attachment":[{"href":"https:\/\/educaredigital.online\/loja\/wp-json\/wp\/v2\/media?parent=6323"}],"wp:term":[{"taxonomy":"product_brand","embeddable":true,"href":"https:\/\/educaredigital.online\/loja\/wp-json\/wp\/v2\/product_brand?post=6323"},{"taxonomy":"product_cat","embeddable":true,"href":"https:\/\/educaredigital.online\/loja\/wp-json\/wp\/v2\/product_cat?post=6323"},{"taxonomy":"product_tag","embeddable":true,"href":"https:\/\/educaredigital.online\/loja\/wp-json\/wp\/v2\/product_tag?post=6323"}],"curies":[{"name":"wp","href":"https:\/\/api.w.org\/{rel}","templated":true}]}}