{"id":6299,"date":"2026-04-07T21:01:51","date_gmt":"2026-04-07T21:01:51","guid":{"rendered":"https:\/\/educaredigital.online\/loja\/produto\/toque-e-sinta-sonoro-voce-viu-um-t-rex\/"},"modified":"2026-04-08T18:01:37","modified_gmt":"2026-04-08T18:01:37","slug":"toque-e-sinta-sonoro-voce-viu-um-t-rex","status":"publish","type":"product","link":"https:\/\/educaredigital.online\/loja\/produto\/toque-e-sinta-sonoro-voce-viu-um-t-rex\/","title":{"rendered":"Toque e Sinta Sonoro &#8211; Voc\u00ea Viu um T-rex?"},"content":{"rendered":"<div class=\"details-table-wrapper\">\n<p><strong>Toque e Sinta Sonoro &#8211; Voc\u00ea Viu um T-rex?<\/strong> \u00e9 uma op\u00e7\u00e3o divertida e cheia de est\u00edmulos que combina leitura, toque e som. Com \u00e1reas t\u00e1teis e efeitos sonoros, as crian\u00e7as podem explorar diferentes texturas enquanto ouvem o rugido do T-rex, tornando a experi\u00eancia ainda mais envolvente.<\/p>\n<p>Com linguagem simples e ilustra\u00e7\u00f5es coloridas, o livro estimula a curiosidade, a percep\u00e7\u00e3o sensorial e a coordena\u00e7\u00e3o motora. Ideal para os primeiros anos, \u00e9 uma excelente forma de aprender brincando e transformar a leitura em um momento interativo e cheio de aventura.<\/p>\n<table class=\"product-details-table\">\n<tbody>\n<tr>\n<td>Autor<\/td>\n<td>P\u00e9 da Letra<\/td>\n<\/tr>\n<tr>\n<td>ISBN<\/td>\n<td>9788595202498<\/td>\n<\/tr>\n<tr>\n<td>Editora<\/td>\n<td>P\u00e9 da Letra<\/td>\n<\/tr>\n<tr>\n<td>N\u00ba de p\u00e1ginas<\/td>\n<td>11<\/td>\n<\/tr>\n<\/tbody>\n<\/table>\n<\/div>\n","protected":false},"excerpt":{"rendered":"<p>Toque e Sinta Sonoro &#8211; Voc\u00ea Viu um T-rex? \u00e9 uma op\u00e7\u00e3o divertida e cheia de est\u00edmulos que combina leitura, toque e som. Com \u00e1reas t\u00e1teis e efeitos sonoros, as crian\u00e7as podem explorar diferentes texturas enquanto ouvem o rugido do<\/p>\n","protected":false},"featured_media":6298,"comment_status":"open","ping_status":"closed","template":"","meta":[],"product_brand":[],"product_cat":[201],"product_tag":[],"class_list":{"0":"post-6299","1":"product","2":"type-product","3":"status-publish","6":"product_cat-livros-4-e-5-anos","8":"first","9":"instock","10":"shipping-taxable","11":"purchasable","12":"product-type-simple"},"_links":{"self":[{"href":"https:\/\/educaredigital.online\/loja\/wp-json\/wp\/v2\/product\/6299","targetHints":{"allow":["GET"]}}],"collection":[{"href":"https:\/\/educaredigital.online\/loja\/wp-json\/wp\/v2\/product"}],"about":[{"href":"https:\/\/educaredigital.online\/loja\/wp-json\/wp\/v2\/types\/product"}],"replies":[{"embeddable":true,"href":"https:\/\/educaredigital.online\/loja\/wp-json\/wp\/v2\/comments?post=6299"}],"wp:featuredmedia":[{"embeddable":true,"href":"https:\/\/educaredigital.online\/loja\/wp-json\/wp\/v2\/media\/6298"}],"wp:attachment":[{"href":"https:\/\/educaredigital.online\/loja\/wp-json\/wp\/v2\/media?parent=6299"}],"wp:term":[{"taxonomy":"product_brand","embeddable":true,"href":"https:\/\/educaredigital.online\/loja\/wp-json\/wp\/v2\/product_brand?post=6299"},{"taxonomy":"product_cat","embeddable":true,"href":"https:\/\/educaredigital.online\/loja\/wp-json\/wp\/v2\/product_cat?post=6299"},{"taxonomy":"product_tag","embeddable":true,"href":"https:\/\/educaredigital.online\/loja\/wp-json\/wp\/v2\/product_tag?post=6299"}],"curies":[{"name":"wp","href":"https:\/\/api.w.org\/{rel}","templated":true}]}}