{"id":6295,"date":"2026-04-07T21:01:49","date_gmt":"2026-04-07T21:01:49","guid":{"rendered":"https:\/\/educaredigital.online\/loja\/produto\/toque-e-sinta-sonoro-voce-viu-um-leao\/"},"modified":"2026-04-08T17:59:29","modified_gmt":"2026-04-08T17:59:29","slug":"toque-e-sinta-sonoro-voce-viu-um-leao","status":"publish","type":"product","link":"https:\/\/educaredigital.online\/loja\/produto\/toque-e-sinta-sonoro-voce-viu-um-leao\/","title":{"rendered":"Toque e Sinta Sonoro &#8211; Voc\u00ea Viu um Le\u00e3o?"},"content":{"rendered":"<div class=\"details-table-wrapper\">\n<p><strong>Toque e Sinta Sonoro &#8211; Voc\u00ea Viu um Le\u00e3o?<\/strong> \u00e9 uma experi\u00eancia completa que une leitura, toque e som para encantar os pequenos. Com \u00e1reas t\u00e1teis e recursos sonoros, as crian\u00e7as podem explorar diferentes texturas enquanto ouvem o som do le\u00e3o, tornando a leitura ainda mais envolvente.<\/p>\n<p>Com linguagem simples e ilustra\u00e7\u00f5es coloridas, o livro estimula a curiosidade, a percep\u00e7\u00e3o sensorial e a coordena\u00e7\u00e3o motora. Ideal para os primeiros anos, \u00e9 uma excelente op\u00e7\u00e3o para aprender brincando e transformar a leitura em um momento interativo e cheio de descobertas.<\/p>\n<table class=\"product-details-table\">\n<tbody>\n<tr>\n<td>Autor<\/td>\n<td>P\u00e9 da Letra<\/td>\n<\/tr>\n<tr>\n<td>ISBN<\/td>\n<td>9788595202528<\/td>\n<\/tr>\n<tr>\n<td>Editora<\/td>\n<td>P\u00e9 da Letra<\/td>\n<\/tr>\n<tr>\n<td>N\u00ba de p\u00e1ginas<\/td>\n<td>11<\/td>\n<\/tr>\n<\/tbody>\n<\/table>\n<\/div>\n","protected":false},"excerpt":{"rendered":"<p>Toque e Sinta Sonoro &#8211; Voc\u00ea Viu um Le\u00e3o? \u00e9 uma experi\u00eancia completa que une leitura, toque e som para encantar os pequenos. Com \u00e1reas t\u00e1teis e recursos sonoros, as crian\u00e7as podem explorar diferentes texturas enquanto ouvem o som do<\/p>\n","protected":false},"featured_media":6294,"comment_status":"open","ping_status":"closed","template":"","meta":[],"product_brand":[],"product_cat":[201],"product_tag":[],"class_list":{"0":"post-6295","1":"product","2":"type-product","3":"status-publish","6":"product_cat-livros-4-e-5-anos","8":"first","9":"instock","10":"shipping-taxable","11":"purchasable","12":"product-type-simple"},"_links":{"self":[{"href":"https:\/\/educaredigital.online\/loja\/wp-json\/wp\/v2\/product\/6295","targetHints":{"allow":["GET"]}}],"collection":[{"href":"https:\/\/educaredigital.online\/loja\/wp-json\/wp\/v2\/product"}],"about":[{"href":"https:\/\/educaredigital.online\/loja\/wp-json\/wp\/v2\/types\/product"}],"replies":[{"embeddable":true,"href":"https:\/\/educaredigital.online\/loja\/wp-json\/wp\/v2\/comments?post=6295"}],"wp:featuredmedia":[{"embeddable":true,"href":"https:\/\/educaredigital.online\/loja\/wp-json\/wp\/v2\/media\/6294"}],"wp:attachment":[{"href":"https:\/\/educaredigital.online\/loja\/wp-json\/wp\/v2\/media?parent=6295"}],"wp:term":[{"taxonomy":"product_brand","embeddable":true,"href":"https:\/\/educaredigital.online\/loja\/wp-json\/wp\/v2\/product_brand?post=6295"},{"taxonomy":"product_cat","embeddable":true,"href":"https:\/\/educaredigital.online\/loja\/wp-json\/wp\/v2\/product_cat?post=6295"},{"taxonomy":"product_tag","embeddable":true,"href":"https:\/\/educaredigital.online\/loja\/wp-json\/wp\/v2\/product_tag?post=6295"}],"curies":[{"name":"wp","href":"https:\/\/api.w.org\/{rel}","templated":true}]}}