{"id":6293,"date":"2026-04-07T21:01:48","date_gmt":"2026-04-07T21:01:48","guid":{"rendered":"https:\/\/educaredigital.online\/loja\/produto\/toque-e-sinta-animaizinhos-o-ursinho-bambam\/"},"modified":"2026-04-08T17:54:41","modified_gmt":"2026-04-08T17:54:41","slug":"toque-e-sinta-animaizinhos-o-ursinho-bambam","status":"publish","type":"product","link":"https:\/\/educaredigital.online\/loja\/produto\/toque-e-sinta-animaizinhos-o-ursinho-bambam\/","title":{"rendered":"Toque e Sinta Animaizinhos &#8211; O Ursinho Bambam"},"content":{"rendered":"<p><strong>Toque e Sinta Animaizinhos &#8211; O Ursinho Bambam<\/strong> \u00e9 uma op\u00e7\u00e3o encantadora que transforma a leitura em uma experi\u00eancia interativa e divertida para os pequenos. Com \u00e1reas t\u00e1teis, as crian\u00e7as podem explorar diferentes texturas enquanto acompanham o ursinho Bambam em sua hist\u00f3ria.<\/p>\n<p>Com linguagem simples e ilustra\u00e7\u00f5es coloridas, o livro estimula a curiosidade, a coordena\u00e7\u00e3o motora e o desenvolvimento sensorial. Ideal para os primeiros anos, \u00e9 uma excelente escolha para aprender brincando e tornar o momento da leitura ainda mais especial.<\/p>\n<div class=\"details-table-wrapper\">\n<table class=\"product-details-table\">\n<tbody>\n<tr>\n<td>Autor<\/td>\n<td>P\u00e9 da Letra<\/td>\n<\/tr>\n<tr>\n<td>ISBN<\/td>\n<td>9788595202924<\/td>\n<\/tr>\n<tr>\n<td>Editora<\/td>\n<td>P\u00e9 da Letra<\/td>\n<\/tr>\n<tr>\n<td>N\u00ba de p\u00e1ginas<\/td>\n<td>8<\/td>\n<\/tr>\n<\/tbody>\n<\/table>\n<\/div>\n","protected":false},"excerpt":{"rendered":"<p>Toque e Sinta Animaizinhos &#8211; O Ursinho Bambam \u00e9 uma op\u00e7\u00e3o encantadora que transforma a leitura em uma experi\u00eancia interativa e divertida para os pequenos. Com \u00e1reas t\u00e1teis, as crian\u00e7as podem explorar diferentes texturas enquanto acompanham o ursinho Bambam em<\/p>\n","protected":false},"featured_media":6292,"comment_status":"open","ping_status":"closed","template":"","meta":[],"product_brand":[],"product_cat":[200],"product_tag":[],"class_list":{"0":"post-6293","1":"product","2":"type-product","3":"status-publish","6":"product_cat-0-a-3-anos","8":"first","9":"instock","10":"shipping-taxable","11":"purchasable","12":"product-type-simple"},"_links":{"self":[{"href":"https:\/\/educaredigital.online\/loja\/wp-json\/wp\/v2\/product\/6293","targetHints":{"allow":["GET"]}}],"collection":[{"href":"https:\/\/educaredigital.online\/loja\/wp-json\/wp\/v2\/product"}],"about":[{"href":"https:\/\/educaredigital.online\/loja\/wp-json\/wp\/v2\/types\/product"}],"replies":[{"embeddable":true,"href":"https:\/\/educaredigital.online\/loja\/wp-json\/wp\/v2\/comments?post=6293"}],"wp:featuredmedia":[{"embeddable":true,"href":"https:\/\/educaredigital.online\/loja\/wp-json\/wp\/v2\/media\/6292"}],"wp:attachment":[{"href":"https:\/\/educaredigital.online\/loja\/wp-json\/wp\/v2\/media?parent=6293"}],"wp:term":[{"taxonomy":"product_brand","embeddable":true,"href":"https:\/\/educaredigital.online\/loja\/wp-json\/wp\/v2\/product_brand?post=6293"},{"taxonomy":"product_cat","embeddable":true,"href":"https:\/\/educaredigital.online\/loja\/wp-json\/wp\/v2\/product_cat?post=6293"},{"taxonomy":"product_tag","embeddable":true,"href":"https:\/\/educaredigital.online\/loja\/wp-json\/wp\/v2\/product_tag?post=6293"}],"curies":[{"name":"wp","href":"https:\/\/api.w.org\/{rel}","templated":true}]}}