{"id":6255,"date":"2026-04-07T21:01:14","date_gmt":"2026-04-07T21:01:14","guid":{"rendered":"https:\/\/educaredigital.online\/loja\/produto\/quem-e-o-culpado-misterios\/"},"modified":"2026-04-09T14:33:36","modified_gmt":"2026-04-09T14:33:36","slug":"quem-e-o-culpado-misterios","status":"publish","type":"product","link":"https:\/\/educaredigital.online\/loja\/produto\/quem-e-o-culpado-misterios\/","title":{"rendered":"Quem \u00e9 o Culpado? Mist\u00e9rios"},"content":{"rendered":"<p><strong>Quem \u00e9 o Culpado? Mist\u00e9rios<\/strong> \u00e9 uma leitura envolvente que desafia o leitor a resolver enigmas e descobrir quem est\u00e1 por tr\u00e1s de diferentes situa\u00e7\u00f5es misteriosas. Com hist\u00f3rias curtas e cheias de pistas, a obra estimula o racioc\u00ednio l\u00f3gico e a aten\u00e7\u00e3o aos detalhes.<\/p>\n<p>Com uma proposta interativa, o leitor participa ativamente das investiga\u00e7\u00f5es, analisando informa\u00e7\u00f5es para chegar \u00e0s respostas. Ideal para crian\u00e7as e jovens, \u00e9 uma excelente op\u00e7\u00e3o para desenvolver o pensamento cr\u00edtico de forma divertida e estimulante.<\/p>\n<div class=\"details-table-wrapper\">\n<table class=\"product-details-table\">\n<tbody>\n<tr>\n<td>Autor<\/td>\n<td>Tim Dedopulos<\/td>\n<\/tr>\n<tr>\n<td>ISBN<\/td>\n<td>9786558881247<\/td>\n<\/tr>\n<tr>\n<td>Editora<\/td>\n<td>P\u00e9 da Letra<\/td>\n<\/tr>\n<tr>\n<td>N\u00ba de p\u00e1ginas<\/td>\n<td>304<\/td>\n<\/tr>\n<\/tbody>\n<\/table>\n<\/div>\n","protected":false},"excerpt":{"rendered":"<p>Quem \u00e9 o Culpado? Mist\u00e9rios \u00e9 uma leitura envolvente que desafia o leitor a resolver enigmas e descobrir quem est\u00e1 por tr\u00e1s de diferentes situa\u00e7\u00f5es misteriosas. Com hist\u00f3rias curtas e cheias de pistas, a obra estimula o racioc\u00ednio l\u00f3gico e<\/p>\n","protected":false},"featured_media":6254,"comment_status":"open","ping_status":"closed","template":"","meta":[],"product_brand":[],"product_cat":[206],"product_tag":[],"class_list":{"0":"post-6255","1":"product","2":"type-product","3":"status-publish","6":"product_cat-fundamental-2-6o-ao-9o","8":"first","9":"instock","10":"shipping-taxable","11":"purchasable","12":"product-type-simple"},"_links":{"self":[{"href":"https:\/\/educaredigital.online\/loja\/wp-json\/wp\/v2\/product\/6255","targetHints":{"allow":["GET"]}}],"collection":[{"href":"https:\/\/educaredigital.online\/loja\/wp-json\/wp\/v2\/product"}],"about":[{"href":"https:\/\/educaredigital.online\/loja\/wp-json\/wp\/v2\/types\/product"}],"replies":[{"embeddable":true,"href":"https:\/\/educaredigital.online\/loja\/wp-json\/wp\/v2\/comments?post=6255"}],"wp:featuredmedia":[{"embeddable":true,"href":"https:\/\/educaredigital.online\/loja\/wp-json\/wp\/v2\/media\/6254"}],"wp:attachment":[{"href":"https:\/\/educaredigital.online\/loja\/wp-json\/wp\/v2\/media?parent=6255"}],"wp:term":[{"taxonomy":"product_brand","embeddable":true,"href":"https:\/\/educaredigital.online\/loja\/wp-json\/wp\/v2\/product_brand?post=6255"},{"taxonomy":"product_cat","embeddable":true,"href":"https:\/\/educaredigital.online\/loja\/wp-json\/wp\/v2\/product_cat?post=6255"},{"taxonomy":"product_tag","embeddable":true,"href":"https:\/\/educaredigital.online\/loja\/wp-json\/wp\/v2\/product_tag?post=6255"}],"curies":[{"name":"wp","href":"https:\/\/api.w.org\/{rel}","templated":true}]}}