{"id":6249,"date":"2026-04-07T21:01:10","date_gmt":"2026-04-07T21:01:10","guid":{"rendered":"https:\/\/educaredigital.online\/loja\/produto\/pop-up-quando-me-sinto-feliz\/"},"modified":"2026-04-08T14:48:39","modified_gmt":"2026-04-08T14:48:39","slug":"pop-up-quando-me-sinto-feliz","status":"publish","type":"product","link":"https:\/\/educaredigital.online\/loja\/produto\/pop-up-quando-me-sinto-feliz\/","title":{"rendered":"Pop-up: Quando Me Sinto &#8211; Feliz"},"content":{"rendered":"<p><strong>Pop-up: Quando Me Sinto &#8211; Feliz<\/strong> \u00e9 uma obra encantadora que celebra o sentimento de felicidade de forma leve e envolvente. Com elementos pop-up, as p\u00e1ginas ganham movimento, tornando a leitura mais din\u00e2mica e divertida para as crian\u00e7as.<\/p>\n<p>A narrativa apresenta situa\u00e7\u00f5es do dia a dia que despertam alegria, ajudando os pequenos a reconhecerem e valorizarem esse sentimento. Com linguagem simples e ilustra\u00e7\u00f5es coloridas, o livro estimula a intelig\u00eancia emocional, a imagina\u00e7\u00e3o e o v\u00ednculo afetivo de forma l\u00fadica e interativa.<\/p>\n<div class=\"details-table-wrapper\">\n<table class=\"product-details-table\">\n<tbody>\n<tr>\n<td>Autor<\/td>\n<td>James Misse<\/td>\n<\/tr>\n<tr>\n<td>ISBN<\/td>\n<td>9786558885641<\/td>\n<\/tr>\n<tr>\n<td>Editora<\/td>\n<td>P\u00e9 da Letra<\/td>\n<\/tr>\n<tr>\n<td>N\u00ba de p\u00e1ginas<\/td>\n<td>10<\/td>\n<\/tr>\n<\/tbody>\n<\/table>\n<\/div>\n","protected":false},"excerpt":{"rendered":"<p>Pop-up: Quando Me Sinto &#8211; Feliz \u00e9 uma obra encantadora que celebra o sentimento de felicidade de forma leve e envolvente. Com elementos pop-up, as p\u00e1ginas ganham movimento, tornando a leitura mais din\u00e2mica e divertida para as crian\u00e7as. A narrativa<\/p>\n","protected":false},"featured_media":6248,"comment_status":"open","ping_status":"closed","template":"","meta":[],"product_brand":[],"product_cat":[201],"product_tag":[],"class_list":{"0":"post-6249","1":"product","2":"type-product","3":"status-publish","6":"product_cat-livros-4-e-5-anos","8":"first","9":"instock","10":"shipping-taxable","11":"purchasable","12":"product-type-simple"},"_links":{"self":[{"href":"https:\/\/educaredigital.online\/loja\/wp-json\/wp\/v2\/product\/6249","targetHints":{"allow":["GET"]}}],"collection":[{"href":"https:\/\/educaredigital.online\/loja\/wp-json\/wp\/v2\/product"}],"about":[{"href":"https:\/\/educaredigital.online\/loja\/wp-json\/wp\/v2\/types\/product"}],"replies":[{"embeddable":true,"href":"https:\/\/educaredigital.online\/loja\/wp-json\/wp\/v2\/comments?post=6249"}],"wp:featuredmedia":[{"embeddable":true,"href":"https:\/\/educaredigital.online\/loja\/wp-json\/wp\/v2\/media\/6248"}],"wp:attachment":[{"href":"https:\/\/educaredigital.online\/loja\/wp-json\/wp\/v2\/media?parent=6249"}],"wp:term":[{"taxonomy":"product_brand","embeddable":true,"href":"https:\/\/educaredigital.online\/loja\/wp-json\/wp\/v2\/product_brand?post=6249"},{"taxonomy":"product_cat","embeddable":true,"href":"https:\/\/educaredigital.online\/loja\/wp-json\/wp\/v2\/product_cat?post=6249"},{"taxonomy":"product_tag","embeddable":true,"href":"https:\/\/educaredigital.online\/loja\/wp-json\/wp\/v2\/product_tag?post=6249"}],"curies":[{"name":"wp","href":"https:\/\/api.w.org\/{rel}","templated":true}]}}