{"id":6113,"date":"2026-04-01T12:26:25","date_gmt":"2026-04-01T12:26:25","guid":{"rendered":"https:\/\/educaredigital.online\/loja\/produto\/cientistas-que-ousaram-ser-diferentes\/"},"modified":"2026-04-09T14:17:19","modified_gmt":"2026-04-09T14:17:19","slug":"cientistas-que-ousaram-ser-diferentes","status":"publish","type":"product","link":"https:\/\/educaredigital.online\/loja\/produto\/cientistas-que-ousaram-ser-diferentes\/","title":{"rendered":"Cientistas Que Ousaram Ser Diferentes"},"content":{"rendered":"<p><strong>Cientistas que Ousaram Ser Diferentes<\/strong> apresenta hist\u00f3rias inspiradoras de cientistas que desafiaram ideias tradicionais e contribu\u00edram de forma significativa para o avan\u00e7o do conhecimento.<\/p>\n<p>A obra destaca trajet\u00f3rias marcadas por curiosidade, coragem e pensamento inovador, mostrando como grandes descobertas muitas vezes surgem de pessoas que ousaram pensar diferente. Com linguagem acess\u00edvel, \u00e9 uma excelente op\u00e7\u00e3o para despertar o interesse pela ci\u00eancia, estimular o pensamento cr\u00edtico e inspirar leitores de todas as idades.<\/p>\n<div class=\"details-table-wrapper\">\n<table class=\"product-details-table\">\n<tbody>\n<tr>\n<td>Autor<\/td>\n<td>Emily Holland<\/td>\n<\/tr>\n<tr>\n<td>ISBN<\/td>\n<td>9786558886839<\/td>\n<\/tr>\n<tr>\n<td>Editora<\/td>\n<td>P\u00e9 da Letra<\/td>\n<\/tr>\n<tr>\n<td>N\u00ba de p\u00e1ginas<\/td>\n<td>128<\/td>\n<\/tr>\n<\/tbody>\n<\/table>\n<\/div>\n","protected":false},"excerpt":{"rendered":"<p>Cientistas que Ousaram Ser Diferentes apresenta hist\u00f3rias inspiradoras de cientistas que desafiaram ideias tradicionais e contribu\u00edram de forma significativa para o avan\u00e7o do conhecimento. A obra destaca trajet\u00f3rias marcadas por curiosidade, coragem e pensamento inovador, mostrando como grandes descobertas muitas<\/p>\n","protected":false},"featured_media":6112,"comment_status":"open","ping_status":"closed","template":"","meta":[],"product_brand":[],"product_cat":[205],"product_tag":[],"class_list":{"0":"post-6113","1":"product","2":"type-product","3":"status-publish","6":"product_cat-fundamental-4-ao-5","8":"first","9":"instock","10":"shipping-taxable","11":"purchasable","12":"product-type-simple"},"_links":{"self":[{"href":"https:\/\/educaredigital.online\/loja\/wp-json\/wp\/v2\/product\/6113","targetHints":{"allow":["GET"]}}],"collection":[{"href":"https:\/\/educaredigital.online\/loja\/wp-json\/wp\/v2\/product"}],"about":[{"href":"https:\/\/educaredigital.online\/loja\/wp-json\/wp\/v2\/types\/product"}],"replies":[{"embeddable":true,"href":"https:\/\/educaredigital.online\/loja\/wp-json\/wp\/v2\/comments?post=6113"}],"wp:featuredmedia":[{"embeddable":true,"href":"https:\/\/educaredigital.online\/loja\/wp-json\/wp\/v2\/media\/6112"}],"wp:attachment":[{"href":"https:\/\/educaredigital.online\/loja\/wp-json\/wp\/v2\/media?parent=6113"}],"wp:term":[{"taxonomy":"product_brand","embeddable":true,"href":"https:\/\/educaredigital.online\/loja\/wp-json\/wp\/v2\/product_brand?post=6113"},{"taxonomy":"product_cat","embeddable":true,"href":"https:\/\/educaredigital.online\/loja\/wp-json\/wp\/v2\/product_cat?post=6113"},{"taxonomy":"product_tag","embeddable":true,"href":"https:\/\/educaredigital.online\/loja\/wp-json\/wp\/v2\/product_tag?post=6113"}],"curies":[{"name":"wp","href":"https:\/\/api.w.org\/{rel}","templated":true}]}}