{"id":6091,"date":"2026-04-01T12:26:03","date_gmt":"2026-04-01T12:26:03","guid":{"rendered":"https:\/\/educaredigital.online\/loja\/produto\/oracoes-dos-pequeninos\/"},"modified":"2026-04-07T13:41:50","modified_gmt":"2026-04-07T13:41:50","slug":"oracoes-dos-pequeninos","status":"publish","type":"product","link":"https:\/\/educaredigital.online\/loja\/produto\/oracoes-dos-pequeninos\/","title":{"rendered":"Orac\u00f5es dos Pequeninos"},"content":{"rendered":"<p><strong>Ora\u00e7\u00f5es dos Pequeninos<\/strong> \u00e9 uma obra delicada que apresenta ora\u00e7\u00f5es simples e acess\u00edveis para o p\u00fablico infantil. Com textos curtos e linguagem f\u00e1cil de compreender, ajuda as crian\u00e7as a desenvolverem sua espiritualidade de forma leve e acolhedora.<\/p>\n<p>Com ilustra\u00e7\u00f5es suaves e conte\u00fado inspirador, o livro incentiva valores como f\u00e9, gratid\u00e3o e amor ao pr\u00f3ximo. Ideal para momentos em fam\u00edlia, \u00e9 uma excelente op\u00e7\u00e3o para introduzir o h\u00e1bito da ora\u00e7\u00e3o desde cedo de maneira carinhosa e significativa.<\/p>\n<div class=\"details-table-wrapper\">\n<table class=\"product-details-table\">\n<tbody>\n<tr>\n<td>Autor<\/td>\n<td>P\u00e9 da Letra<\/td>\n<\/tr>\n<tr>\n<td>ISBN<\/td>\n<td>9788595201699<\/td>\n<\/tr>\n<tr>\n<td>Editora<\/td>\n<td>P\u00e9 da letra<\/td>\n<\/tr>\n<tr>\n<td>N\u00ba de p\u00e1ginas<\/td>\n<td>21<\/td>\n<\/tr>\n<\/tbody>\n<\/table>\n<\/div>\n","protected":false},"excerpt":{"rendered":"<p>Ora\u00e7\u00f5es dos Pequeninos \u00e9 uma obra delicada que apresenta ora\u00e7\u00f5es simples e acess\u00edveis para o p\u00fablico infantil. Com textos curtos e linguagem f\u00e1cil de compreender, ajuda as crian\u00e7as a desenvolverem sua espiritualidade de forma leve e acolhedora. Com ilustra\u00e7\u00f5es suaves<\/p>\n","protected":false},"featured_media":6090,"comment_status":"open","ping_status":"closed","template":"","meta":[],"product_brand":[],"product_cat":[201],"product_tag":[],"class_list":{"0":"post-6091","1":"product","2":"type-product","3":"status-publish","6":"product_cat-livros-4-e-5-anos","8":"first","9":"instock","10":"shipping-taxable","11":"purchasable","12":"product-type-simple"},"_links":{"self":[{"href":"https:\/\/educaredigital.online\/loja\/wp-json\/wp\/v2\/product\/6091","targetHints":{"allow":["GET"]}}],"collection":[{"href":"https:\/\/educaredigital.online\/loja\/wp-json\/wp\/v2\/product"}],"about":[{"href":"https:\/\/educaredigital.online\/loja\/wp-json\/wp\/v2\/types\/product"}],"replies":[{"embeddable":true,"href":"https:\/\/educaredigital.online\/loja\/wp-json\/wp\/v2\/comments?post=6091"}],"wp:featuredmedia":[{"embeddable":true,"href":"https:\/\/educaredigital.online\/loja\/wp-json\/wp\/v2\/media\/6090"}],"wp:attachment":[{"href":"https:\/\/educaredigital.online\/loja\/wp-json\/wp\/v2\/media?parent=6091"}],"wp:term":[{"taxonomy":"product_brand","embeddable":true,"href":"https:\/\/educaredigital.online\/loja\/wp-json\/wp\/v2\/product_brand?post=6091"},{"taxonomy":"product_cat","embeddable":true,"href":"https:\/\/educaredigital.online\/loja\/wp-json\/wp\/v2\/product_cat?post=6091"},{"taxonomy":"product_tag","embeddable":true,"href":"https:\/\/educaredigital.online\/loja\/wp-json\/wp\/v2\/product_tag?post=6091"}],"curies":[{"name":"wp","href":"https:\/\/api.w.org\/{rel}","templated":true}]}}