{"id":6049,"date":"2026-04-01T12:25:12","date_gmt":"2026-04-01T12:25:12","guid":{"rendered":"https:\/\/educaredigital.online\/loja\/produto\/monteiro-lobato-tia-nastacia-e-a-sardinha\/"},"modified":"2026-04-09T15:04:26","modified_gmt":"2026-04-09T15:04:26","slug":"monteiro-lobato-tia-nastacia-e-a-sardinha","status":"publish","type":"product","link":"https:\/\/educaredigital.online\/loja\/produto\/monteiro-lobato-tia-nastacia-e-a-sardinha\/","title":{"rendered":"Monteiro Lobato &#8211; Tia Nastacia e a Sardinha"},"content":{"rendered":"<div class=\"details-table-wrapper\">\n<p><strong>Tia Nast\u00e1cia e a Sardinha,<\/strong> de Monteiro Lobato, \u00e9 um conto divertido que faz parte das Reina\u00e7\u00f5es de Narizinho. A hist\u00f3ria apresenta Miss Sardine, uma sardinha norte-americana da corte do Pr\u00edncipe Escamado que, durante a visita da comitiva ao S\u00edtio do Picapau Amarelo, faz amizade com a cozinheira Tia Nast\u00e1cia . Muito curiosa e desembara\u00e7ada, a sardinha resolve explorar a cozinha, experimenta sal, a\u00e7\u00facar e acaba mergulhando dentro do vidro de pimenta-do-reino, ardendo os olhos e precisando ser socorrida.<\/p>\n<p>Com muito humor e situa\u00e7\u00f5es inusitadas, o livro mostra o encontro entre o mundo m\u00e1gico do Reino das \u00c1guas Claras e o cotidiano do s\u00edtio, al\u00e9m de revelar o lado acolhedor e divertido de Tia Nast\u00e1cia . Uma leitura leve e encantadora que destaca a import\u00e2ncia da amizade entre personagens t\u00e3o diferentes.<\/p>\n<table class=\"product-details-table\">\n<tbody>\n<tr>\n<td>Autor<\/td>\n<td>Monteiro Lobato<\/td>\n<\/tr>\n<tr>\n<td>ISBN<\/td>\n<td>9788595201484<\/td>\n<\/tr>\n<tr>\n<td>Editora<\/td>\n<td>P\u00e9 da Letra<\/td>\n<\/tr>\n<tr>\n<td>N\u00ba de p\u00e1ginas<\/td>\n<td>16<\/td>\n<\/tr>\n<\/tbody>\n<\/table>\n<\/div>\n","protected":false},"excerpt":{"rendered":"<p>Tia Nast\u00e1cia e a Sardinha, de Monteiro Lobato, \u00e9 um conto divertido que faz parte das Reina\u00e7\u00f5es de Narizinho. A hist\u00f3ria apresenta Miss Sardine, uma sardinha norte-americana da corte do Pr\u00edncipe Escamado que, durante a visita da comitiva ao S\u00edtio<\/p>\n","protected":false},"featured_media":6048,"comment_status":"open","ping_status":"closed","template":"","meta":[],"product_brand":[],"product_cat":[202],"product_tag":[],"class_list":{"0":"post-6049","1":"product","2":"type-product","3":"status-publish","6":"product_cat-fundamental1-1ao3","8":"first","9":"instock","10":"shipping-taxable","11":"purchasable","12":"product-type-simple"},"_links":{"self":[{"href":"https:\/\/educaredigital.online\/loja\/wp-json\/wp\/v2\/product\/6049","targetHints":{"allow":["GET"]}}],"collection":[{"href":"https:\/\/educaredigital.online\/loja\/wp-json\/wp\/v2\/product"}],"about":[{"href":"https:\/\/educaredigital.online\/loja\/wp-json\/wp\/v2\/types\/product"}],"replies":[{"embeddable":true,"href":"https:\/\/educaredigital.online\/loja\/wp-json\/wp\/v2\/comments?post=6049"}],"wp:featuredmedia":[{"embeddable":true,"href":"https:\/\/educaredigital.online\/loja\/wp-json\/wp\/v2\/media\/6048"}],"wp:attachment":[{"href":"https:\/\/educaredigital.online\/loja\/wp-json\/wp\/v2\/media?parent=6049"}],"wp:term":[{"taxonomy":"product_brand","embeddable":true,"href":"https:\/\/educaredigital.online\/loja\/wp-json\/wp\/v2\/product_brand?post=6049"},{"taxonomy":"product_cat","embeddable":true,"href":"https:\/\/educaredigital.online\/loja\/wp-json\/wp\/v2\/product_cat?post=6049"},{"taxonomy":"product_tag","embeddable":true,"href":"https:\/\/educaredigital.online\/loja\/wp-json\/wp\/v2\/product_tag?post=6049"}],"curies":[{"name":"wp","href":"https:\/\/api.w.org\/{rel}","templated":true}]}}