{"id":6028,"date":"2026-04-01T12:24:44","date_gmt":"2026-04-01T12:24:44","guid":{"rendered":"https:\/\/educaredigital.online\/loja\/produto\/meu-primeiro-livro-de-numeros\/"},"modified":"2026-04-02T12:16:28","modified_gmt":"2026-04-02T12:16:28","slug":"meu-primeiro-livro-de-numeros","status":"publish","type":"product","link":"https:\/\/educaredigital.online\/loja\/produto\/meu-primeiro-livro-de-numeros\/","title":{"rendered":"Meu Primeiro Livro de N\u00fameros"},"content":{"rendered":"<div class=\"details-table-wrapper\">\n<p><strong>Meu Primeiro Livro de N\u00fameros<\/strong> \u00e9 uma introdu\u00e7\u00e3o divertida e colorida ao universo dos n\u00fameros para os pequenos leitores. Com ilustra\u00e7\u00f5es encantadoras e linguagem simples, a obra apresenta os n\u00fameros de 1 a 10 associados a quantidades do cotidiano \u2014 como dedos, brinquedos e frutas \u2014 tornando o aprendizado visual, pr\u00e1tico e cheio de descobertas.<\/p>\n<p>Perfeito para os primeiros anos, o livro estimula o racioc\u00ednio l\u00f3gico, a contagem e a curiosidade de forma l\u00fadica, mostrando que aprender a contar pode ser uma aventura alegre e encantadora a cada p\u00e1gina virada.<\/p>\n<table class=\"product-details-table\">\n<tbody>\n<tr>\n<td>Autor<\/td>\n<td>P\u00e9 da Letra<\/td>\n<\/tr>\n<tr>\n<td>ISBN<\/td>\n<td>9788595201644<\/td>\n<\/tr>\n<tr>\n<td>Editora<\/td>\n<td>P\u00e9 da Letra<\/td>\n<\/tr>\n<tr>\n<td>N\u00ba de p\u00e1ginas<\/td>\n<td>8<\/td>\n<\/tr>\n<\/tbody>\n<\/table>\n<\/div>\n","protected":false},"excerpt":{"rendered":"<p>Meu Primeiro Livro de N\u00fameros \u00e9 uma introdu\u00e7\u00e3o divertida e colorida ao universo dos n\u00fameros para os pequenos leitores. Com ilustra\u00e7\u00f5es encantadoras e linguagem simples, a obra apresenta os n\u00fameros de 1 a 10 associados a quantidades do cotidiano \u2014<\/p>\n","protected":false},"featured_media":6027,"comment_status":"open","ping_status":"closed","template":"","meta":[],"product_brand":[],"product_cat":[200],"product_tag":[],"class_list":{"0":"post-6028","1":"product","2":"type-product","3":"status-publish","6":"product_cat-0-a-3-anos","8":"first","9":"instock","10":"shipping-taxable","11":"purchasable","12":"product-type-simple"},"_links":{"self":[{"href":"https:\/\/educaredigital.online\/loja\/wp-json\/wp\/v2\/product\/6028","targetHints":{"allow":["GET"]}}],"collection":[{"href":"https:\/\/educaredigital.online\/loja\/wp-json\/wp\/v2\/product"}],"about":[{"href":"https:\/\/educaredigital.online\/loja\/wp-json\/wp\/v2\/types\/product"}],"replies":[{"embeddable":true,"href":"https:\/\/educaredigital.online\/loja\/wp-json\/wp\/v2\/comments?post=6028"}],"wp:featuredmedia":[{"embeddable":true,"href":"https:\/\/educaredigital.online\/loja\/wp-json\/wp\/v2\/media\/6027"}],"wp:attachment":[{"href":"https:\/\/educaredigital.online\/loja\/wp-json\/wp\/v2\/media?parent=6028"}],"wp:term":[{"taxonomy":"product_brand","embeddable":true,"href":"https:\/\/educaredigital.online\/loja\/wp-json\/wp\/v2\/product_brand?post=6028"},{"taxonomy":"product_cat","embeddable":true,"href":"https:\/\/educaredigital.online\/loja\/wp-json\/wp\/v2\/product_cat?post=6028"},{"taxonomy":"product_tag","embeddable":true,"href":"https:\/\/educaredigital.online\/loja\/wp-json\/wp\/v2\/product_tag?post=6028"}],"curies":[{"name":"wp","href":"https:\/\/api.w.org\/{rel}","templated":true}]}}