{"id":6020,"date":"2026-04-01T12:24:34","date_gmt":"2026-04-01T12:24:34","guid":{"rendered":"https:\/\/educaredigital.online\/loja\/produto\/meu-primeiro-livro-profisoes\/"},"modified":"2026-04-02T12:07:05","modified_gmt":"2026-04-02T12:07:05","slug":"meu-primeiro-livro-profisoes","status":"publish","type":"product","link":"https:\/\/educaredigital.online\/loja\/produto\/meu-primeiro-livro-profisoes\/","title":{"rendered":"Meu Primeiro Livro: Profiss\u00f5es"},"content":{"rendered":"<p><strong>Meu Primeiro Livro: Profiss\u00f5es<\/strong> \u00e9 uma introdu\u00e7\u00e3o encantadora ao mundo do trabalho para os pequenos leitores. Com ilustra\u00e7\u00f5es coloridas e linguagem simples, a obra apresenta diversas ocupa\u00e7\u00f5es \u2014 de bombeiro a professor, de m\u00e9dico a astronauta \u2014 despertando a curiosidade sobre o que os adultos fazem e inspirando sonhos para o futuro.<\/p>\n<p>Perfeito para os primeiros anos, o livro ajuda a ampliar o vocabul\u00e1rio e a compreens\u00e3o do mundo ao redor, mostrando que toda profiss\u00e3o \u00e9 importante e que cada crian\u00e7a pode ser o que quiser quando crescer.<\/p>\n<div class=\"details-table-wrapper\">\n<table class=\"product-details-table\">\n<tbody>\n<tr>\n<td>Autor<\/td>\n<td>P\u00e9 da Letra<\/td>\n<\/tr>\n<tr>\n<td>ISBN<\/td>\n<td>9786586181159<\/td>\n<\/tr>\n<tr>\n<td>Editora<\/td>\n<td>P\u00e9 da Letra<\/td>\n<\/tr>\n<tr>\n<td>N\u00ba de p\u00e1ginas<\/td>\n<td>16<\/td>\n<\/tr>\n<\/tbody>\n<\/table>\n<\/div>\n","protected":false},"excerpt":{"rendered":"<p>Meu Primeiro Livro: Profiss\u00f5es \u00e9 uma introdu\u00e7\u00e3o encantadora ao mundo do trabalho para os pequenos leitores. Com ilustra\u00e7\u00f5es coloridas e linguagem simples, a obra apresenta diversas ocupa\u00e7\u00f5es \u2014 de bombeiro a professor, de m\u00e9dico a astronauta \u2014 despertando a curiosidade<\/p>\n","protected":false},"featured_media":6019,"comment_status":"open","ping_status":"closed","template":"","meta":[],"product_brand":[],"product_cat":[200],"product_tag":[],"class_list":{"0":"post-6020","1":"product","2":"type-product","3":"status-publish","6":"product_cat-0-a-3-anos","8":"first","9":"instock","10":"shipping-taxable","11":"purchasable","12":"product-type-simple"},"_links":{"self":[{"href":"https:\/\/educaredigital.online\/loja\/wp-json\/wp\/v2\/product\/6020","targetHints":{"allow":["GET"]}}],"collection":[{"href":"https:\/\/educaredigital.online\/loja\/wp-json\/wp\/v2\/product"}],"about":[{"href":"https:\/\/educaredigital.online\/loja\/wp-json\/wp\/v2\/types\/product"}],"replies":[{"embeddable":true,"href":"https:\/\/educaredigital.online\/loja\/wp-json\/wp\/v2\/comments?post=6020"}],"wp:featuredmedia":[{"embeddable":true,"href":"https:\/\/educaredigital.online\/loja\/wp-json\/wp\/v2\/media\/6019"}],"wp:attachment":[{"href":"https:\/\/educaredigital.online\/loja\/wp-json\/wp\/v2\/media?parent=6020"}],"wp:term":[{"taxonomy":"product_brand","embeddable":true,"href":"https:\/\/educaredigital.online\/loja\/wp-json\/wp\/v2\/product_brand?post=6020"},{"taxonomy":"product_cat","embeddable":true,"href":"https:\/\/educaredigital.online\/loja\/wp-json\/wp\/v2\/product_cat?post=6020"},{"taxonomy":"product_tag","embeddable":true,"href":"https:\/\/educaredigital.online\/loja\/wp-json\/wp\/v2\/product_tag?post=6020"}],"curies":[{"name":"wp","href":"https:\/\/api.w.org\/{rel}","templated":true}]}}