{"id":6018,"date":"2026-04-01T12:24:32","date_gmt":"2026-04-01T12:24:32","guid":{"rendered":"https:\/\/educaredigital.online\/loja\/produto\/meu-primeiro-livro-palavras\/"},"modified":"2026-04-02T12:10:34","modified_gmt":"2026-04-02T12:10:34","slug":"meu-primeiro-livro-palavras","status":"publish","type":"product","link":"https:\/\/educaredigital.online\/loja\/produto\/meu-primeiro-livro-palavras\/","title":{"rendered":"Meu Primeiro Livro: Palavras"},"content":{"rendered":"<p><strong>Meu Primeiro Livro: Palavras<\/strong> \u00e9 uma introdu\u00e7\u00e3o divertida e colorida ao universo da linguagem para os pequenos leitores. Com ilustra\u00e7\u00f5es encantadoras e organiza\u00e7\u00e3o simples, a obra apresenta palavras do cotidiano organizadas por temas \u2014 como fam\u00edlia, brinquedos, roupas e alimenta\u00e7\u00e3o \u2014 ajudando a crian\u00e7a a dar os primeiros passos no desenvolvimento do vocabul\u00e1rio.<\/p>\n<p>Perfeito para os primeiros anos, o livro estimula a associa\u00e7\u00e3o entre figuras e palavras de forma l\u00fadica e afetiva, transformando o aprendizado em uma experi\u00eancia prazerosa e cheia de novas descobertas a cada p\u00e1gina.<\/p>\n<div class=\"details-table-wrapper\">\n<table class=\"product-details-table\">\n<tbody>\n<tr>\n<td>Autor<\/td>\n<td>P\u00e9 da Letra<\/td>\n<\/tr>\n<tr>\n<td>ISBN<\/td>\n<td>9786586181180<\/td>\n<\/tr>\n<tr>\n<td>Editora<\/td>\n<td>P\u00e9 da Letra<\/td>\n<\/tr>\n<tr>\n<td>N\u00ba de p\u00e1ginas<\/td>\n<td>16<\/td>\n<\/tr>\n<\/tbody>\n<\/table>\n<\/div>\n","protected":false},"excerpt":{"rendered":"<p>Meu Primeiro Livro: Palavras \u00e9 uma introdu\u00e7\u00e3o divertida e colorida ao universo da linguagem para os pequenos leitores. Com ilustra\u00e7\u00f5es encantadoras e organiza\u00e7\u00e3o simples, a obra apresenta palavras do cotidiano organizadas por temas \u2014 como fam\u00edlia, brinquedos, roupas e alimenta\u00e7\u00e3o<\/p>\n","protected":false},"featured_media":6017,"comment_status":"open","ping_status":"closed","template":"","meta":[],"product_brand":[],"product_cat":[200],"product_tag":[],"class_list":{"0":"post-6018","1":"product","2":"type-product","3":"status-publish","6":"product_cat-0-a-3-anos","8":"first","9":"instock","10":"shipping-taxable","11":"purchasable","12":"product-type-simple"},"_links":{"self":[{"href":"https:\/\/educaredigital.online\/loja\/wp-json\/wp\/v2\/product\/6018","targetHints":{"allow":["GET"]}}],"collection":[{"href":"https:\/\/educaredigital.online\/loja\/wp-json\/wp\/v2\/product"}],"about":[{"href":"https:\/\/educaredigital.online\/loja\/wp-json\/wp\/v2\/types\/product"}],"replies":[{"embeddable":true,"href":"https:\/\/educaredigital.online\/loja\/wp-json\/wp\/v2\/comments?post=6018"}],"wp:featuredmedia":[{"embeddable":true,"href":"https:\/\/educaredigital.online\/loja\/wp-json\/wp\/v2\/media\/6017"}],"wp:attachment":[{"href":"https:\/\/educaredigital.online\/loja\/wp-json\/wp\/v2\/media?parent=6018"}],"wp:term":[{"taxonomy":"product_brand","embeddable":true,"href":"https:\/\/educaredigital.online\/loja\/wp-json\/wp\/v2\/product_brand?post=6018"},{"taxonomy":"product_cat","embeddable":true,"href":"https:\/\/educaredigital.online\/loja\/wp-json\/wp\/v2\/product_cat?post=6018"},{"taxonomy":"product_tag","embeddable":true,"href":"https:\/\/educaredigital.online\/loja\/wp-json\/wp\/v2\/product_tag?post=6018"}],"curies":[{"name":"wp","href":"https:\/\/api.w.org\/{rel}","templated":true}]}}