{"id":5934,"date":"2026-04-01T12:22:47","date_gmt":"2026-04-01T12:22:47","guid":{"rendered":"https:\/\/educaredigital.online\/loja\/produto\/lidando-com-pessoas-dificeis\/"},"modified":"2026-04-01T13:20:43","modified_gmt":"2026-04-01T13:20:43","slug":"lidando-com-pessoas-dificeis","status":"publish","type":"product","link":"https:\/\/educaredigital.online\/loja\/produto\/lidando-com-pessoas-dificeis\/","title":{"rendered":"Lidando com Pessoas Dif\u00edceis"},"content":{"rendered":"<p data-start=\"0\" data-end=\"312\"><strong><span class=\"hover:entity-accent entity-underline inline cursor-pointer align-baseline\"><span class=\"whitespace-normal\">Lidando com Pessoas Dif\u00edceis<\/span><\/span><\/strong> \u00e9 uma leitura pr\u00e1tica e \u00fatil para quem deseja melhorar a conviv\u00eancia em diferentes ambientes, como trabalho, fam\u00edlia e rela\u00e7\u00f5es sociais. A obra apresenta estrat\u00e9gias para compreender comportamentos desafiadores e lidar com eles de forma mais equilibrada e assertiva.<\/p>\n<p data-start=\"314\" data-end=\"604\" data-is-last-node=\"\" data-is-only-node=\"\">Com linguagem clara e orienta\u00e7\u00f5es aplic\u00e1veis no dia a dia, o livro ajuda a desenvolver habilidades como empatia, comunica\u00e7\u00e3o eficaz e controle emocional. Ideal para quem busca melhorar relacionamentos e evitar conflitos, \u00e9 uma excelente ferramenta para o crescimento pessoal e profissional.<\/p>\n<div class=\"details-table-wrapper\">\n<table class=\"product-details-table\">\n<tbody>\n<tr>\n<td>Autor<\/td>\n<td>Mike Annesley<\/td>\n<\/tr>\n<tr>\n<td>ISBN<\/td>\n<td>9786558882909<\/td>\n<\/tr>\n<tr>\n<td>Editora<\/td>\n<td>P\u00e9 da Letra<\/td>\n<\/tr>\n<tr>\n<td>N\u00ba de p\u00e1ginas<\/td>\n<td>140<\/td>\n<\/tr>\n<\/tbody>\n<\/table>\n<\/div>\n","protected":false},"excerpt":{"rendered":"<p>Lidando com Pessoas Dif\u00edceis \u00e9 uma leitura pr\u00e1tica e \u00fatil para quem deseja melhorar a conviv\u00eancia em diferentes ambientes, como trabalho, fam\u00edlia e rela\u00e7\u00f5es sociais. A obra apresenta estrat\u00e9gias para compreender comportamentos desafiadores e lidar com eles de forma mais<\/p>\n","protected":false},"featured_media":5933,"comment_status":"open","ping_status":"closed","template":"","meta":[],"product_brand":[],"product_cat":[207],"product_tag":[],"class_list":{"0":"post-5934","1":"product","2":"type-product","3":"status-publish","6":"product_cat-ensino-medio-1o-ao-3o","8":"first","9":"instock","10":"shipping-taxable","11":"purchasable","12":"product-type-simple"},"_links":{"self":[{"href":"https:\/\/educaredigital.online\/loja\/wp-json\/wp\/v2\/product\/5934","targetHints":{"allow":["GET"]}}],"collection":[{"href":"https:\/\/educaredigital.online\/loja\/wp-json\/wp\/v2\/product"}],"about":[{"href":"https:\/\/educaredigital.online\/loja\/wp-json\/wp\/v2\/types\/product"}],"replies":[{"embeddable":true,"href":"https:\/\/educaredigital.online\/loja\/wp-json\/wp\/v2\/comments?post=5934"}],"wp:featuredmedia":[{"embeddable":true,"href":"https:\/\/educaredigital.online\/loja\/wp-json\/wp\/v2\/media\/5933"}],"wp:attachment":[{"href":"https:\/\/educaredigital.online\/loja\/wp-json\/wp\/v2\/media?parent=5934"}],"wp:term":[{"taxonomy":"product_brand","embeddable":true,"href":"https:\/\/educaredigital.online\/loja\/wp-json\/wp\/v2\/product_brand?post=5934"},{"taxonomy":"product_cat","embeddable":true,"href":"https:\/\/educaredigital.online\/loja\/wp-json\/wp\/v2\/product_cat?post=5934"},{"taxonomy":"product_tag","embeddable":true,"href":"https:\/\/educaredigital.online\/loja\/wp-json\/wp\/v2\/product_tag?post=5934"}],"curies":[{"name":"wp","href":"https:\/\/api.w.org\/{rel}","templated":true}]}}