{"id":5910,"date":"2026-04-01T12:22:17","date_gmt":"2026-04-01T12:22:17","guid":{"rendered":"https:\/\/educaredigital.online\/loja\/produto\/edi-e-o-super-poder-pocket\/"},"modified":"2026-04-01T12:48:29","modified_gmt":"2026-04-01T12:48:29","slug":"edi-e-o-super-poder-pocket","status":"publish","type":"product","link":"https:\/\/educaredigital.online\/loja\/produto\/edi-e-o-super-poder-pocket\/","title":{"rendered":"Edi e o Super Poder &#8211; Pocket"},"content":{"rendered":"<div class=\"details-table-wrapper\">\n<p data-start=\"0\" data-end=\"301\"><strong><span class=\"hover:entity-accent entity-underline inline cursor-pointer align-baseline\"><span class=\"whitespace-normal\">Edi e o Super Poder<\/span><\/span>\u00a0<\/strong>apresenta uma hist\u00f3ria inspiradora sobre descobertas, autoconfian\u00e7a e o poder que cada crian\u00e7a tem dentro de si. A narrativa acompanha Edi em uma jornada cheia de aprendizados, mostrando que todos possuem habilidades especiais que podem ser desenvolvidas.<\/p>\n<p data-start=\"303\" data-end=\"550\" data-is-last-node=\"\" data-is-only-node=\"\">Com linguagem simples e formato pocket, o livro \u00e9 pr\u00e1tico e ideal para levar a qualquer lugar. Com ilustra\u00e7\u00f5es envolventes e uma mensagem positiva, \u00e9 uma excelente op\u00e7\u00e3o para incentivar a autoestima, a imagina\u00e7\u00e3o e o gosto pela leitura desde cedo.<\/p>\n<table class=\"product-details-table\">\n<tbody>\n<tr>\n<td>Autor<\/td>\n<td>James Miss\u00e9<\/td>\n<\/tr>\n<tr>\n<td>ISBN<\/td>\n<td>9788595205055<\/td>\n<\/tr>\n<tr>\n<td>Editora<\/td>\n<td>P\u00e9 da Letra<\/td>\n<\/tr>\n<tr>\n<td>N\u00ba de p\u00e1ginas<\/td>\n<td>16<\/td>\n<\/tr>\n<\/tbody>\n<\/table>\n<\/div>\n","protected":false},"excerpt":{"rendered":"<p>Edi e o Super Poder\u00a0apresenta uma hist\u00f3ria inspiradora sobre descobertas, autoconfian\u00e7a e o poder que cada crian\u00e7a tem dentro de si. A narrativa acompanha Edi em uma jornada cheia de aprendizados, mostrando que todos possuem habilidades especiais que podem ser<\/p>\n","protected":false},"featured_media":5909,"comment_status":"open","ping_status":"closed","template":"","meta":[],"product_brand":[],"product_cat":[201],"product_tag":[],"class_list":{"0":"post-5910","1":"product","2":"type-product","3":"status-publish","6":"product_cat-livros-4-e-5-anos","8":"first","9":"instock","10":"shipping-taxable","11":"purchasable","12":"product-type-simple"},"_links":{"self":[{"href":"https:\/\/educaredigital.online\/loja\/wp-json\/wp\/v2\/product\/5910","targetHints":{"allow":["GET"]}}],"collection":[{"href":"https:\/\/educaredigital.online\/loja\/wp-json\/wp\/v2\/product"}],"about":[{"href":"https:\/\/educaredigital.online\/loja\/wp-json\/wp\/v2\/types\/product"}],"replies":[{"embeddable":true,"href":"https:\/\/educaredigital.online\/loja\/wp-json\/wp\/v2\/comments?post=5910"}],"wp:featuredmedia":[{"embeddable":true,"href":"https:\/\/educaredigital.online\/loja\/wp-json\/wp\/v2\/media\/5909"}],"wp:attachment":[{"href":"https:\/\/educaredigital.online\/loja\/wp-json\/wp\/v2\/media?parent=5910"}],"wp:term":[{"taxonomy":"product_brand","embeddable":true,"href":"https:\/\/educaredigital.online\/loja\/wp-json\/wp\/v2\/product_brand?post=5910"},{"taxonomy":"product_cat","embeddable":true,"href":"https:\/\/educaredigital.online\/loja\/wp-json\/wp\/v2\/product_cat?post=5910"},{"taxonomy":"product_tag","embeddable":true,"href":"https:\/\/educaredigital.online\/loja\/wp-json\/wp\/v2\/product_tag?post=5910"}],"curies":[{"name":"wp","href":"https:\/\/api.w.org\/{rel}","templated":true}]}}