{"id":5885,"date":"2026-03-31T13:54:42","date_gmt":"2026-03-31T13:54:42","guid":{"rendered":"https:\/\/educaredigital.online\/loja\/produto\/jogo-cidade-limpa\/"},"modified":"2026-04-24T21:09:36","modified_gmt":"2026-04-24T21:09:36","slug":"jogo-cidade-limpa","status":"publish","type":"product","link":"https:\/\/educaredigital.online\/loja\/produto\/jogo-cidade-limpa\/","title":{"rendered":"Jogo Cidade Limpa"},"content":{"rendered":"<p class=\"ds-markdown-paragraph\">O\u00a0<strong>Jogo Cidade Limpa<\/strong>, \u00e9 um jogo de tabuleiro educativo que ensina na\u00e7\u00f5es de coleta seletiva e reciclagem. A din\u00e2mica \u00e9 a seguinte: 2 a 4 participantes assumem o papel de agentes de limpeza, cada um com seu pr\u00f3prio caminh\u00e3o, e percorrem o tabuleiro para recolher diferentes tipos de lixo (vidro, papel, metal, pl\u00e1stico e org\u00e2nico). As fichas de lixo devem ser transportadas e depois depositadas nos cestos coloridos correspondentes em seu dep\u00f3sito. O vencedor \u00e9 o primeiro a juntar 10 lixos, sendo 2 de cada tipo. Para tornar a brincadeira ainda mais estrat\u00e9gica, o caminh\u00e3o s\u00f3 pode carregar at\u00e9 3 lixos por vez, de no m\u00e1ximo dois tipos diferentes, o que exige um bom planejamento de rotas.<\/p>\n<div class=\"details-table-wrapper\">\n<table class=\"product-details-table\">\n<tbody>\n<tr>\n<td>Marca<\/td>\n<td>Nig<\/td>\n<\/tr>\n<tr>\n<td>Material<\/td>\n<td>\u00a0Papel Cart\u00e3o, Pl\u00e1stico e EVA<\/td>\n<\/tr>\n<tr>\n<td>Faixa Et\u00e1ria<\/td>\n<td>A partir de 5 Anos<\/td>\n<\/tr>\n<tr>\n<td>Quantidade De Jogadores<\/td>\n<td>2 a 4 Jogadores<\/td>\n<\/tr>\n<\/tbody>\n<\/table>\n<\/div>\n","protected":false},"excerpt":{"rendered":"<p>O\u00a0Jogo Cidade Limpa, \u00e9 um jogo de tabuleiro educativo que ensina na\u00e7\u00f5es de coleta seletiva e reciclagem. A din\u00e2mica \u00e9 a seguinte: 2 a 4 participantes assumem o papel de agentes de limpeza, cada um com seu pr\u00f3prio caminh\u00e3o, e<\/p>\n","protected":false},"featured_media":5884,"comment_status":"open","ping_status":"closed","template":"","meta":[],"product_brand":[234],"product_cat":[212],"product_tag":[],"class_list":{"0":"post-5885","1":"product","2":"type-product","3":"status-publish","6":"product_brand-nig","7":"product_cat-tabuleiros-jogos-e-brinquedos","9":"first","10":"instock","11":"shipping-taxable","12":"purchasable","13":"product-type-simple"},"_links":{"self":[{"href":"https:\/\/educaredigital.online\/loja\/wp-json\/wp\/v2\/product\/5885","targetHints":{"allow":["GET"]}}],"collection":[{"href":"https:\/\/educaredigital.online\/loja\/wp-json\/wp\/v2\/product"}],"about":[{"href":"https:\/\/educaredigital.online\/loja\/wp-json\/wp\/v2\/types\/product"}],"replies":[{"embeddable":true,"href":"https:\/\/educaredigital.online\/loja\/wp-json\/wp\/v2\/comments?post=5885"}],"wp:featuredmedia":[{"embeddable":true,"href":"https:\/\/educaredigital.online\/loja\/wp-json\/wp\/v2\/media\/5884"}],"wp:attachment":[{"href":"https:\/\/educaredigital.online\/loja\/wp-json\/wp\/v2\/media?parent=5885"}],"wp:term":[{"taxonomy":"product_brand","embeddable":true,"href":"https:\/\/educaredigital.online\/loja\/wp-json\/wp\/v2\/product_brand?post=5885"},{"taxonomy":"product_cat","embeddable":true,"href":"https:\/\/educaredigital.online\/loja\/wp-json\/wp\/v2\/product_cat?post=5885"},{"taxonomy":"product_tag","embeddable":true,"href":"https:\/\/educaredigital.online\/loja\/wp-json\/wp\/v2\/product_tag?post=5885"}],"curies":[{"name":"wp","href":"https:\/\/api.w.org\/{rel}","templated":true}]}}