{"id":5881,"date":"2026-03-31T13:54:34","date_gmt":"2026-03-31T13:54:34","guid":{"rendered":"https:\/\/educaredigital.online\/loja\/produto\/jogo-improviso-total\/"},"modified":"2026-04-24T21:09:45","modified_gmt":"2026-04-24T21:09:45","slug":"jogo-improviso-total","status":"publish","type":"product","link":"https:\/\/educaredigital.online\/loja\/produto\/jogo-improviso-total\/","title":{"rendered":"Jogo Improviso Total"},"content":{"rendered":"<p class=\"ds-markdown-paragraph\">\u00a0<strong>Jogo Improviso Total<\/strong>, \u00e9 uma brincadeira de criatividade e agilidade mental que coloca a galera para pensar r\u00e1pido. O jogo vem com <strong>240 cartas<\/strong>\u00a0que trazem situa\u00e7\u00f5es inusitadas, como &#8220;O que voc\u00ea faria se fosse um padre procurando um filho perdido?&#8221; ou &#8220;O que nunca fazer em um elevador cheio?&#8221;. A din\u00e2mica \u00e9 simples: um mediador, usando um\u00a0<strong>apito<\/strong>, sorteia os temas e marca o tempo, e os jogadores precisam\u00a0<strong>improvisar<\/strong>\u00a0di\u00e1logos e cenas malucas a partir do que foi sugerido. O jogo conta ainda com\u00a0<strong>2 pain\u00e9is e 30 fichas de pontua\u00e7\u00e3o<\/strong>, al\u00e9m de\u00a0<strong>5 cartas de sorteio<\/strong>\u00a0e um saco pl\u00e1stico para guardar as pe\u00e7as.<\/p>\n<p class=\"ds-markdown-paragraph\">Ao estimular o racioc\u00ednio r\u00e1pido e a orat\u00f3ria de forma divertida, o jogo garante boas risadas e promove uma saud\u00e1vel competi\u00e7\u00e3o entre os times.<\/p>\n<div class=\"details-table-wrapper\">\n<table class=\"product-details-table\">\n<tbody>\n<tr>\n<td>Marca<\/td>\n<td>Nig<\/td>\n<\/tr>\n<tr>\n<td>Material<\/td>\n<td>\u00a0Pl\u00e1stico e Cart\u00e3o<\/td>\n<\/tr>\n<tr>\n<td>Faixa Et\u00e1ria<\/td>\n<td>A partir de 9 Anos<\/td>\n<\/tr>\n<tr>\n<td>Quantidade De Jogadores<\/td>\n<td>2 ou mais Jogadores<\/td>\n<\/tr>\n<\/tbody>\n<\/table>\n<\/div>\n","protected":false},"excerpt":{"rendered":"<p>\u00a0Jogo Improviso Total, \u00e9 uma brincadeira de criatividade e agilidade mental que coloca a galera para pensar r\u00e1pido. O jogo vem com 240 cartas\u00a0que trazem situa\u00e7\u00f5es inusitadas, como &#8220;O que voc\u00ea faria se fosse um padre procurando um filho perdido?&#8221;<\/p>\n","protected":false},"featured_media":5880,"comment_status":"open","ping_status":"closed","template":"","meta":[],"product_brand":[234],"product_cat":[212],"product_tag":[],"class_list":{"0":"post-5881","1":"product","2":"type-product","3":"status-publish","6":"product_brand-nig","7":"product_cat-tabuleiros-jogos-e-brinquedos","9":"first","10":"instock","11":"shipping-taxable","12":"purchasable","13":"product-type-simple"},"_links":{"self":[{"href":"https:\/\/educaredigital.online\/loja\/wp-json\/wp\/v2\/product\/5881","targetHints":{"allow":["GET"]}}],"collection":[{"href":"https:\/\/educaredigital.online\/loja\/wp-json\/wp\/v2\/product"}],"about":[{"href":"https:\/\/educaredigital.online\/loja\/wp-json\/wp\/v2\/types\/product"}],"replies":[{"embeddable":true,"href":"https:\/\/educaredigital.online\/loja\/wp-json\/wp\/v2\/comments?post=5881"}],"wp:featuredmedia":[{"embeddable":true,"href":"https:\/\/educaredigital.online\/loja\/wp-json\/wp\/v2\/media\/5880"}],"wp:attachment":[{"href":"https:\/\/educaredigital.online\/loja\/wp-json\/wp\/v2\/media?parent=5881"}],"wp:term":[{"taxonomy":"product_brand","embeddable":true,"href":"https:\/\/educaredigital.online\/loja\/wp-json\/wp\/v2\/product_brand?post=5881"},{"taxonomy":"product_cat","embeddable":true,"href":"https:\/\/educaredigital.online\/loja\/wp-json\/wp\/v2\/product_cat?post=5881"},{"taxonomy":"product_tag","embeddable":true,"href":"https:\/\/educaredigital.online\/loja\/wp-json\/wp\/v2\/product_tag?post=5881"}],"curies":[{"name":"wp","href":"https:\/\/api.w.org\/{rel}","templated":true}]}}