{"id":5875,"date":"2026-03-31T13:54:28","date_gmt":"2026-03-31T13:54:28","guid":{"rendered":"https:\/\/educaredigital.online\/loja\/produto\/jogo-batalha-dos-copos\/"},"modified":"2026-04-24T21:10:06","modified_gmt":"2026-04-24T21:10:06","slug":"jogo-batalha-dos-copos","status":"publish","type":"product","link":"https:\/\/educaredigital.online\/loja\/produto\/jogo-batalha-dos-copos\/","title":{"rendered":"Jogo Batalha Dos Copos"},"content":{"rendered":"<p class=\"ds-markdown-paragraph\">O\u00a0<strong>Jogo Batalha dos Copos,<\/strong> \u00e9 um jogo de agilidade e racioc\u00ednio r\u00e1pido . O objetivo \u00e9 bem simples: os participantes devem organizar seus 12 copos coloridos na mesma sequ\u00eancia de cores exibida em uma das 50 cartas de desafio. Quem completar a tarefa corretamente primeiro, toca a campainha e vence a rodada.<\/p>\n<p class=\"ds-markdown-paragraph\">A brincadeira \u00e9 um verdadeiro teste de percep\u00e7\u00e3o visual e velocidade de racioc\u00ednio. Ao manipular os copos e buscar a combina\u00e7\u00e3o certa, a crian\u00e7a exercita a\u00a0<strong>coordena\u00e7\u00e3o motora fina, a concentra\u00e7\u00e3o e o reconhecimento das cores<\/strong>\u00a0de forma din\u00e2mica e empolgante. Perfeito para desafios em fam\u00edlia ou entre amigos, o Batalha dos Copos transforma o aprendizado em uma competi\u00e7\u00e3o saud\u00e1vel e cheia de adrenalina.<\/p>\n<div class=\"details-table-wrapper\">\n<table class=\"product-details-table\">\n<tbody>\n<tr>\n<td>Marca<\/td>\n<td>Nig<\/td>\n<\/tr>\n<tr>\n<td>Material<\/td>\n<td>\u00a0Papel Cartonado e Pl\u00e1stico<\/td>\n<\/tr>\n<tr>\n<td>Faixa Et\u00e1ria<\/td>\n<td>A partir de 5 Anos<\/td>\n<\/tr>\n<tr>\n<td>Quantidade De Jogadores<\/td>\n<td>2\u00a0 Jogadores<\/td>\n<\/tr>\n<\/tbody>\n<\/table>\n<\/div>\n","protected":false},"excerpt":{"rendered":"<p>O\u00a0Jogo Batalha dos Copos, \u00e9 um jogo de agilidade e racioc\u00ednio r\u00e1pido . O objetivo \u00e9 bem simples: os participantes devem organizar seus 12 copos coloridos na mesma sequ\u00eancia de cores exibida em uma das 50 cartas de desafio. Quem<\/p>\n","protected":false},"featured_media":5874,"comment_status":"open","ping_status":"closed","template":"","meta":[],"product_brand":[234],"product_cat":[211],"product_tag":[],"class_list":{"0":"post-5875","1":"product","2":"type-product","3":"status-publish","6":"product_brand-nig","7":"product_cat-psicomotricidade-jogos-e-brinquedos","9":"first","10":"instock","11":"shipping-taxable","12":"purchasable","13":"product-type-simple"},"_links":{"self":[{"href":"https:\/\/educaredigital.online\/loja\/wp-json\/wp\/v2\/product\/5875","targetHints":{"allow":["GET"]}}],"collection":[{"href":"https:\/\/educaredigital.online\/loja\/wp-json\/wp\/v2\/product"}],"about":[{"href":"https:\/\/educaredigital.online\/loja\/wp-json\/wp\/v2\/types\/product"}],"replies":[{"embeddable":true,"href":"https:\/\/educaredigital.online\/loja\/wp-json\/wp\/v2\/comments?post=5875"}],"wp:featuredmedia":[{"embeddable":true,"href":"https:\/\/educaredigital.online\/loja\/wp-json\/wp\/v2\/media\/5874"}],"wp:attachment":[{"href":"https:\/\/educaredigital.online\/loja\/wp-json\/wp\/v2\/media?parent=5875"}],"wp:term":[{"taxonomy":"product_brand","embeddable":true,"href":"https:\/\/educaredigital.online\/loja\/wp-json\/wp\/v2\/product_brand?post=5875"},{"taxonomy":"product_cat","embeddable":true,"href":"https:\/\/educaredigital.online\/loja\/wp-json\/wp\/v2\/product_cat?post=5875"},{"taxonomy":"product_tag","embeddable":true,"href":"https:\/\/educaredigital.online\/loja\/wp-json\/wp\/v2\/product_tag?post=5875"}],"curies":[{"name":"wp","href":"https:\/\/api.w.org\/{rel}","templated":true}]}}