{"id":5869,"date":"2026-03-31T13:54:23","date_gmt":"2026-03-31T13:54:23","guid":{"rendered":"https:\/\/educaredigital.online\/loja\/produto\/jogo-dia-de-compras-turma-da-monica\/"},"modified":"2026-04-24T21:10:24","modified_gmt":"2026-04-24T21:10:24","slug":"jogo-dia-de-compras-turma-da-monica","status":"publish","type":"product","link":"https:\/\/educaredigital.online\/loja\/produto\/jogo-dia-de-compras-turma-da-monica\/","title":{"rendered":"Jogo Dia De Compras &#8211; TURMA DA M\u00d4NICA"},"content":{"rendered":"<p class=\"ds-markdown-paragraph\">O\u00a0<strong>Jogo Dia de Compras &#8211; Turma da M\u00f4nica<\/strong>, \u00e9 um jogo de tabuleiro que une a divers\u00e3o dos personagens mais amados do Brasil ao aprendizado de <strong>educa\u00e7\u00e3o financeira<\/strong>. O tabuleiro vem acompanhado de 4 pe\u00f5es (M\u00f4nica, Cebolinha, Casc\u00e3o e Magali), uma roleta e c\u00e9dulas de brinquedo para fazer as compras. A cada rodada, a crian\u00e7a precisa decidir entre\u00a0<strong>ganhar, gastar, trocar ou poupar<\/strong>\u00a0seu dinheirinho, enfrentando as consequ\u00eancias de cada escolha de forma l\u00fadica.<\/p>\n<p class=\"ds-markdown-paragraph\">Ao longo da partida, o participante aprende, na pr\u00e1tica, a import\u00e2ncia de equilibrar desejos e necessidades, desenvolvendo um olhar mais consciente sobre o consumo. O conte\u00fado \u00e9 rico e inclui\u00a0<strong>um tabuleiro, quatro pe\u00f5es, 200 notas de dinheirinho (em valores de 1, 5, 10, 50 e 100), uma roleta e 25 pe\u00e7as de compra<\/strong>.<\/p>\n<div class=\"details-table-wrapper\">\n<table class=\"product-details-table\">\n<tbody>\n<tr>\n<td>Marca<\/td>\n<td>Nig<\/td>\n<\/tr>\n<tr>\n<td>Material<\/td>\n<td>\u00a0Papel Cart\u00e3o, EVA e Polipropileno<\/td>\n<\/tr>\n<tr>\n<td>Faixa Et\u00e1ria<\/td>\n<td>A partir de 7 Anos<\/td>\n<\/tr>\n<tr>\n<td>Quantidade De Jogadores<\/td>\n<td>2 a 4 Jogadores<\/td>\n<\/tr>\n<\/tbody>\n<\/table>\n<\/div>\n","protected":false},"excerpt":{"rendered":"<p>O\u00a0Jogo Dia de Compras &#8211; Turma da M\u00f4nica, \u00e9 um jogo de tabuleiro que une a divers\u00e3o dos personagens mais amados do Brasil ao aprendizado de educa\u00e7\u00e3o financeira. O tabuleiro vem acompanhado de 4 pe\u00f5es (M\u00f4nica, Cebolinha, Casc\u00e3o e Magali),<\/p>\n","protected":false},"featured_media":5868,"comment_status":"open","ping_status":"closed","template":"","meta":[],"product_brand":[234],"product_cat":[212],"product_tag":[],"class_list":{"0":"post-5869","1":"product","2":"type-product","3":"status-publish","6":"product_brand-nig","7":"product_cat-tabuleiros-jogos-e-brinquedos","9":"first","10":"instock","11":"shipping-taxable","12":"purchasable","13":"product-type-simple"},"_links":{"self":[{"href":"https:\/\/educaredigital.online\/loja\/wp-json\/wp\/v2\/product\/5869","targetHints":{"allow":["GET"]}}],"collection":[{"href":"https:\/\/educaredigital.online\/loja\/wp-json\/wp\/v2\/product"}],"about":[{"href":"https:\/\/educaredigital.online\/loja\/wp-json\/wp\/v2\/types\/product"}],"replies":[{"embeddable":true,"href":"https:\/\/educaredigital.online\/loja\/wp-json\/wp\/v2\/comments?post=5869"}],"wp:featuredmedia":[{"embeddable":true,"href":"https:\/\/educaredigital.online\/loja\/wp-json\/wp\/v2\/media\/5868"}],"wp:attachment":[{"href":"https:\/\/educaredigital.online\/loja\/wp-json\/wp\/v2\/media?parent=5869"}],"wp:term":[{"taxonomy":"product_brand","embeddable":true,"href":"https:\/\/educaredigital.online\/loja\/wp-json\/wp\/v2\/product_brand?post=5869"},{"taxonomy":"product_cat","embeddable":true,"href":"https:\/\/educaredigital.online\/loja\/wp-json\/wp\/v2\/product_cat?post=5869"},{"taxonomy":"product_tag","embeddable":true,"href":"https:\/\/educaredigital.online\/loja\/wp-json\/wp\/v2\/product_tag?post=5869"}],"curies":[{"name":"wp","href":"https:\/\/api.w.org\/{rel}","templated":true}]}}