{"id":5867,"date":"2026-03-31T13:54:21","date_gmt":"2026-03-31T13:54:21","guid":{"rendered":"https:\/\/educaredigital.online\/loja\/produto\/quadro-das-emocoes-divertidamente-2-mad\/"},"modified":"2026-04-24T21:10:31","modified_gmt":"2026-04-24T21:10:31","slug":"quadro-das-emocoes-divertidamente-2-mad","status":"publish","type":"product","link":"https:\/\/educaredigital.online\/loja\/produto\/quadro-das-emocoes-divertidamente-2-mad\/","title":{"rendered":"Quadro das Emo\u00e7\u00f5es &#8211; DIVERTIDAMENTE 2"},"content":{"rendered":"<p>O\u00a0<strong>Jogo Magn\u00e9tico &#8220;Quadro das Emo\u00e7\u00f5es &#8211; Divertidamente 2&#8221;<\/strong>, \u00e9 um recurso pedag\u00f3gico que utiliza o universo do filme da Disney para ajudar as crian\u00e7as a nomear e comunicar seus sentimentos. O kit \u00e9 composto por <strong>27 pe\u00e7as magn\u00e9ticas<\/strong>\u00a0(com os personagens Alegria, Tristeza, Medo, Raiva, Nojinho, T\u00e9dio, Vergonha e Ansiedade, al\u00e9m dos nomes das emo\u00e7\u00f5es e emojis), um painel de metal, uma base de madeira e 18 cartinhas ilustradas com cenas do cotidiano. A din\u00e2mica \u00e9 simples: a crian\u00e7a observa a cena de uma cartinha, identifica a emo\u00e7\u00e3o envolvida e a representa montando seu pr\u00f3prio &#8220;quadro das emo\u00e7\u00f5es&#8221; no painel com as pe\u00e7as magn\u00e9ticas dispon\u00edveis.<\/p>\n<div class=\"details-table-wrapper\">\n<table class=\"product-details-table\">\n<tbody>\n<tr>\n<td>Marca<\/td>\n<td>Nig<\/td>\n<\/tr>\n<tr>\n<td>Material<\/td>\n<td>\u00a0Madeira<\/td>\n<\/tr>\n<tr>\n<td>Faixa Et\u00e1ria<\/td>\n<td>A partir de 4 Anos<\/td>\n<\/tr>\n<\/tbody>\n<\/table>\n<\/div>\n","protected":false},"excerpt":{"rendered":"<p>O\u00a0Jogo Magn\u00e9tico &#8220;Quadro das Emo\u00e7\u00f5es &#8211; Divertidamente 2&#8221;, \u00e9 um recurso pedag\u00f3gico que utiliza o universo do filme da Disney para ajudar as crian\u00e7as a nomear e comunicar seus sentimentos. O kit \u00e9 composto por 27 pe\u00e7as magn\u00e9ticas\u00a0(com os personagens<\/p>\n","protected":false},"featured_media":5866,"comment_status":"open","ping_status":"closed","template":"","meta":[],"product_brand":[234],"product_cat":[211],"product_tag":[],"class_list":{"0":"post-5867","1":"product","2":"type-product","3":"status-publish","6":"product_brand-nig","7":"product_cat-psicomotricidade-jogos-e-brinquedos","9":"first","10":"instock","11":"shipping-taxable","12":"purchasable","13":"product-type-simple"},"_links":{"self":[{"href":"https:\/\/educaredigital.online\/loja\/wp-json\/wp\/v2\/product\/5867","targetHints":{"allow":["GET"]}}],"collection":[{"href":"https:\/\/educaredigital.online\/loja\/wp-json\/wp\/v2\/product"}],"about":[{"href":"https:\/\/educaredigital.online\/loja\/wp-json\/wp\/v2\/types\/product"}],"replies":[{"embeddable":true,"href":"https:\/\/educaredigital.online\/loja\/wp-json\/wp\/v2\/comments?post=5867"}],"wp:featuredmedia":[{"embeddable":true,"href":"https:\/\/educaredigital.online\/loja\/wp-json\/wp\/v2\/media\/5866"}],"wp:attachment":[{"href":"https:\/\/educaredigital.online\/loja\/wp-json\/wp\/v2\/media?parent=5867"}],"wp:term":[{"taxonomy":"product_brand","embeddable":true,"href":"https:\/\/educaredigital.online\/loja\/wp-json\/wp\/v2\/product_brand?post=5867"},{"taxonomy":"product_cat","embeddable":true,"href":"https:\/\/educaredigital.online\/loja\/wp-json\/wp\/v2\/product_cat?post=5867"},{"taxonomy":"product_tag","embeddable":true,"href":"https:\/\/educaredigital.online\/loja\/wp-json\/wp\/v2\/product_tag?post=5867"}],"curies":[{"name":"wp","href":"https:\/\/api.w.org\/{rel}","templated":true}]}}