{"id":5865,"date":"2026-03-31T13:54:19","date_gmt":"2026-03-31T13:54:19","guid":{"rendered":"https:\/\/educaredigital.online\/loja\/produto\/quadro-das-emocoes-mad\/"},"modified":"2026-04-24T21:10:42","modified_gmt":"2026-04-24T21:10:42","slug":"quadro-das-emocoes-mad","status":"publish","type":"product","link":"https:\/\/educaredigital.online\/loja\/produto\/quadro-das-emocoes-mad\/","title":{"rendered":"Quadro das Emo\u00e7\u00f5es"},"content":{"rendered":"<p class=\"ds-markdown-paragraph\">O\u00a0<strong>Jogo Magn\u00e9tico Quadro das Emo\u00e7\u00f5es,<\/strong>\u00a0\u00e9 uma ferramenta pedag\u00f3gica que auxilia crian\u00e7as a identificar, expressar e compreender seus sentimentos de forma l\u00fadica. O jogo \u00e9 composto por um painel magn\u00e9tico, 30 pe\u00e7as de im\u00e3 (com nomes dos sentimentos, &#8220;emojis&#8221; e express\u00f5es faciais), 20 cartinhas com cenas do cotidiano e uma base de madeira. A din\u00e2mica \u00e9 a seguinte: a crian\u00e7a retira uma cartinha, reconhece a emo\u00e7\u00e3o representada na cena e a associa montando seu painel magn\u00e9tico com as pe\u00e7as correspondentes.<\/p>\n<p class=\"ds-markdown-paragraph\">Este jogo estimula a intelig\u00eancia emocional, o autoconhecimento e a empatia, compet\u00eancias fundamentais para a vida. Ao colocar em palavras o que sente, a crian\u00e7a desenvolve a comunica\u00e7\u00e3o e aprende a buscar ajuda quando necess\u00e1rio, sendo uma excelente op\u00e7\u00e3o para uso em casa ou na escola.<\/p>\n<div class=\"details-table-wrapper\">\n<table class=\"product-details-table\">\n<tbody>\n<tr>\n<td>Marca<\/td>\n<td>Nig<\/td>\n<\/tr>\n<tr>\n<td>Material<\/td>\n<td>\u00a0Painel M\u00e1gnetico<\/td>\n<\/tr>\n<tr>\n<td>Faixa Et\u00e1ria<\/td>\n<td>A partir de 3 Anos<\/td>\n<\/tr>\n<\/tbody>\n<\/table>\n<\/div>\n","protected":false},"excerpt":{"rendered":"<p>O\u00a0Jogo Magn\u00e9tico Quadro das Emo\u00e7\u00f5es,\u00a0\u00e9 uma ferramenta pedag\u00f3gica que auxilia crian\u00e7as a identificar, expressar e compreender seus sentimentos de forma l\u00fadica. O jogo \u00e9 composto por um painel magn\u00e9tico, 30 pe\u00e7as de im\u00e3 (com nomes dos sentimentos, &#8220;emojis&#8221; e express\u00f5es<\/p>\n","protected":false},"featured_media":5864,"comment_status":"open","ping_status":"closed","template":"","meta":[],"product_brand":[234],"product_cat":[211],"product_tag":[],"class_list":{"0":"post-5865","1":"product","2":"type-product","3":"status-publish","6":"product_brand-nig","7":"product_cat-psicomotricidade-jogos-e-brinquedos","9":"first","10":"instock","11":"shipping-taxable","12":"purchasable","13":"product-type-simple"},"_links":{"self":[{"href":"https:\/\/educaredigital.online\/loja\/wp-json\/wp\/v2\/product\/5865","targetHints":{"allow":["GET"]}}],"collection":[{"href":"https:\/\/educaredigital.online\/loja\/wp-json\/wp\/v2\/product"}],"about":[{"href":"https:\/\/educaredigital.online\/loja\/wp-json\/wp\/v2\/types\/product"}],"replies":[{"embeddable":true,"href":"https:\/\/educaredigital.online\/loja\/wp-json\/wp\/v2\/comments?post=5865"}],"wp:featuredmedia":[{"embeddable":true,"href":"https:\/\/educaredigital.online\/loja\/wp-json\/wp\/v2\/media\/5864"}],"wp:attachment":[{"href":"https:\/\/educaredigital.online\/loja\/wp-json\/wp\/v2\/media?parent=5865"}],"wp:term":[{"taxonomy":"product_brand","embeddable":true,"href":"https:\/\/educaredigital.online\/loja\/wp-json\/wp\/v2\/product_brand?post=5865"},{"taxonomy":"product_cat","embeddable":true,"href":"https:\/\/educaredigital.online\/loja\/wp-json\/wp\/v2\/product_cat?post=5865"},{"taxonomy":"product_tag","embeddable":true,"href":"https:\/\/educaredigital.online\/loja\/wp-json\/wp\/v2\/product_tag?post=5865"}],"curies":[{"name":"wp","href":"https:\/\/api.w.org\/{rel}","templated":true}]}}