{"id":5851,"date":"2026-03-31T13:54:04","date_gmt":"2026-03-31T13:54:04","guid":{"rendered":"https:\/\/educaredigital.online\/loja\/produto\/crescer-conta-patos-mad\/"},"modified":"2026-04-24T21:12:45","modified_gmt":"2026-04-24T21:12:45","slug":"crescer-conta-patos-mad","status":"publish","type":"product","link":"https:\/\/educaredigital.online\/loja\/produto\/crescer-conta-patos-mad\/","title":{"rendered":"Crescer &#8211; Conta Patos &#8211; Madeira"},"content":{"rendered":"<p class=\"ds-markdown-paragraph\">O\u00a0<strong>Jogo Conta Patos da Cole\u00e7\u00e3o Crescer<\/strong>, \u00e9 um material pedag\u00f3gico em madeira projetado para ensinar a rela\u00e7\u00e3o entre n\u00fameros e quantidades de forma concreta e l\u00fadica. O conjunto \u00e9 composto por 10 pe\u00e7as de n\u00fameros (de 1 a 10) em MDF, cada uma medindo aproximadamente 8,5 x 12 cm, acompanhadas por 50 pinos de madeira coloridos. A din\u00e2mica do jogo \u00e9 simples e eficaz: a crian\u00e7a deve contar os patinhos ilustrados ao lado de cada n\u00famero e, em seguida, inserir a quantidade correspondente de pinos nos orif\u00edcios da placa, desenvolvendo a associa\u00e7\u00e3o entre o s\u00edmbolo num\u00e9rico e sua representa\u00e7\u00e3o cardinal.<\/p>\n<div class=\"details-table-wrapper\">\n<table class=\"product-details-table\">\n<tbody>\n<tr>\n<td>Marca<\/td>\n<td>Nig<\/td>\n<\/tr>\n<tr>\n<td>Material<\/td>\n<td>\u00a0MDF<\/td>\n<\/tr>\n<tr>\n<td>Faixa Et\u00e1ria<\/td>\n<td>A partir de 3 Anos<\/td>\n<\/tr>\n<tr>\n<td>Quantidade De Jogadores<\/td>\n<td>1 Jogador<\/td>\n<\/tr>\n<\/tbody>\n<\/table>\n<\/div>\n","protected":false},"excerpt":{"rendered":"<p>O\u00a0Jogo Conta Patos da Cole\u00e7\u00e3o Crescer, \u00e9 um material pedag\u00f3gico em madeira projetado para ensinar a rela\u00e7\u00e3o entre n\u00fameros e quantidades de forma concreta e l\u00fadica. O conjunto \u00e9 composto por 10 pe\u00e7as de n\u00fameros (de 1 a 10) em<\/p>\n","protected":false},"featured_media":5850,"comment_status":"open","ping_status":"closed","template":"","meta":[],"product_brand":[234],"product_cat":[210],"product_tag":[],"class_list":{"0":"post-5851","1":"product","2":"type-product","3":"status-publish","6":"product_brand-nig","7":"product_cat-matematica-jogos-e-brinquedos","9":"first","10":"instock","11":"shipping-taxable","12":"purchasable","13":"product-type-simple"},"_links":{"self":[{"href":"https:\/\/educaredigital.online\/loja\/wp-json\/wp\/v2\/product\/5851","targetHints":{"allow":["GET"]}}],"collection":[{"href":"https:\/\/educaredigital.online\/loja\/wp-json\/wp\/v2\/product"}],"about":[{"href":"https:\/\/educaredigital.online\/loja\/wp-json\/wp\/v2\/types\/product"}],"replies":[{"embeddable":true,"href":"https:\/\/educaredigital.online\/loja\/wp-json\/wp\/v2\/comments?post=5851"}],"wp:featuredmedia":[{"embeddable":true,"href":"https:\/\/educaredigital.online\/loja\/wp-json\/wp\/v2\/media\/5850"}],"wp:attachment":[{"href":"https:\/\/educaredigital.online\/loja\/wp-json\/wp\/v2\/media?parent=5851"}],"wp:term":[{"taxonomy":"product_brand","embeddable":true,"href":"https:\/\/educaredigital.online\/loja\/wp-json\/wp\/v2\/product_brand?post=5851"},{"taxonomy":"product_cat","embeddable":true,"href":"https:\/\/educaredigital.online\/loja\/wp-json\/wp\/v2\/product_cat?post=5851"},{"taxonomy":"product_tag","embeddable":true,"href":"https:\/\/educaredigital.online\/loja\/wp-json\/wp\/v2\/product_tag?post=5851"}],"curies":[{"name":"wp","href":"https:\/\/api.w.org\/{rel}","templated":true}]}}