{"id":5714,"date":"2026-03-27T12:07:16","date_gmt":"2026-03-27T12:07:16","guid":{"rendered":"https:\/\/educaredigital.online\/loja\/produto\/gire-e-aprenda-cores\/"},"modified":"2026-03-31T12:01:00","modified_gmt":"2026-03-31T12:01:00","slug":"gire-e-aprenda-cores","status":"publish","type":"product","link":"https:\/\/educaredigital.online\/loja\/produto\/gire-e-aprenda-cores\/","title":{"rendered":"Gire e aprenda! Cores"},"content":{"rendered":"<div class=\"details-table-wrapper\">\n<p><strong>Gire e aprenda! Cores<\/strong> \u00e9 um livro interativo que convida os pequenos a explorar o mundo das cores de maneira divertida e envolvente. Com um mecanismo de girar nas p\u00e1ginas, a obra transforma o aprendizado em uma brincadeira, estimulando a associa\u00e7\u00e3o entre cores, objetos e imagens de forma l\u00fadica.<\/p>\n<p>Perfeito para os primeiros anos, o livro desenvolve a coordena\u00e7\u00e3o motora, a curiosidade e o reconhecimento visual, mostrando que aprender as cores pode ser uma aventura cheia de movimento e divers\u00e3o.<\/p>\n<table class=\"product-details-table\">\n<tbody>\n<tr>\n<td>Autor<\/td>\n<td>P\u00e9 da Letra<\/td>\n<\/tr>\n<tr>\n<td>ISBN<\/td>\n<td>9786558887379<\/td>\n<\/tr>\n<tr>\n<td>Editora<\/td>\n<td>P\u00e9 da Letra<\/td>\n<\/tr>\n<tr>\n<td>N\u00ba de p\u00e1ginas<\/td>\n<td>10<\/td>\n<\/tr>\n<\/tbody>\n<\/table>\n<\/div>\n","protected":false},"excerpt":{"rendered":"<p>Gire e aprenda! Cores \u00e9 um livro interativo que convida os pequenos a explorar o mundo das cores de maneira divertida e envolvente. Com um mecanismo de girar nas p\u00e1ginas, a obra transforma o aprendizado em uma brincadeira, estimulando a<\/p>\n","protected":false},"featured_media":5713,"comment_status":"open","ping_status":"closed","template":"","meta":[],"product_brand":[],"product_cat":[201],"product_tag":[],"class_list":{"0":"post-5714","1":"product","2":"type-product","3":"status-publish","6":"product_cat-livros-4-e-5-anos","8":"first","9":"instock","10":"shipping-taxable","11":"purchasable","12":"product-type-simple"},"_links":{"self":[{"href":"https:\/\/educaredigital.online\/loja\/wp-json\/wp\/v2\/product\/5714","targetHints":{"allow":["GET"]}}],"collection":[{"href":"https:\/\/educaredigital.online\/loja\/wp-json\/wp\/v2\/product"}],"about":[{"href":"https:\/\/educaredigital.online\/loja\/wp-json\/wp\/v2\/types\/product"}],"replies":[{"embeddable":true,"href":"https:\/\/educaredigital.online\/loja\/wp-json\/wp\/v2\/comments?post=5714"}],"wp:featuredmedia":[{"embeddable":true,"href":"https:\/\/educaredigital.online\/loja\/wp-json\/wp\/v2\/media\/5713"}],"wp:attachment":[{"href":"https:\/\/educaredigital.online\/loja\/wp-json\/wp\/v2\/media?parent=5714"}],"wp:term":[{"taxonomy":"product_brand","embeddable":true,"href":"https:\/\/educaredigital.online\/loja\/wp-json\/wp\/v2\/product_brand?post=5714"},{"taxonomy":"product_cat","embeddable":true,"href":"https:\/\/educaredigital.online\/loja\/wp-json\/wp\/v2\/product_cat?post=5714"},{"taxonomy":"product_tag","embeddable":true,"href":"https:\/\/educaredigital.online\/loja\/wp-json\/wp\/v2\/product_tag?post=5714"}],"curies":[{"name":"wp","href":"https:\/\/api.w.org\/{rel}","templated":true}]}}