{"id":5700,"date":"2026-03-27T12:06:57","date_gmt":"2026-03-27T12:06:57","guid":{"rendered":"https:\/\/educaredigital.online\/loja\/produto\/fatos-incriveis-sobre-os-dinossauros\/"},"modified":"2026-03-31T11:44:41","modified_gmt":"2026-03-31T11:44:41","slug":"fatos-incriveis-sobre-os-dinossauros","status":"publish","type":"product","link":"https:\/\/educaredigital.online\/loja\/produto\/fatos-incriveis-sobre-os-dinossauros\/","title":{"rendered":"Fatos Incr\u00edveis Sobre os Dinossauros"},"content":{"rendered":"<div class=\"details-table-wrapper\">\n<p><strong>Fatos Incr\u00edveis Sobre os Dinossauros<\/strong> leva os pequenos exploradores a uma emocionante viagem no tempo para descobrir os gigantes que dominaram a Terra. Com curiosidades surpreendentes e linguagem acess\u00edvel, o livro revela desde o tamanho impressionante do Argentinossauro at\u00e9 os h\u00e1bitos mais inusitados dos predadores mais temidos.<\/p>\n<p>Repleto de ilustra\u00e7\u00f5es vibrantes e informa\u00e7\u00f5es cient\u00edficas apresentadas de forma divertida, a obra desperta a imagina\u00e7\u00e3o e a paix\u00e3o pela paleontologia, mostrando que aprender sobre essas criaturas fascinantes \u00e9 uma aventura incr\u00edvel.<\/p>\n<table class=\"product-details-table\">\n<tbody>\n<tr>\n<td>Autor<\/td>\n<td>Willian Potter<\/td>\n<\/tr>\n<tr>\n<td>ISBN<\/td>\n<td>9788595201965<\/td>\n<\/tr>\n<tr>\n<td>Editora<\/td>\n<td>P\u00e9 da Letra<\/td>\n<\/tr>\n<tr>\n<td>N\u00ba de p\u00e1ginas<\/td>\n<td>104<\/td>\n<\/tr>\n<\/tbody>\n<\/table>\n<\/div>\n","protected":false},"excerpt":{"rendered":"<p>Fatos Incr\u00edveis Sobre os Dinossauros leva os pequenos exploradores a uma emocionante viagem no tempo para descobrir os gigantes que dominaram a Terra. Com curiosidades surpreendentes e linguagem acess\u00edvel, o livro revela desde o tamanho impressionante do Argentinossauro at\u00e9 os<\/p>\n","protected":false},"featured_media":5699,"comment_status":"open","ping_status":"closed","template":"","meta":[],"product_brand":[],"product_cat":[201],"product_tag":[],"class_list":{"0":"post-5700","1":"product","2":"type-product","3":"status-publish","6":"product_cat-livros-4-e-5-anos","8":"first","9":"instock","10":"shipping-taxable","11":"purchasable","12":"product-type-simple"},"_links":{"self":[{"href":"https:\/\/educaredigital.online\/loja\/wp-json\/wp\/v2\/product\/5700","targetHints":{"allow":["GET"]}}],"collection":[{"href":"https:\/\/educaredigital.online\/loja\/wp-json\/wp\/v2\/product"}],"about":[{"href":"https:\/\/educaredigital.online\/loja\/wp-json\/wp\/v2\/types\/product"}],"replies":[{"embeddable":true,"href":"https:\/\/educaredigital.online\/loja\/wp-json\/wp\/v2\/comments?post=5700"}],"wp:featuredmedia":[{"embeddable":true,"href":"https:\/\/educaredigital.online\/loja\/wp-json\/wp\/v2\/media\/5699"}],"wp:attachment":[{"href":"https:\/\/educaredigital.online\/loja\/wp-json\/wp\/v2\/media?parent=5700"}],"wp:term":[{"taxonomy":"product_brand","embeddable":true,"href":"https:\/\/educaredigital.online\/loja\/wp-json\/wp\/v2\/product_brand?post=5700"},{"taxonomy":"product_cat","embeddable":true,"href":"https:\/\/educaredigital.online\/loja\/wp-json\/wp\/v2\/product_cat?post=5700"},{"taxonomy":"product_tag","embeddable":true,"href":"https:\/\/educaredigital.online\/loja\/wp-json\/wp\/v2\/product_tag?post=5700"}],"curies":[{"name":"wp","href":"https:\/\/api.w.org\/{rel}","templated":true}]}}