{"id":5640,"date":"2026-03-27T12:05:31","date_gmt":"2026-03-27T12:05:31","guid":{"rendered":"https:\/\/educaredigital.online\/loja\/produto\/como-funciona-nosso-corpo\/"},"modified":"2026-03-30T13:55:31","modified_gmt":"2026-03-30T13:55:31","slug":"como-funciona-nosso-corpo","status":"publish","type":"product","link":"https:\/\/educaredigital.online\/loja\/produto\/como-funciona-nosso-corpo\/","title":{"rendered":"Nosso Corpo, Como funciona?"},"content":{"rendered":"<p data-start=\"0\" data-end=\"326\"><strong><span class=\"hover:entity-accent entity-underline inline cursor-pointer align-baseline\"><span class=\"whitespace-normal\">Nosso Corpo, Como Funciona?<\/span><\/span>\u00a0<\/strong>apresenta de forma simples e envolvente o funcionamento do corpo humano, despertando a curiosidade das crian\u00e7as sobre como o organismo trabalha no dia a dia. Com explica\u00e7\u00f5es acess\u00edveis, a obra aborda temas como \u00f3rg\u00e3os, sentidos e sistemas do corpo de maneira clara e interessante.<\/p>\n<p data-start=\"328\" data-end=\"589\" data-is-last-node=\"\" data-is-only-node=\"\">Com ilustra\u00e7\u00f5es coloridas e linguagem did\u00e1tica, o livro facilita o aprendizado e estimula o interesse pela ci\u00eancia desde cedo. Ideal para leitura em casa ou na escola, \u00e9 uma excelente ferramenta para aprender sobre o corpo humano de forma divertida e educativa.<\/p>\n<div class=\"details-table-wrapper\">\n<table class=\"product-details-table\">\n<tbody>\n<tr>\n<td>Autor<\/td>\n<td>P\u00e9 Da Letra<\/td>\n<\/tr>\n<tr>\n<td>ISBN<\/td>\n<td>9786558887867<\/td>\n<\/tr>\n<tr>\n<td>Editora<\/td>\n<td>P\u00e9 Da Letra<\/td>\n<\/tr>\n<tr>\n<td>N\u00ba de p\u00e1ginas<\/td>\n<td>14<\/td>\n<\/tr>\n<\/tbody>\n<\/table>\n<\/div>\n","protected":false},"excerpt":{"rendered":"<p>Nosso Corpo, Como Funciona?\u00a0apresenta de forma simples e envolvente o funcionamento do corpo humano, despertando a curiosidade das crian\u00e7as sobre como o organismo trabalha no dia a dia. Com explica\u00e7\u00f5es acess\u00edveis, a obra aborda temas como \u00f3rg\u00e3os, sentidos e sistemas<\/p>\n","protected":false},"featured_media":5639,"comment_status":"open","ping_status":"closed","template":"","meta":[],"product_brand":[],"product_cat":[205],"product_tag":[],"class_list":{"0":"post-5640","1":"product","2":"type-product","3":"status-publish","6":"product_cat-fundamental-4-ao-5","8":"first","9":"instock","10":"shipping-taxable","11":"purchasable","12":"product-type-simple"},"_links":{"self":[{"href":"https:\/\/educaredigital.online\/loja\/wp-json\/wp\/v2\/product\/5640","targetHints":{"allow":["GET"]}}],"collection":[{"href":"https:\/\/educaredigital.online\/loja\/wp-json\/wp\/v2\/product"}],"about":[{"href":"https:\/\/educaredigital.online\/loja\/wp-json\/wp\/v2\/types\/product"}],"replies":[{"embeddable":true,"href":"https:\/\/educaredigital.online\/loja\/wp-json\/wp\/v2\/comments?post=5640"}],"wp:featuredmedia":[{"embeddable":true,"href":"https:\/\/educaredigital.online\/loja\/wp-json\/wp\/v2\/media\/5639"}],"wp:attachment":[{"href":"https:\/\/educaredigital.online\/loja\/wp-json\/wp\/v2\/media?parent=5640"}],"wp:term":[{"taxonomy":"product_brand","embeddable":true,"href":"https:\/\/educaredigital.online\/loja\/wp-json\/wp\/v2\/product_brand?post=5640"},{"taxonomy":"product_cat","embeddable":true,"href":"https:\/\/educaredigital.online\/loja\/wp-json\/wp\/v2\/product_cat?post=5640"},{"taxonomy":"product_tag","embeddable":true,"href":"https:\/\/educaredigital.online\/loja\/wp-json\/wp\/v2\/product_tag?post=5640"}],"curies":[{"name":"wp","href":"https:\/\/api.w.org\/{rel}","templated":true}]}}