{"id":5591,"date":"2026-03-27T12:04:02","date_gmt":"2026-03-27T12:04:02","guid":{"rendered":"https:\/\/educaredigital.online\/loja\/produto\/colecao-fabulas-a-lebre-e-a-tartaruga\/"},"modified":"2026-04-09T17:31:24","modified_gmt":"2026-04-09T17:31:24","slug":"colecao-fabulas-a-lebre-e-a-tartaruga","status":"publish","type":"product","link":"https:\/\/educaredigital.online\/loja\/produto\/colecao-fabulas-a-lebre-e-a-tartaruga\/","title":{"rendered":"Cole\u00e7\u00e3o: F\u00e1bulas &#8211; A Lebre e a Tartaruga"},"content":{"rendered":"<p><strong>Cole\u00e7\u00e3o F\u00e1bulas &#8211; A Lebre e a Tartaruga<\/strong> reconta o cl\u00e1ssico de Esopo sobre a import\u00e2ncia da humildade e da perseveran\u00e7a. A hist\u00f3ria acompanha a lebre, que confiante em sua velocidade, subestima a tartaruga e decide tirar uma soneca durante a corrida, enquanto a tartaruga, lenta mas persistente, segue em frente sem parar at\u00e9 cruzar a linha de chegada.<\/p>\n<p>Com ilustra\u00e7\u00f5es encantadoras e texto em formato de rima, o livro \u00e9 indicado para crian\u00e7as a partir de 3 anos. A obra apresenta a famosa moral de que &#8220;devagar se vai ao longe&#8221; e que a const\u00e2ncia e a determina\u00e7\u00e3o s\u00e3o mais valiosas do que a arrog\u00e2ncia e o talento desperdi\u00e7ado pela falta de esfor\u00e7o.<\/p>\n<div class=\"details-table-wrapper\">\n<table class=\"product-details-table\">\n<tbody>\n<tr>\n<td>Autor<\/td>\n<td>Andr\u00e9 Cerino e P\u00e9 Da Letra<\/td>\n<\/tr>\n<tr>\n<td>ISBN<\/td>\n<td>9786558881551<\/td>\n<\/tr>\n<tr>\n<td>Editora<\/td>\n<td>P\u00e9 Da Letra<\/td>\n<\/tr>\n<tr>\n<td>N\u00ba de p\u00e1ginas<\/td>\n<td>8<\/td>\n<\/tr>\n<\/tbody>\n<\/table>\n<\/div>\n","protected":false},"excerpt":{"rendered":"<p>Cole\u00e7\u00e3o F\u00e1bulas &#8211; A Lebre e a Tartaruga reconta o cl\u00e1ssico de Esopo sobre a import\u00e2ncia da humildade e da perseveran\u00e7a. A hist\u00f3ria acompanha a lebre, que confiante em sua velocidade, subestima a tartaruga e decide tirar uma soneca durante<\/p>\n","protected":false},"featured_media":5590,"comment_status":"open","ping_status":"closed","template":"","meta":[],"product_brand":[],"product_cat":[214],"product_tag":[],"class_list":{"0":"post-5591","1":"product","2":"type-product","3":"status-publish","6":"product_cat-afro-brasileira-e-indigena","8":"first","9":"instock","10":"shipping-taxable","11":"purchasable","12":"product-type-simple"},"_links":{"self":[{"href":"https:\/\/educaredigital.online\/loja\/wp-json\/wp\/v2\/product\/5591","targetHints":{"allow":["GET"]}}],"collection":[{"href":"https:\/\/educaredigital.online\/loja\/wp-json\/wp\/v2\/product"}],"about":[{"href":"https:\/\/educaredigital.online\/loja\/wp-json\/wp\/v2\/types\/product"}],"replies":[{"embeddable":true,"href":"https:\/\/educaredigital.online\/loja\/wp-json\/wp\/v2\/comments?post=5591"}],"wp:featuredmedia":[{"embeddable":true,"href":"https:\/\/educaredigital.online\/loja\/wp-json\/wp\/v2\/media\/5590"}],"wp:attachment":[{"href":"https:\/\/educaredigital.online\/loja\/wp-json\/wp\/v2\/media?parent=5591"}],"wp:term":[{"taxonomy":"product_brand","embeddable":true,"href":"https:\/\/educaredigital.online\/loja\/wp-json\/wp\/v2\/product_brand?post=5591"},{"taxonomy":"product_cat","embeddable":true,"href":"https:\/\/educaredigital.online\/loja\/wp-json\/wp\/v2\/product_cat?post=5591"},{"taxonomy":"product_tag","embeddable":true,"href":"https:\/\/educaredigital.online\/loja\/wp-json\/wp\/v2\/product_tag?post=5591"}],"curies":[{"name":"wp","href":"https:\/\/api.w.org\/{rel}","templated":true}]}}