{"id":5567,"date":"2026-03-27T12:03:34","date_gmt":"2026-03-27T12:03:34","guid":{"rendered":"https:\/\/educaredigital.online\/loja\/produto\/colecao-100-minhas-primeiras-100-cores-e-formas\/"},"modified":"2026-03-27T14:13:27","modified_gmt":"2026-03-27T14:13:27","slug":"colecao-100-minhas-primeiras-100-cores-e-formas","status":"publish","type":"product","link":"https:\/\/educaredigital.online\/loja\/produto\/colecao-100-minhas-primeiras-100-cores-e-formas\/","title":{"rendered":"Cole\u00e7\u00e3o 100 &#8211; Minhas Primeiras 100 Cores e Formas"},"content":{"rendered":"<p><strong>Cole\u00e7\u00e3o 100 &#8211; Minhas Primeiras 100 Cores e Formas<\/strong> \u00e9 um livro pensado para os primeiros passos da aprendizagem, auxiliando beb\u00eas e crian\u00e7as pequenas a reconhecer conceitos simples como cores e formas . Com capa almofadada, cantos arredondados e p\u00e1ginas resistentes, o formato \u00e9 especialmente desenvolvido para o manuseio seguro pelos pequenos, estimulando o desenvolvimento da fala e a forma\u00e7\u00e3o de conceitos por meio de imagens vibrantes e ador\u00e1veis .<\/p>\n<p>Ideal para crian\u00e7as a partir de 0 ano, a obra utiliza fotografias de objetos, animais e alimentos do cotidiano para tornar o aprendizado mais pr\u00f3ximo da realidade infantil . As cores vivas e as ilustra\u00e7\u00f5es atraentes convidam os pequenos leitores a explorar o mundo das formas e das cores de maneira l\u00fadica e educativa, promovendo momentos de descoberta e intera\u00e7\u00e3o entre pais e filhos.<\/p>\n<div class=\"details-table-wrapper\">\n<table class=\"product-details-table\">\n<tbody>\n<tr>\n<td>Autor<\/td>\n<td>P\u00e9 Da Letra<\/td>\n<\/tr>\n<tr>\n<td>ISBN<\/td>\n<td>9786558888512<\/td>\n<\/tr>\n<tr>\n<td>Editora<\/td>\n<td>P\u00e9 Da Letra<\/td>\n<\/tr>\n<tr>\n<td>N\u00ba de p\u00e1ginas<\/td>\n<td>20<\/td>\n<\/tr>\n<\/tbody>\n<\/table>\n<\/div>\n","protected":false},"excerpt":{"rendered":"<p>Cole\u00e7\u00e3o 100 &#8211; Minhas Primeiras 100 Cores e Formas \u00e9 um livro pensado para os primeiros passos da aprendizagem, auxiliando beb\u00eas e crian\u00e7as pequenas a reconhecer conceitos simples como cores e formas . Com capa almofadada, cantos arredondados e p\u00e1ginas<\/p>\n","protected":false},"featured_media":5566,"comment_status":"open","ping_status":"closed","template":"","meta":[],"product_brand":[],"product_cat":[200],"product_tag":[],"class_list":{"0":"post-5567","1":"product","2":"type-product","3":"status-publish","6":"product_cat-0-a-3-anos","8":"first","9":"instock","10":"shipping-taxable","11":"purchasable","12":"product-type-simple"},"_links":{"self":[{"href":"https:\/\/educaredigital.online\/loja\/wp-json\/wp\/v2\/product\/5567","targetHints":{"allow":["GET"]}}],"collection":[{"href":"https:\/\/educaredigital.online\/loja\/wp-json\/wp\/v2\/product"}],"about":[{"href":"https:\/\/educaredigital.online\/loja\/wp-json\/wp\/v2\/types\/product"}],"replies":[{"embeddable":true,"href":"https:\/\/educaredigital.online\/loja\/wp-json\/wp\/v2\/comments?post=5567"}],"wp:featuredmedia":[{"embeddable":true,"href":"https:\/\/educaredigital.online\/loja\/wp-json\/wp\/v2\/media\/5566"}],"wp:attachment":[{"href":"https:\/\/educaredigital.online\/loja\/wp-json\/wp\/v2\/media?parent=5567"}],"wp:term":[{"taxonomy":"product_brand","embeddable":true,"href":"https:\/\/educaredigital.online\/loja\/wp-json\/wp\/v2\/product_brand?post=5567"},{"taxonomy":"product_cat","embeddable":true,"href":"https:\/\/educaredigital.online\/loja\/wp-json\/wp\/v2\/product_cat?post=5567"},{"taxonomy":"product_tag","embeddable":true,"href":"https:\/\/educaredigital.online\/loja\/wp-json\/wp\/v2\/product_tag?post=5567"}],"curies":[{"name":"wp","href":"https:\/\/api.w.org\/{rel}","templated":true}]}}