{"id":5553,"date":"2026-03-27T12:03:11","date_gmt":"2026-03-27T12:03:11","guid":{"rendered":"https:\/\/educaredigital.online\/loja\/produto\/classicos-biblicos-nascimento-de-jesus\/"},"modified":"2026-04-09T15:04:25","modified_gmt":"2026-04-09T15:04:25","slug":"classicos-biblicos-nascimento-de-jesus","status":"publish","type":"product","link":"https:\/\/educaredigital.online\/loja\/produto\/classicos-biblicos-nascimento-de-jesus\/","title":{"rendered":"Cl\u00e1ssicos B\u00edblicos &#8211; Nascimento de Jesus"},"content":{"rendered":"<p><strong>Cl\u00e1ssicos B\u00edblicos &#8211; Nascimento<\/strong> de Jesus narra com sensibilidade e riqueza visual um dos momentos mais celebrados da hist\u00f3ria sagrada: o nascimento do Messias. Com linguagem acess\u00edvel e ilustra\u00e7\u00f5es encantadoras, a obra acompanha desde a anuncia\u00e7\u00e3o do anjo Gabriel \u00e0 Virgem Maria, a viagem para Bel\u00e9m, a falta de lugar na hospedaria, o humilde pres\u00e9pio, at\u00e9 a visita dos pastores e dos reis magos, que vieram adorar o rec\u00e9m-nascido.<\/p>\n<p>Mais do que um relato hist\u00f3rico, o livro convida pequenos e grandes leitores a mergulhar no verdadeiro significado do Natal, celebrando valores como esperan\u00e7a, humildade e amor. Com o cuidado visual que caracteriza a cole\u00e7\u00e3o, a obra torna esse evento fundamental da f\u00e9 crist\u00e3 ainda mais tocante e compreens\u00edvel para todas as gera\u00e7\u00f5es.<\/p>\n<div class=\"details-table-wrapper\">\n<table class=\"product-details-table\">\n<tbody>\n<tr>\n<td>Autor<\/td>\n<td>J\u00e9ssica Olmedo e P\u00e9 Da Letra<\/td>\n<\/tr>\n<tr>\n<td>ISBN<\/td>\n<td>9788595200463<\/td>\n<\/tr>\n<tr>\n<td>Editora<\/td>\n<td>P\u00e9 Da Letra<\/td>\n<\/tr>\n<tr>\n<td>N\u00ba de p\u00e1ginas<\/td>\n<td>14<\/td>\n<\/tr>\n<\/tbody>\n<\/table>\n<\/div>\n","protected":false},"excerpt":{"rendered":"<p>Cl\u00e1ssicos B\u00edblicos &#8211; Nascimento de Jesus narra com sensibilidade e riqueza visual um dos momentos mais celebrados da hist\u00f3ria sagrada: o nascimento do Messias. Com linguagem acess\u00edvel e ilustra\u00e7\u00f5es encantadoras, a obra acompanha desde a anuncia\u00e7\u00e3o do anjo Gabriel \u00e0<\/p>\n","protected":false},"featured_media":5552,"comment_status":"open","ping_status":"closed","template":"","meta":[],"product_brand":[],"product_cat":[202],"product_tag":[],"class_list":{"0":"post-5553","1":"product","2":"type-product","3":"status-publish","6":"product_cat-fundamental1-1ao3","8":"first","9":"instock","10":"shipping-taxable","11":"purchasable","12":"product-type-simple"},"_links":{"self":[{"href":"https:\/\/educaredigital.online\/loja\/wp-json\/wp\/v2\/product\/5553","targetHints":{"allow":["GET"]}}],"collection":[{"href":"https:\/\/educaredigital.online\/loja\/wp-json\/wp\/v2\/product"}],"about":[{"href":"https:\/\/educaredigital.online\/loja\/wp-json\/wp\/v2\/types\/product"}],"replies":[{"embeddable":true,"href":"https:\/\/educaredigital.online\/loja\/wp-json\/wp\/v2\/comments?post=5553"}],"wp:featuredmedia":[{"embeddable":true,"href":"https:\/\/educaredigital.online\/loja\/wp-json\/wp\/v2\/media\/5552"}],"wp:attachment":[{"href":"https:\/\/educaredigital.online\/loja\/wp-json\/wp\/v2\/media?parent=5553"}],"wp:term":[{"taxonomy":"product_brand","embeddable":true,"href":"https:\/\/educaredigital.online\/loja\/wp-json\/wp\/v2\/product_brand?post=5553"},{"taxonomy":"product_cat","embeddable":true,"href":"https:\/\/educaredigital.online\/loja\/wp-json\/wp\/v2\/product_cat?post=5553"},{"taxonomy":"product_tag","embeddable":true,"href":"https:\/\/educaredigital.online\/loja\/wp-json\/wp\/v2\/product_tag?post=5553"}],"curies":[{"name":"wp","href":"https:\/\/api.w.org\/{rel}","templated":true}]}}