{"id":5491,"date":"2026-03-26T14:16:41","date_gmt":"2026-03-26T14:16:41","guid":{"rendered":"https:\/\/educaredigital.online\/loja\/produto\/livro-manipulativo-kit-matematica-financeira\/"},"modified":"2026-04-25T14:55:38","modified_gmt":"2026-04-25T14:55:38","slug":"livro-manipulativo-kit-matematica-financeira","status":"publish","type":"product","link":"https:\/\/educaredigital.online\/loja\/produto\/livro-manipulativo-kit-matematica-financeira\/","title":{"rendered":"Kit Matem\u00e1tica Financeira"},"content":{"rendered":"<p><strong>Kit Matem\u00e1tica Financeira<\/strong> da MMP \u00e9 uma ferramenta pedag\u00f3gica completa que transforma o aprendizado sobre dinheiro em uma experi\u00eancia pr\u00e1tica e divertida . Composto por 106 pe\u00e7as, o kit simula situa\u00e7\u00f5es reais de consumo, permitindo que os alunos aprendam a planejar gastos, comparar pre\u00e7os e realizar opera\u00e7\u00f5es matem\u00e1ticas utilizando o sistema monet\u00e1rio brasileiro.<\/p>\n<p>O kit auxilia no desenvolvimento de diversos conceitos: sistema monet\u00e1rio brasileiro, reconhecimento de c\u00e9dulas e moedas, diferencia\u00e7\u00e3o entre quantia e quantidade, c\u00e1lculo de troco, porcentagem, conceitos de &#8220;\u00e0 vista&#8221; e &#8220;\u00e0 prazo&#8221; com desconto, arredondamento e a aplica\u00e7\u00e3o pr\u00e1tica das quatro opera\u00e7\u00f5es no dia a dia.<\/p>\n<div class=\"details-table-wrapper\">\n<table class=\"product-details-table\">\n<tbody>\n<tr>\n<td>Marca<\/td>\n<td>MMP<\/td>\n<\/tr>\n<tr>\n<td>Material<\/td>\n<td>\u00a0Cartonado e EVA<\/td>\n<\/tr>\n<tr>\n<td>Faixa Et\u00e1ria<\/td>\n<td>A partir de 6 Anos<\/td>\n<\/tr>\n<tr>\n<td>Quantidade De Jogadores<\/td>\n<td>4 a 5 Jogadores<\/td>\n<\/tr>\n<\/tbody>\n<\/table>\n<\/div>\n","protected":false},"excerpt":{"rendered":"<p>Kit Matem\u00e1tica Financeira da MMP \u00e9 uma ferramenta pedag\u00f3gica completa que transforma o aprendizado sobre dinheiro em uma experi\u00eancia pr\u00e1tica e divertida . Composto por 106 pe\u00e7as, o kit simula situa\u00e7\u00f5es reais de consumo, permitindo que os alunos aprendam a<\/p>\n","protected":false},"featured_media":5490,"comment_status":"open","ping_status":"closed","template":"","meta":[],"product_brand":[235],"product_cat":[210],"product_tag":[],"class_list":{"0":"post-5491","1":"product","2":"type-product","3":"status-publish","6":"product_brand-mmp","7":"product_cat-matematica-jogos-e-brinquedos","9":"first","10":"instock","11":"shipping-taxable","12":"purchasable","13":"product-type-simple"},"_links":{"self":[{"href":"https:\/\/educaredigital.online\/loja\/wp-json\/wp\/v2\/product\/5491","targetHints":{"allow":["GET"]}}],"collection":[{"href":"https:\/\/educaredigital.online\/loja\/wp-json\/wp\/v2\/product"}],"about":[{"href":"https:\/\/educaredigital.online\/loja\/wp-json\/wp\/v2\/types\/product"}],"replies":[{"embeddable":true,"href":"https:\/\/educaredigital.online\/loja\/wp-json\/wp\/v2\/comments?post=5491"}],"wp:featuredmedia":[{"embeddable":true,"href":"https:\/\/educaredigital.online\/loja\/wp-json\/wp\/v2\/media\/5490"}],"wp:attachment":[{"href":"https:\/\/educaredigital.online\/loja\/wp-json\/wp\/v2\/media?parent=5491"}],"wp:term":[{"taxonomy":"product_brand","embeddable":true,"href":"https:\/\/educaredigital.online\/loja\/wp-json\/wp\/v2\/product_brand?post=5491"},{"taxonomy":"product_cat","embeddable":true,"href":"https:\/\/educaredigital.online\/loja\/wp-json\/wp\/v2\/product_cat?post=5491"},{"taxonomy":"product_tag","embeddable":true,"href":"https:\/\/educaredigital.online\/loja\/wp-json\/wp\/v2\/product_tag?post=5491"}],"curies":[{"name":"wp","href":"https:\/\/api.w.org\/{rel}","templated":true}]}}