{"id":4025,"date":"2026-03-25T12:35:04","date_gmt":"2026-03-25T12:35:04","guid":{"rendered":"https:\/\/educaredigital.online\/loja\/produto\/classicos-biblicos-davi\/"},"modified":"2026-04-09T15:04:25","modified_gmt":"2026-04-09T15:04:25","slug":"classicos-biblicos-davi","status":"publish","type":"product","link":"https:\/\/educaredigital.online\/loja\/produto\/classicos-biblicos-davi\/","title":{"rendered":"Cl\u00e1ssicos b\u00edblicos &#8211; Davi"},"content":{"rendered":"<p data-start=\"0\" data-end=\"327\"><strong><span class=\"hover:entity-accent entity-underline inline cursor-pointer align-baseline\"><span class=\"whitespace-normal\">Cl\u00e1ssicos B\u00edblicos &#8211; Davi<\/span><\/span><\/strong> apresenta a hist\u00f3ria de Davi, um dos personagens mais marcantes da B\u00edblia, conhecido por sua coragem e f\u00e9. De forma simples e envolvente, a obra narra momentos importantes de sua trajet\u00f3ria, como o famoso confronto com Golias, destacando valores como confian\u00e7a em Deus e supera\u00e7\u00e3o.<\/p>\n<p data-start=\"329\" data-end=\"593\" data-is-last-node=\"\" data-is-only-node=\"\">Com linguagem acess\u00edvel e ilustra\u00e7\u00f5es coloridas, o livro torna a leitura mais atrativa e f\u00e1cil de compreender para as crian\u00e7as. Ideal para leitura em fam\u00edlia ou no ambiente escolar, \u00e9 uma excelente forma de transmitir ensinamentos sobre f\u00e9, coragem e determina\u00e7\u00e3o.<\/p>\n<div class=\"details-table-wrapper\">\n<table class=\"product-details-table\">\n<tbody>\n<tr>\n<td>Autor<\/td>\n<td>J\u00e9ssica Olmedo<\/td>\n<\/tr>\n<tr>\n<td>ISBN<\/td>\n<td>9788595200494<\/td>\n<\/tr>\n<tr>\n<td>Editora<\/td>\n<td>P\u00e9 da Letra<\/td>\n<\/tr>\n<tr>\n<td>N\u00ba de p\u00e1ginas<\/td>\n<td>14<\/td>\n<\/tr>\n<\/tbody>\n<\/table>\n<\/div>\n","protected":false},"excerpt":{"rendered":"<p>Cl\u00e1ssicos B\u00edblicos &#8211; Davi apresenta a hist\u00f3ria de Davi, um dos personagens mais marcantes da B\u00edblia, conhecido por sua coragem e f\u00e9. De forma simples e envolvente, a obra narra momentos importantes de sua trajet\u00f3ria, como o famoso confronto com<\/p>\n","protected":false},"featured_media":4024,"comment_status":"open","ping_status":"closed","template":"","meta":[],"product_brand":[],"product_cat":[202],"product_tag":[],"class_list":{"0":"post-4025","1":"product","2":"type-product","3":"status-publish","6":"product_cat-fundamental1-1ao3","8":"first","9":"instock","10":"shipping-taxable","11":"purchasable","12":"product-type-simple"},"_links":{"self":[{"href":"https:\/\/educaredigital.online\/loja\/wp-json\/wp\/v2\/product\/4025","targetHints":{"allow":["GET"]}}],"collection":[{"href":"https:\/\/educaredigital.online\/loja\/wp-json\/wp\/v2\/product"}],"about":[{"href":"https:\/\/educaredigital.online\/loja\/wp-json\/wp\/v2\/types\/product"}],"replies":[{"embeddable":true,"href":"https:\/\/educaredigital.online\/loja\/wp-json\/wp\/v2\/comments?post=4025"}],"wp:featuredmedia":[{"embeddable":true,"href":"https:\/\/educaredigital.online\/loja\/wp-json\/wp\/v2\/media\/4024"}],"wp:attachment":[{"href":"https:\/\/educaredigital.online\/loja\/wp-json\/wp\/v2\/media?parent=4025"}],"wp:term":[{"taxonomy":"product_brand","embeddable":true,"href":"https:\/\/educaredigital.online\/loja\/wp-json\/wp\/v2\/product_brand?post=4025"},{"taxonomy":"product_cat","embeddable":true,"href":"https:\/\/educaredigital.online\/loja\/wp-json\/wp\/v2\/product_cat?post=4025"},{"taxonomy":"product_tag","embeddable":true,"href":"https:\/\/educaredigital.online\/loja\/wp-json\/wp\/v2\/product_tag?post=4025"}],"curies":[{"name":"wp","href":"https:\/\/api.w.org\/{rel}","templated":true}]}}