{"id":4011,"date":"2026-03-25T12:34:43","date_gmt":"2026-03-25T12:34:43","guid":{"rendered":"https:\/\/educaredigital.online\/loja\/produto\/cabe-todo-mundo-no-meu-mundo-pocket\/"},"modified":"2026-04-09T15:04:25","modified_gmt":"2026-04-09T15:04:25","slug":"cabe-todo-mundo-no-meu-mundo-pocket","status":"publish","type":"product","link":"https:\/\/educaredigital.online\/loja\/produto\/cabe-todo-mundo-no-meu-mundo-pocket\/","title":{"rendered":"Cabe Todo Mundo no meu Mundo"},"content":{"rendered":"<p data-start=\"0\" data-end=\"249\"><strong><span class=\"hover:entity-accent entity-underline inline cursor-pointer align-baseline\"><span class=\"whitespace-normal\">Cabe Todo Mundo no Meu Mundo<\/span><\/span><\/strong> traz uma mensagem especial sobre inclus\u00e3o, respeito e conviv\u00eancia. Por meio de uma hist\u00f3ria sens\u00edvel e envolvente, a obra mostra a import\u00e2ncia de aceitar as diferen\u00e7as e valorizar cada pessoa como \u00fanica.<\/p>\n<p data-start=\"251\" data-end=\"500\" data-is-last-node=\"\" data-is-only-node=\"\">Com linguagem simples e ilustra\u00e7\u00f5es acolhedoras, o livro estimula a empatia e o di\u00e1logo entre crian\u00e7as e adultos. Ideal para leitura em fam\u00edlia ou na escola, \u00e9 uma excelente ferramenta para trabalhar valores essenciais de forma leve e significativa.<\/p>\n<div class=\"details-table-wrapper\">\n<table class=\"product-details-table\">\n<tbody>\n<tr>\n<td>Autor<\/td>\n<td>James Misse<\/td>\n<\/tr>\n<tr>\n<td>ISBN<\/td>\n<td>9788595205062<\/td>\n<\/tr>\n<tr>\n<td>Editora<\/td>\n<td>P\u00e9 da Letra<\/td>\n<\/tr>\n<tr>\n<td>N\u00ba de p\u00e1ginas<\/td>\n<td>16<\/td>\n<\/tr>\n<\/tbody>\n<\/table>\n<\/div>\n","protected":false},"excerpt":{"rendered":"<p>Cabe Todo Mundo no Meu Mundo traz uma mensagem especial sobre inclus\u00e3o, respeito e conviv\u00eancia. Por meio de uma hist\u00f3ria sens\u00edvel e envolvente, a obra mostra a import\u00e2ncia de aceitar as diferen\u00e7as e valorizar cada pessoa como \u00fanica. Com linguagem<\/p>\n","protected":false},"featured_media":4010,"comment_status":"open","ping_status":"closed","template":"","meta":[],"product_brand":[],"product_cat":[214,202],"product_tag":[],"class_list":{"0":"post-4011","1":"product","2":"type-product","3":"status-publish","6":"product_cat-afro-brasileira-e-indigena","7":"product_cat-fundamental1-1ao3","9":"first","10":"instock","11":"shipping-taxable","12":"purchasable","13":"product-type-simple"},"_links":{"self":[{"href":"https:\/\/educaredigital.online\/loja\/wp-json\/wp\/v2\/product\/4011","targetHints":{"allow":["GET"]}}],"collection":[{"href":"https:\/\/educaredigital.online\/loja\/wp-json\/wp\/v2\/product"}],"about":[{"href":"https:\/\/educaredigital.online\/loja\/wp-json\/wp\/v2\/types\/product"}],"replies":[{"embeddable":true,"href":"https:\/\/educaredigital.online\/loja\/wp-json\/wp\/v2\/comments?post=4011"}],"wp:featuredmedia":[{"embeddable":true,"href":"https:\/\/educaredigital.online\/loja\/wp-json\/wp\/v2\/media\/4010"}],"wp:attachment":[{"href":"https:\/\/educaredigital.online\/loja\/wp-json\/wp\/v2\/media?parent=4011"}],"wp:term":[{"taxonomy":"product_brand","embeddable":true,"href":"https:\/\/educaredigital.online\/loja\/wp-json\/wp\/v2\/product_brand?post=4011"},{"taxonomy":"product_cat","embeddable":true,"href":"https:\/\/educaredigital.online\/loja\/wp-json\/wp\/v2\/product_cat?post=4011"},{"taxonomy":"product_tag","embeddable":true,"href":"https:\/\/educaredigital.online\/loja\/wp-json\/wp\/v2\/product_tag?post=4011"}],"curies":[{"name":"wp","href":"https:\/\/api.w.org\/{rel}","templated":true}]}}