{"id":3765,"date":"2026-03-24T12:44:54","date_gmt":"2026-03-24T12:44:54","guid":{"rendered":"https:\/\/educaredigital.online\/loja\/?post_type=product&#038;p=3765"},"modified":"2026-04-14T12:14:06","modified_gmt":"2026-04-14T12:14:06","slug":"escrevendo-com-a-tyta-lousa-de-atividades","status":"publish","type":"product","link":"https:\/\/educaredigital.online\/loja\/produto\/escrevendo-com-a-tyta-lousa-de-atividades\/","title":{"rendered":"Escrevendo Com a Tyta &#8211; Lousa de Atividades"},"content":{"rendered":"<p class=\"ds-markdown-paragraph\"><strong>Escrevendo Com a Tyta &#8211; Lousa de Atividades: <\/strong>\u00e9\u00a0um quadro de atividades em acr\u00edlico desenvolvido para auxiliar no desenvolvimento infantil, sendo recomendado para crian\u00e7as a partir dos 4 anos. Funcionando como um tablet educativo, ele \u00e9 confeccionado em MDF e acr\u00edlico com tinta at\u00f3xica, medindo 35,5 x 27 x 4 cm, e foi projetado para estimular a coordena\u00e7\u00e3o motora fina e a visomotora durante a fase de pr\u00e9-escrita .<\/p>\n<p class=\"ds-markdown-paragraph\">O conjunto acompanha 12 fichas de papel ilustradas que oferecem 24 exerc\u00edcios variados, permitindo que a crian\u00e7a treine o aprendizado de letras, n\u00fameros e formas de maneira l\u00fadica. Al\u00e9m disso, possui um apagador incluso, e seu formato port\u00e1til facilita o transporte, permitindo que a brincadeira educativa seja levada para qualquer lugar.<\/p>\n<div class=\"details-table-wrapper\">\n<table class=\"product-details-table\">\n<tbody>\n<tr>\n<td>Marca<\/td>\n<td>Carlu<\/td>\n<\/tr>\n<tr>\n<td>Material<\/td>\n<td>MDF<\/td>\n<\/tr>\n<tr>\n<td>Faixa Et\u00e1ria<\/td>\n<td>A partir de 4 Anos<\/td>\n<\/tr>\n<\/tbody>\n<\/table>\n<\/div>\n","protected":false},"excerpt":{"rendered":"<p>Escrevendo Com a Tyta &#8211; Lousa de Atividades: \u00e9\u00a0um quadro de atividades em acr\u00edlico desenvolvido para auxiliar no desenvolvimento infantil, sendo recomendado para crian\u00e7as a partir dos 4 anos. Funcionando como um tablet educativo, ele \u00e9 confeccionado em MDF e<\/p>\n","protected":false},"featured_media":3766,"comment_status":"open","ping_status":"closed","template":"","meta":[],"product_brand":[],"product_cat":[209],"product_tag":[],"class_list":{"0":"post-3765","1":"product","2":"type-product","3":"status-publish","6":"product_cat-letramento-jogos-e-brinquedos","8":"first","9":"instock","10":"shipping-taxable","11":"purchasable","12":"product-type-simple"},"_links":{"self":[{"href":"https:\/\/educaredigital.online\/loja\/wp-json\/wp\/v2\/product\/3765","targetHints":{"allow":["GET"]}}],"collection":[{"href":"https:\/\/educaredigital.online\/loja\/wp-json\/wp\/v2\/product"}],"about":[{"href":"https:\/\/educaredigital.online\/loja\/wp-json\/wp\/v2\/types\/product"}],"replies":[{"embeddable":true,"href":"https:\/\/educaredigital.online\/loja\/wp-json\/wp\/v2\/comments?post=3765"}],"wp:featuredmedia":[{"embeddable":true,"href":"https:\/\/educaredigital.online\/loja\/wp-json\/wp\/v2\/media\/3766"}],"wp:attachment":[{"href":"https:\/\/educaredigital.online\/loja\/wp-json\/wp\/v2\/media?parent=3765"}],"wp:term":[{"taxonomy":"product_brand","embeddable":true,"href":"https:\/\/educaredigital.online\/loja\/wp-json\/wp\/v2\/product_brand?post=3765"},{"taxonomy":"product_cat","embeddable":true,"href":"https:\/\/educaredigital.online\/loja\/wp-json\/wp\/v2\/product_cat?post=3765"},{"taxonomy":"product_tag","embeddable":true,"href":"https:\/\/educaredigital.online\/loja\/wp-json\/wp\/v2\/product_tag?post=3765"}],"curies":[{"name":"wp","href":"https:\/\/api.w.org\/{rel}","templated":true}]}}