{"id":3740,"date":"2026-03-23T14:47:00","date_gmt":"2026-03-23T14:47:00","guid":{"rendered":"https:\/\/educaredigital.online\/loja\/produto\/box-anne\/"},"modified":"2026-04-09T14:33:36","modified_gmt":"2026-04-09T14:33:36","slug":"box-anne","status":"publish","type":"product","link":"https:\/\/educaredigital.online\/loja\/produto\/box-anne\/","title":{"rendered":"Box &#8211; Anne Shirley"},"content":{"rendered":"<p><strong>Box &#8211; Anne<\/strong> re\u00fane as encantadoras hist\u00f3rias da inesquec\u00edvel Anne Shirley, uma jovem sonhadora, inteligente e cheia de imagina\u00e7\u00e3o. Ao longo dos livros, os leitores acompanham suas aventuras, desafios e descobertas, sempre marcadas por sensibilidade e um olhar \u00fanico sobre o mundo.<\/p>\n<p>Com uma narrativa envolvente e inspiradora, o box \u00e9 ideal para quem aprecia hist\u00f3rias emocionantes sobre crescimento, amizade e supera\u00e7\u00e3o. Perfeito para leitores de todas as idades, \u00e9 uma cole\u00e7\u00e3o que encanta gera\u00e7\u00f5es e convida a mergulhar em um universo cheio de emo\u00e7\u00f5es e aprendizados.<\/p>\n<div class=\"details-table-wrapper\">\n<table class=\"product-details-table\">\n<tbody>\n<tr>\n<td>Autor<\/td>\n<td>L.M. Montgomery<\/td>\n<\/tr>\n<tr>\n<td>ISBN<\/td>\n<td>9788595202641<\/td>\n<\/tr>\n<tr>\n<td>Editora<\/td>\n<td>P\u00e9 da Letra<\/td>\n<\/tr>\n<tr>\n<td>Tr\u00eas T\u00edtulos<\/td>\n<td>Anne de Green Gables, Anne de Avonlea e Anne da Ilha<\/td>\n<\/tr>\n<\/tbody>\n<\/table>\n<\/div>\n","protected":false},"excerpt":{"rendered":"<p>Box &#8211; Anne re\u00fane as encantadoras hist\u00f3rias da inesquec\u00edvel Anne Shirley, uma jovem sonhadora, inteligente e cheia de imagina\u00e7\u00e3o. Ao longo dos livros, os leitores acompanham suas aventuras, desafios e descobertas, sempre marcadas por sensibilidade e um olhar \u00fanico sobre<\/p>\n","protected":false},"featured_media":3739,"comment_status":"open","ping_status":"closed","template":"","meta":[],"product_brand":[],"product_cat":[206],"product_tag":[],"class_list":{"0":"post-3740","1":"product","2":"type-product","3":"status-publish","6":"product_cat-fundamental-2-6o-ao-9o","8":"first","9":"instock","10":"shipping-taxable","11":"purchasable","12":"product-type-simple"},"_links":{"self":[{"href":"https:\/\/educaredigital.online\/loja\/wp-json\/wp\/v2\/product\/3740","targetHints":{"allow":["GET"]}}],"collection":[{"href":"https:\/\/educaredigital.online\/loja\/wp-json\/wp\/v2\/product"}],"about":[{"href":"https:\/\/educaredigital.online\/loja\/wp-json\/wp\/v2\/types\/product"}],"replies":[{"embeddable":true,"href":"https:\/\/educaredigital.online\/loja\/wp-json\/wp\/v2\/comments?post=3740"}],"wp:featuredmedia":[{"embeddable":true,"href":"https:\/\/educaredigital.online\/loja\/wp-json\/wp\/v2\/media\/3739"}],"wp:attachment":[{"href":"https:\/\/educaredigital.online\/loja\/wp-json\/wp\/v2\/media?parent=3740"}],"wp:term":[{"taxonomy":"product_brand","embeddable":true,"href":"https:\/\/educaredigital.online\/loja\/wp-json\/wp\/v2\/product_brand?post=3740"},{"taxonomy":"product_cat","embeddable":true,"href":"https:\/\/educaredigital.online\/loja\/wp-json\/wp\/v2\/product_cat?post=3740"},{"taxonomy":"product_tag","embeddable":true,"href":"https:\/\/educaredigital.online\/loja\/wp-json\/wp\/v2\/product_tag?post=3740"}],"curies":[{"name":"wp","href":"https:\/\/api.w.org\/{rel}","templated":true}]}}