{"id":3730,"date":"2026-03-23T14:46:48","date_gmt":"2026-03-23T14:46:48","guid":{"rendered":"https:\/\/educaredigital.online\/loja\/produto\/andre-reboucas\/"},"modified":"2026-04-09T14:23:37","modified_gmt":"2026-04-09T14:23:37","slug":"andre-reboucas","status":"publish","type":"product","link":"https:\/\/educaredigital.online\/loja\/produto\/andre-reboucas\/","title":{"rendered":"Andre Rebou\u00e7as"},"content":{"rendered":"<p data-start=\"0\" data-end=\"298\"><strong><span class=\"hover:entity-accent entity-underline inline cursor-pointer align-baseline\"><span class=\"whitespace-normal\">Andr\u00e9 Rebou\u00e7as<\/span><\/span> <\/strong>apresenta a inspiradora hist\u00f3ria de <span class=\"hover:entity-accent entity-underline inline cursor-pointer align-baseline\"><span class=\"whitespace-normal\">Andr\u00e9 Rebou\u00e7as<\/span><\/span>, um importante engenheiro, inventor e defensor da aboli\u00e7\u00e3o da escravid\u00e3o no Brasil. A obra mostra sua trajet\u00f3ria, suas conquistas e seu papel fundamental na luta por justi\u00e7a e igualdade.<\/p>\n<p data-start=\"300\" data-end=\"587\" data-is-last-node=\"\" data-is-only-node=\"\">Com linguagem acess\u00edvel e abordagem educativa, o livro aproxima as crian\u00e7as da hist\u00f3ria do Brasil, destacando valores como determina\u00e7\u00e3o, coragem e compromisso social. Ideal para o p\u00fablico infantil, \u00e9 uma excelente forma de aprender sobre figuras hist\u00f3ricas de maneira leve e inspiradora.<\/p>\n<div class=\"details-table-wrapper\">\n<table class=\"product-details-table\">\n<tbody>\n<tr>\n<td>Autor<\/td>\n<td>Monica Fleischer e P\u00e9 da Letra<\/td>\n<\/tr>\n<tr>\n<td>ISBN<\/td>\n<td>9786558885986<\/td>\n<\/tr>\n<tr>\n<td>Editora<\/td>\n<td>P\u00e9 da Letra<\/td>\n<\/tr>\n<tr>\n<td>N\u00ba de p\u00e1ginas<\/td>\n<td>16<\/td>\n<\/tr>\n<\/tbody>\n<\/table>\n<\/div>\n","protected":false},"excerpt":{"rendered":"<p>Andr\u00e9 Rebou\u00e7as apresenta a inspiradora hist\u00f3ria de Andr\u00e9 Rebou\u00e7as, um importante engenheiro, inventor e defensor da aboli\u00e7\u00e3o da escravid\u00e3o no Brasil. A obra mostra sua trajet\u00f3ria, suas conquistas e seu papel fundamental na luta por justi\u00e7a e igualdade. Com linguagem<\/p>\n","protected":false},"featured_media":3729,"comment_status":"open","ping_status":"closed","template":"","meta":[],"product_brand":[],"product_cat":[214],"product_tag":[],"class_list":{"0":"post-3730","1":"product","2":"type-product","3":"status-publish","6":"product_cat-afro-brasileira-e-indigena","8":"first","9":"instock","10":"shipping-taxable","11":"purchasable","12":"product-type-simple"},"_links":{"self":[{"href":"https:\/\/educaredigital.online\/loja\/wp-json\/wp\/v2\/product\/3730","targetHints":{"allow":["GET"]}}],"collection":[{"href":"https:\/\/educaredigital.online\/loja\/wp-json\/wp\/v2\/product"}],"about":[{"href":"https:\/\/educaredigital.online\/loja\/wp-json\/wp\/v2\/types\/product"}],"replies":[{"embeddable":true,"href":"https:\/\/educaredigital.online\/loja\/wp-json\/wp\/v2\/comments?post=3730"}],"wp:featuredmedia":[{"embeddable":true,"href":"https:\/\/educaredigital.online\/loja\/wp-json\/wp\/v2\/media\/3729"}],"wp:attachment":[{"href":"https:\/\/educaredigital.online\/loja\/wp-json\/wp\/v2\/media?parent=3730"}],"wp:term":[{"taxonomy":"product_brand","embeddable":true,"href":"https:\/\/educaredigital.online\/loja\/wp-json\/wp\/v2\/product_brand?post=3730"},{"taxonomy":"product_cat","embeddable":true,"href":"https:\/\/educaredigital.online\/loja\/wp-json\/wp\/v2\/product_cat?post=3730"},{"taxonomy":"product_tag","embeddable":true,"href":"https:\/\/educaredigital.online\/loja\/wp-json\/wp\/v2\/product_tag?post=3730"}],"curies":[{"name":"wp","href":"https:\/\/api.w.org\/{rel}","templated":true}]}}