{"id":3716,"date":"2026-03-23T14:46:37","date_gmt":"2026-03-23T14:46:37","guid":{"rendered":"https:\/\/educaredigital.online\/loja\/produto\/500-fatos-fantasticos-sobre-o-espaco\/"},"modified":"2026-04-09T14:17:19","modified_gmt":"2026-04-09T14:17:19","slug":"500-fatos-fantasticos-sobre-o-espaco","status":"publish","type":"product","link":"https:\/\/educaredigital.online\/loja\/produto\/500-fatos-fantasticos-sobre-o-espaco\/","title":{"rendered":"500 fatos Fant\u00e1sticos Sobre o Espa\u00e7o"},"content":{"rendered":"<p data-start=\"0\" data-end=\"298\"><strong><span class=\"hover:entity-accent entity-underline inline cursor-pointer align-baseline\"><span class=\"whitespace-normal\">500 Fatos Fant\u00e1sticos Sobre o Espa\u00e7o<\/span><\/span><\/strong> convida os leitores a explorarem os mist\u00e9rios do universo de forma divertida e acess\u00edvel. Com uma sele\u00e7\u00e3o de fatos surpreendentes, a obra apresenta curiosidades sobre planetas, estrelas, gal\u00e1xias e outros fen\u00f4menos espaciais que despertam a imagina\u00e7\u00e3o.<\/p>\n<p data-start=\"300\" data-end=\"581\" data-is-last-node=\"\" data-is-only-node=\"\">Com linguagem simples e conte\u00fado envolvente, o livro estimula o interesse pela ci\u00eancia e pelo cosmos, incentivando a curiosidade e o aprendizado cont\u00ednuo. Ideal para todas as idades, \u00e9 uma excelente op\u00e7\u00e3o para quem deseja descobrir mais sobre o espa\u00e7o de maneira leve e fascinante.<\/p>\n<div class=\"details-table-wrapper\">\n<table class=\"product-details-table\">\n<tbody>\n<tr>\n<td>Autor<\/td>\n<td>Anne Rooney e P\u00e9 da Letra<\/td>\n<\/tr>\n<tr>\n<td>ISBN<\/td>\n<td>9786586181449<\/td>\n<\/tr>\n<tr>\n<td>Editora<\/td>\n<td>P\u00e9 da Letra<\/td>\n<\/tr>\n<tr>\n<td>N\u00ba de p\u00e1ginas<\/td>\n<td>304<\/td>\n<\/tr>\n<\/tbody>\n<\/table>\n<\/div>\n","protected":false},"excerpt":{"rendered":"<p>500 Fatos Fant\u00e1sticos Sobre o Espa\u00e7o convida os leitores a explorarem os mist\u00e9rios do universo de forma divertida e acess\u00edvel. Com uma sele\u00e7\u00e3o de fatos surpreendentes, a obra apresenta curiosidades sobre planetas, estrelas, gal\u00e1xias e outros fen\u00f4menos espaciais que despertam<\/p>\n","protected":false},"featured_media":0,"comment_status":"open","ping_status":"closed","template":"","meta":[],"product_brand":[],"product_cat":[205],"product_tag":[],"class_list":{"1":"product","2":"type-product","3":"status-publish","5":"product_cat-fundamental-4-ao-5","7":"first","8":"instock","9":"shipping-taxable","10":"purchasable","11":"product-type-simple"},"_links":{"self":[{"href":"https:\/\/educaredigital.online\/loja\/wp-json\/wp\/v2\/product\/3716","targetHints":{"allow":["GET"]}}],"collection":[{"href":"https:\/\/educaredigital.online\/loja\/wp-json\/wp\/v2\/product"}],"about":[{"href":"https:\/\/educaredigital.online\/loja\/wp-json\/wp\/v2\/types\/product"}],"replies":[{"embeddable":true,"href":"https:\/\/educaredigital.online\/loja\/wp-json\/wp\/v2\/comments?post=3716"}],"wp:attachment":[{"href":"https:\/\/educaredigital.online\/loja\/wp-json\/wp\/v2\/media?parent=3716"}],"wp:term":[{"taxonomy":"product_brand","embeddable":true,"href":"https:\/\/educaredigital.online\/loja\/wp-json\/wp\/v2\/product_brand?post=3716"},{"taxonomy":"product_cat","embeddable":true,"href":"https:\/\/educaredigital.online\/loja\/wp-json\/wp\/v2\/product_cat?post=3716"},{"taxonomy":"product_tag","embeddable":true,"href":"https:\/\/educaredigital.online\/loja\/wp-json\/wp\/v2\/product_tag?post=3716"}],"curies":[{"name":"wp","href":"https:\/\/api.w.org\/{rel}","templated":true}]}}