{"id":3713,"date":"2026-03-23T14:46:35","date_gmt":"2026-03-23T14:46:35","guid":{"rendered":"https:\/\/educaredigital.online\/loja\/produto\/500-fatos-fantasticos-sobre-as-invencoes\/"},"modified":"2026-04-09T14:17:19","modified_gmt":"2026-04-09T14:17:19","slug":"500-fatos-fantasticos-sobre-as-invencoes","status":"publish","type":"product","link":"https:\/\/educaredigital.online\/loja\/produto\/500-fatos-fantasticos-sobre-as-invencoes\/","title":{"rendered":"500 Fatos Fant\u00e1sticos Sobre as Inven\u00e7\u00f5es"},"content":{"rendered":"<p data-start=\"0\" data-end=\"299\"><strong><span class=\"hover:entity-accent entity-underline inline cursor-pointer align-baseline\"><span class=\"whitespace-normal\">500 Fatos Fant\u00e1sticos Sobre as Inven\u00e7\u00f5es<\/span><\/span><\/strong> apresenta uma sele\u00e7\u00e3o incr\u00edvel de informa\u00e7\u00f5es sobre as cria\u00e7\u00f5es que transformaram o mundo ao longo da hist\u00f3ria. Com fatos curiosos e surpreendentes, a obra revela detalhes interessantes sobre inven\u00e7\u00f5es famosas e o impacto que tiveram no nosso dia a dia.<\/p>\n<p data-start=\"301\" data-end=\"524\" data-is-last-node=\"\" data-is-only-node=\"\">Com linguagem simples e envolvente, o livro desperta a curiosidade e estimula o interesse pelo conhecimento e pela inova\u00e7\u00e3o. Ideal para leitores de todas as idades, \u00e9 uma \u00f3tima op\u00e7\u00e3o para aprender de forma leve e divertida.<\/p>\n<div class=\"details-table-wrapper\">\n<table class=\"product-details-table\">\n<tbody>\n<tr>\n<td>Autor<\/td>\n<td>Anne Rooney e P\u00e9 da Letra<\/td>\n<\/tr>\n<tr>\n<td>ISBN<\/td>\n<td>9786586181708<\/td>\n<\/tr>\n<tr>\n<td>Editora<\/td>\n<td>P\u00e9 da Letra<\/td>\n<\/tr>\n<tr>\n<td>N\u00ba de p\u00e1ginas<\/td>\n<td>304<\/td>\n<\/tr>\n<\/tbody>\n<\/table>\n<\/div>\n","protected":false},"excerpt":{"rendered":"<p>500 Fatos Fant\u00e1sticos Sobre as Inven\u00e7\u00f5es apresenta uma sele\u00e7\u00e3o incr\u00edvel de informa\u00e7\u00f5es sobre as cria\u00e7\u00f5es que transformaram o mundo ao longo da hist\u00f3ria. Com fatos curiosos e surpreendentes, a obra revela detalhes interessantes sobre inven\u00e7\u00f5es famosas e o impacto que<\/p>\n","protected":false},"featured_media":3712,"comment_status":"open","ping_status":"closed","template":"","meta":[],"product_brand":[],"product_cat":[205],"product_tag":[],"class_list":{"0":"post-3713","1":"product","2":"type-product","3":"status-publish","6":"product_cat-fundamental-4-ao-5","8":"first","9":"instock","10":"shipping-taxable","11":"purchasable","12":"product-type-simple"},"_links":{"self":[{"href":"https:\/\/educaredigital.online\/loja\/wp-json\/wp\/v2\/product\/3713","targetHints":{"allow":["GET"]}}],"collection":[{"href":"https:\/\/educaredigital.online\/loja\/wp-json\/wp\/v2\/product"}],"about":[{"href":"https:\/\/educaredigital.online\/loja\/wp-json\/wp\/v2\/types\/product"}],"replies":[{"embeddable":true,"href":"https:\/\/educaredigital.online\/loja\/wp-json\/wp\/v2\/comments?post=3713"}],"wp:featuredmedia":[{"embeddable":true,"href":"https:\/\/educaredigital.online\/loja\/wp-json\/wp\/v2\/media\/3712"}],"wp:attachment":[{"href":"https:\/\/educaredigital.online\/loja\/wp-json\/wp\/v2\/media?parent=3713"}],"wp:term":[{"taxonomy":"product_brand","embeddable":true,"href":"https:\/\/educaredigital.online\/loja\/wp-json\/wp\/v2\/product_brand?post=3713"},{"taxonomy":"product_cat","embeddable":true,"href":"https:\/\/educaredigital.online\/loja\/wp-json\/wp\/v2\/product_cat?post=3713"},{"taxonomy":"product_tag","embeddable":true,"href":"https:\/\/educaredigital.online\/loja\/wp-json\/wp\/v2\/product_tag?post=3713"}],"curies":[{"name":"wp","href":"https:\/\/api.w.org\/{rel}","templated":true}]}}