{"id":3711,"date":"2026-03-23T14:46:33","date_gmt":"2026-03-23T14:46:33","guid":{"rendered":"https:\/\/educaredigital.online\/loja\/produto\/500-fatos-fantasticos-sobre-animais\/"},"modified":"2026-04-09T14:17:19","modified_gmt":"2026-04-09T14:17:19","slug":"500-fatos-fantasticos-sobre-animais","status":"publish","type":"product","link":"https:\/\/educaredigital.online\/loja\/produto\/500-fatos-fantasticos-sobre-animais\/","title":{"rendered":"500 Fatos Fant\u00e1sticos Sobre Animais"},"content":{"rendered":"<p data-start=\"0\" data-end=\"264\"><strong><span class=\"hover:entity-accent entity-underline inline cursor-pointer align-baseline\"><span class=\"whitespace-normal\">500 Fatos Fant\u00e1sticos Sobre Animais<\/span><\/span><\/strong> \u00e9 uma leitura envolvente que apresenta uma incr\u00edvel variedade de informa\u00e7\u00f5es curiosas sobre o mundo animal. Com fatos surpreendentes e interessantes, a obra desperta a curiosidade e encanta leitores de todas as idades.<\/p>\n<p data-start=\"266\" data-end=\"519\" data-is-last-node=\"\" data-is-only-node=\"\">Com linguagem simples e conte\u00fado din\u00e2mico, o livro estimula o aprendizado de forma leve e divertida, ampliando o conhecimento sobre diferentes esp\u00e9cies e seus h\u00e1bitos. Ideal para quem ama animais, \u00e9 uma excelente op\u00e7\u00e3o para aprender enquanto se diverte.<\/p>\n<div class=\"details-table-wrapper\">\n<table class=\"product-details-table\">\n<tbody>\n<tr>\n<td>Autor<\/td>\n<td>Clare Hibbert, <span class=\"a-truncate-full a-offscreen\">Dan Green e <\/span>P\u00e9 da Letra<\/td>\n<\/tr>\n<tr>\n<td>ISBN<\/td>\n<td>9786558885818<\/td>\n<\/tr>\n<tr>\n<td>Editora<\/td>\n<td>P\u00e9 da Letra<\/td>\n<\/tr>\n<tr>\n<td>N\u00ba de p\u00e1ginas<\/td>\n<td>304<\/td>\n<\/tr>\n<\/tbody>\n<\/table>\n<\/div>\n","protected":false},"excerpt":{"rendered":"<p>500 Fatos Fant\u00e1sticos Sobre Animais \u00e9 uma leitura envolvente que apresenta uma incr\u00edvel variedade de informa\u00e7\u00f5es curiosas sobre o mundo animal. Com fatos surpreendentes e interessantes, a obra desperta a curiosidade e encanta leitores de todas as idades. Com linguagem<\/p>\n","protected":false},"featured_media":3710,"comment_status":"open","ping_status":"closed","template":"","meta":[],"product_brand":[],"product_cat":[205],"product_tag":[],"class_list":{"0":"post-3711","1":"product","2":"type-product","3":"status-publish","6":"product_cat-fundamental-4-ao-5","8":"first","9":"instock","10":"shipping-taxable","11":"purchasable","12":"product-type-simple"},"_links":{"self":[{"href":"https:\/\/educaredigital.online\/loja\/wp-json\/wp\/v2\/product\/3711","targetHints":{"allow":["GET"]}}],"collection":[{"href":"https:\/\/educaredigital.online\/loja\/wp-json\/wp\/v2\/product"}],"about":[{"href":"https:\/\/educaredigital.online\/loja\/wp-json\/wp\/v2\/types\/product"}],"replies":[{"embeddable":true,"href":"https:\/\/educaredigital.online\/loja\/wp-json\/wp\/v2\/comments?post=3711"}],"wp:featuredmedia":[{"embeddable":true,"href":"https:\/\/educaredigital.online\/loja\/wp-json\/wp\/v2\/media\/3710"}],"wp:attachment":[{"href":"https:\/\/educaredigital.online\/loja\/wp-json\/wp\/v2\/media?parent=3711"}],"wp:term":[{"taxonomy":"product_brand","embeddable":true,"href":"https:\/\/educaredigital.online\/loja\/wp-json\/wp\/v2\/product_brand?post=3711"},{"taxonomy":"product_cat","embeddable":true,"href":"https:\/\/educaredigital.online\/loja\/wp-json\/wp\/v2\/product_cat?post=3711"},{"taxonomy":"product_tag","embeddable":true,"href":"https:\/\/educaredigital.online\/loja\/wp-json\/wp\/v2\/product_tag?post=3711"}],"curies":[{"name":"wp","href":"https:\/\/api.w.org\/{rel}","templated":true}]}}