{"id":3695,"date":"2026-03-23T14:46:16","date_gmt":"2026-03-23T14:46:16","guid":{"rendered":"https:\/\/educaredigital.online\/loja\/produto\/365-passatempos-curiosidades-de-ciencia\/"},"modified":"2026-03-24T12:27:45","modified_gmt":"2026-03-24T12:27:45","slug":"365-passatempos-curiosidades-de-ciencia","status":"publish","type":"product","link":"https:\/\/educaredigital.online\/loja\/produto\/365-passatempos-curiosidades-de-ciencia\/","title":{"rendered":"365 Passatempos &#038; Curiosidades de Ci\u00eancia"},"content":{"rendered":"<p><strong>365 Passatempos &amp; Curiosidades de Ci\u00eancia<\/strong> \u00e9 perfeito para quem deseja aprender e se divertir ao mesmo tempo. Com uma proposta interativa, a obra traz desafios, jogos e curiosidades cient\u00edficas para cada dia do ano, despertando o interesse pelo conhecimento de forma leve e envolvente.<\/p>\n<p>Com linguagem acess\u00edvel e atividades variadas, o livro estimula o racioc\u00ednio l\u00f3gico, a curiosidade e o pensamento cr\u00edtico. Ideal para leitores de todas as idades, \u00e9 uma excelente op\u00e7\u00e3o para transformar o aprendizado em uma experi\u00eancia divertida e cheia de descobertas.<\/p>\n<div class=\"details-table-wrapper\">\n<table class=\"product-details-table\">\n<tbody>\n<tr>\n<td>Autor<\/td>\n<td>James Misse e P\u00e9 da Letra<\/td>\n<\/tr>\n<tr>\n<td>ISBN<\/td>\n<td>9786558884590<\/td>\n<\/tr>\n<tr>\n<td>Editora<\/td>\n<td>P\u00e9 da Letra<\/td>\n<\/tr>\n<tr>\n<td>N\u00ba de p\u00e1ginas<\/td>\n<td>368<\/td>\n<\/tr>\n<\/tbody>\n<\/table>\n<\/div>\n","protected":false},"excerpt":{"rendered":"<p>365 Passatempos &amp; Curiosidades de Ci\u00eancia \u00e9 perfeito para quem deseja aprender e se divertir ao mesmo tempo. Com uma proposta interativa, a obra traz desafios, jogos e curiosidades cient\u00edficas para cada dia do ano, despertando o interesse pelo conhecimento<\/p>\n","protected":false},"featured_media":3694,"comment_status":"open","ping_status":"closed","template":"","meta":[],"product_brand":[],"product_cat":[205],"product_tag":[],"class_list":{"0":"post-3695","1":"product","2":"type-product","3":"status-publish","6":"product_cat-fundamental-4-ao-5","8":"first","9":"instock","10":"shipping-taxable","11":"purchasable","12":"product-type-simple"},"_links":{"self":[{"href":"https:\/\/educaredigital.online\/loja\/wp-json\/wp\/v2\/product\/3695","targetHints":{"allow":["GET"]}}],"collection":[{"href":"https:\/\/educaredigital.online\/loja\/wp-json\/wp\/v2\/product"}],"about":[{"href":"https:\/\/educaredigital.online\/loja\/wp-json\/wp\/v2\/types\/product"}],"replies":[{"embeddable":true,"href":"https:\/\/educaredigital.online\/loja\/wp-json\/wp\/v2\/comments?post=3695"}],"wp:featuredmedia":[{"embeddable":true,"href":"https:\/\/educaredigital.online\/loja\/wp-json\/wp\/v2\/media\/3694"}],"wp:attachment":[{"href":"https:\/\/educaredigital.online\/loja\/wp-json\/wp\/v2\/media?parent=3695"}],"wp:term":[{"taxonomy":"product_brand","embeddable":true,"href":"https:\/\/educaredigital.online\/loja\/wp-json\/wp\/v2\/product_brand?post=3695"},{"taxonomy":"product_cat","embeddable":true,"href":"https:\/\/educaredigital.online\/loja\/wp-json\/wp\/v2\/product_cat?post=3695"},{"taxonomy":"product_tag","embeddable":true,"href":"https:\/\/educaredigital.online\/loja\/wp-json\/wp\/v2\/product_tag?post=3695"}],"curies":[{"name":"wp","href":"https:\/\/api.w.org\/{rel}","templated":true}]}}