{"id":3691,"date":"2026-03-23T14:46:13","date_gmt":"2026-03-23T14:46:13","guid":{"rendered":"https:\/\/educaredigital.online\/loja\/produto\/365-palavras-cruzadas-diversos\/"},"modified":"2026-03-24T12:24:53","modified_gmt":"2026-03-24T12:24:53","slug":"365-palavras-cruzadas-diversos","status":"publish","type":"product","link":"https:\/\/educaredigital.online\/loja\/produto\/365-palavras-cruzadas-diversos\/","title":{"rendered":"365 Palavras Cruzadas &#8211; Diversos"},"content":{"rendered":"<p><strong>365 Palavras Cruzadas &#8211; Diversos<\/strong> \u00e9 uma excelente op\u00e7\u00e3o para quem busca desafios di\u00e1rios e momentos de divers\u00e3o ao longo do ano. Com uma atividade para cada dia, a obra re\u00fane palavras cruzadas que estimulam o racioc\u00ednio l\u00f3gico, a mem\u00f3ria e o vocabul\u00e1rio de forma leve e envolvente.<\/p>\n<p>Com organiza\u00e7\u00e3o pr\u00e1tica e visual agrad\u00e1vel, o livro \u00e9 ideal para diferentes n\u00edveis de habilidade, proporcionando entretenimento educativo para todas as idades. Perfeito para o dia a dia, \u00e9 uma \u00f3tima maneira de exercitar a mente enquanto se diverte.<\/p>\n<div class=\"details-table-wrapper\">\n<table class=\"product-details-table\">\n<tr>\n<td>Autor<\/td>\n<td>\tJames Misse e P\u00e9 da Letra<\/td>\n<\/tr>\n<tr>\n<td>ISBN<\/td>\n<td>9786558881681<\/td>\n<\/tr>\n<tr>\n<td>Editora<\/td>\n<td>P\u00e9 da Letra<\/td>\n<\/tr>\n<tr>\n<td>N\u00ba de p\u00e1ginas<\/td>\n<td>368<\/td>\n<\/tr>\n<\/table><\/div>\n","protected":false},"excerpt":{"rendered":"<p>365 Palavras Cruzadas &#8211; Diversos \u00e9 uma excelente op\u00e7\u00e3o para quem busca desafios di\u00e1rios e momentos de divers\u00e3o ao longo do ano. Com uma atividade para cada dia, a obra re\u00fane palavras cruzadas que estimulam o racioc\u00ednio l\u00f3gico, a mem\u00f3ria<\/p>\n","protected":false},"featured_media":3690,"comment_status":"open","ping_status":"closed","template":"","meta":[],"product_brand":[],"product_cat":[205],"product_tag":[],"class_list":{"0":"post-3691","1":"product","2":"type-product","3":"status-publish","6":"product_cat-fundamental-4-ao-5","8":"first","9":"instock","10":"shipping-taxable","11":"purchasable","12":"product-type-simple"},"_links":{"self":[{"href":"https:\/\/educaredigital.online\/loja\/wp-json\/wp\/v2\/product\/3691","targetHints":{"allow":["GET"]}}],"collection":[{"href":"https:\/\/educaredigital.online\/loja\/wp-json\/wp\/v2\/product"}],"about":[{"href":"https:\/\/educaredigital.online\/loja\/wp-json\/wp\/v2\/types\/product"}],"replies":[{"embeddable":true,"href":"https:\/\/educaredigital.online\/loja\/wp-json\/wp\/v2\/comments?post=3691"}],"wp:featuredmedia":[{"embeddable":true,"href":"https:\/\/educaredigital.online\/loja\/wp-json\/wp\/v2\/media\/3690"}],"wp:attachment":[{"href":"https:\/\/educaredigital.online\/loja\/wp-json\/wp\/v2\/media?parent=3691"}],"wp:term":[{"taxonomy":"product_brand","embeddable":true,"href":"https:\/\/educaredigital.online\/loja\/wp-json\/wp\/v2\/product_brand?post=3691"},{"taxonomy":"product_cat","embeddable":true,"href":"https:\/\/educaredigital.online\/loja\/wp-json\/wp\/v2\/product_cat?post=3691"},{"taxonomy":"product_tag","embeddable":true,"href":"https:\/\/educaredigital.online\/loja\/wp-json\/wp\/v2\/product_tag?post=3691"}],"curies":[{"name":"wp","href":"https:\/\/api.w.org\/{rel}","templated":true}]}}