{"id":3685,"date":"2026-03-23T14:46:04","date_gmt":"2026-03-23T14:46:04","guid":{"rendered":"https:\/\/educaredigital.online\/loja\/produto\/365-letrao-cruzadas-diretas-laranja\/"},"modified":"2026-03-24T12:14:08","modified_gmt":"2026-03-24T12:14:08","slug":"365-letrao-cruzadas-diretas-laranja","status":"publish","type":"product","link":"https:\/\/educaredigital.online\/loja\/produto\/365-letrao-cruzadas-diretas-laranja\/","title":{"rendered":"365 Letr\u00e3o &#8211; Cruzadas Diretas Laranja"},"content":{"rendered":"<p data-start=\"0\" data-end=\"295\"><strong><span class=\"hover:entity-accent entity-underline inline cursor-pointer align-baseline\"><span class=\"whitespace-normal\">365 Letr\u00e3o &#8211; Cruzadas Diretas Laranja<\/span><\/span><\/strong> \u00e9 perfeito para quem gosta de manter a mente ativa com desafios di\u00e1rios. Com uma atividade para cada dia do ano, a obra traz palavras cruzadas diretas que estimulam o racioc\u00ednio l\u00f3gico, a mem\u00f3ria e o enriquecimento do vocabul\u00e1rio de forma divertida.<\/p>\n<p data-start=\"297\" data-end=\"554\" data-is-last-node=\"\" data-is-only-node=\"\">Com letras em formato ampliado, oferece maior conforto visual e facilita a leitura durante a resolu\u00e7\u00e3o dos jogos. Ideal para momentos de lazer educativo, \u00e9 uma \u00f3tima escolha para todas as idades que buscam entretenimento aliado ao desenvolvimento cognitivo.<\/p>\n<div class=\"details-table-wrapper\">\n<table class=\"product-details-table\">\n<tbody>\n<tr>\n<td>Autor<\/td>\n<td>James Misse e P\u00e9 da Letra<\/td>\n<\/tr>\n<tr>\n<td>ISBN<\/td>\n<td>9786558887652<\/td>\n<\/tr>\n<tr>\n<td>Editora<\/td>\n<td>P\u00e9 da Letra<\/td>\n<\/tr>\n<tr>\n<td>N\u00ba de p\u00e1ginas<\/td>\n<td>368<\/td>\n<\/tr>\n<\/tbody>\n<\/table>\n<\/div>\n","protected":false},"excerpt":{"rendered":"<p>365 Letr\u00e3o &#8211; Cruzadas Diretas Laranja \u00e9 perfeito para quem gosta de manter a mente ativa com desafios di\u00e1rios. Com uma atividade para cada dia do ano, a obra traz palavras cruzadas diretas que estimulam o racioc\u00ednio l\u00f3gico, a mem\u00f3ria<\/p>\n","protected":false},"featured_media":3684,"comment_status":"open","ping_status":"closed","template":"","meta":[],"product_brand":[],"product_cat":[205],"product_tag":[],"class_list":{"0":"post-3685","1":"product","2":"type-product","3":"status-publish","6":"product_cat-fundamental-4-ao-5","8":"first","9":"instock","10":"shipping-taxable","11":"purchasable","12":"product-type-simple"},"_links":{"self":[{"href":"https:\/\/educaredigital.online\/loja\/wp-json\/wp\/v2\/product\/3685","targetHints":{"allow":["GET"]}}],"collection":[{"href":"https:\/\/educaredigital.online\/loja\/wp-json\/wp\/v2\/product"}],"about":[{"href":"https:\/\/educaredigital.online\/loja\/wp-json\/wp\/v2\/types\/product"}],"replies":[{"embeddable":true,"href":"https:\/\/educaredigital.online\/loja\/wp-json\/wp\/v2\/comments?post=3685"}],"wp:featuredmedia":[{"embeddable":true,"href":"https:\/\/educaredigital.online\/loja\/wp-json\/wp\/v2\/media\/3684"}],"wp:attachment":[{"href":"https:\/\/educaredigital.online\/loja\/wp-json\/wp\/v2\/media?parent=3685"}],"wp:term":[{"taxonomy":"product_brand","embeddable":true,"href":"https:\/\/educaredigital.online\/loja\/wp-json\/wp\/v2\/product_brand?post=3685"},{"taxonomy":"product_cat","embeddable":true,"href":"https:\/\/educaredigital.online\/loja\/wp-json\/wp\/v2\/product_cat?post=3685"},{"taxonomy":"product_tag","embeddable":true,"href":"https:\/\/educaredigital.online\/loja\/wp-json\/wp\/v2\/product_tag?post=3685"}],"curies":[{"name":"wp","href":"https:\/\/api.w.org\/{rel}","templated":true}]}}