{"id":3636,"date":"2026-03-23T12:48:05","date_gmt":"2026-03-23T12:48:05","guid":{"rendered":"https:\/\/educaredigital.online\/loja\/produto\/troque-e-encaixe-as-cores-peixe-mdf-16-pc\/"},"modified":"2026-04-25T14:58:56","modified_gmt":"2026-04-25T14:58:56","slug":"troque-e-encaixe-as-cores-peixe-mdf-16-pc","status":"publish","type":"product","link":"https:\/\/educaredigital.online\/loja\/produto\/troque-e-encaixe-as-cores-peixe-mdf-16-pc\/","title":{"rendered":"Troque e Encaixe as Cores &#8211; Peixe &#8211; MDF &#8211; 16 Pe\u00e7as"},"content":{"rendered":"<p class=\"ds-markdown-paragraph\">O\u00a0<strong>Troque e Encaixe as Cores &#8211; Peixe<\/strong>\u00a0\u00e9 um brinquedo educativo da Carlu Brinquedos que estimula o desenvolvimento infantil por meio do encaixe de pe\u00e7as. O conjunto \u00e9 confeccionado em\u00a0<strong>M.D.F. e madeira<\/strong>\u00a0e inclui uma\u00a0<strong>base em formato de peixe<\/strong>\u00a0(18 x 14 x 5 cm) e\u00a0<strong>16 pe\u00e7as coloridas<\/strong> nas cores verde, vermelha, amarela e azul, pintadas com tinta ultravioleta at\u00f3xica.<\/p>\n<p class=\"ds-markdown-paragraph\">A din\u00e2mica do brinquedo consiste em montar a figura do peixe encaixando as pe\u00e7as coloridas na base, uma atividade que estimula a\u00a0<strong>coordena\u00e7\u00e3o motora fina<\/strong>, o\u00a0<strong>racioc\u00ednio l\u00f3gico<\/strong>, o\u00a0<strong>reconhecimento de cores<\/strong>\u00a0e a\u00a0<strong>classifica\u00e7\u00e3o<\/strong>. Al\u00e9m disso, o processo de separa\u00e7\u00e3o das pe\u00e7as trabalha as\u00a0<strong>habilidades visuais<\/strong>\u00a0e a\u00a0<strong>concentra\u00e7\u00e3o<\/strong>\u00a0dos pequenos. Pode ser utilizado\u00a0<strong>individualmente<\/strong>, sendo uma excelente ferramenta tanto para o ambiente escolar quanto para momentos de lazer em fam\u00edlia.<\/p>\n<div class=\"details-table-wrapper\">\n<table class=\"product-details-table\">\n<tbody>\n<tr>\n<td>Marca<\/td>\n<td>Carlu<\/td>\n<\/tr>\n<tr>\n<td>Material<\/td>\n<td>\u00a0MDF<\/td>\n<\/tr>\n<tr>\n<td>Faixa Et\u00e1ria<\/td>\n<td>A partir de 3 Anos<\/td>\n<\/tr>\n<\/tbody>\n<\/table>\n<\/div>\n","protected":false},"excerpt":{"rendered":"<p>O\u00a0Troque e Encaixe as Cores &#8211; Peixe\u00a0\u00e9 um brinquedo educativo da Carlu Brinquedos que estimula o desenvolvimento infantil por meio do encaixe de pe\u00e7as. O conjunto \u00e9 confeccionado em\u00a0M.D.F. e madeira\u00a0e inclui uma\u00a0base em formato de peixe\u00a0(18 x 14 x<\/p>\n","protected":false},"featured_media":3635,"comment_status":"open","ping_status":"closed","template":"","meta":[],"product_brand":[236],"product_cat":[38,211],"product_tag":[],"class_list":{"0":"post-3636","1":"product","2":"type-product","3":"status-publish","6":"product_brand-carlu","7":"product_cat-psicomotricidade","8":"product_cat-psicomotricidade-jogos-e-brinquedos","10":"first","11":"instock","12":"shipping-taxable","13":"purchasable","14":"product-type-simple"},"_links":{"self":[{"href":"https:\/\/educaredigital.online\/loja\/wp-json\/wp\/v2\/product\/3636","targetHints":{"allow":["GET"]}}],"collection":[{"href":"https:\/\/educaredigital.online\/loja\/wp-json\/wp\/v2\/product"}],"about":[{"href":"https:\/\/educaredigital.online\/loja\/wp-json\/wp\/v2\/types\/product"}],"replies":[{"embeddable":true,"href":"https:\/\/educaredigital.online\/loja\/wp-json\/wp\/v2\/comments?post=3636"}],"wp:featuredmedia":[{"embeddable":true,"href":"https:\/\/educaredigital.online\/loja\/wp-json\/wp\/v2\/media\/3635"}],"wp:attachment":[{"href":"https:\/\/educaredigital.online\/loja\/wp-json\/wp\/v2\/media?parent=3636"}],"wp:term":[{"taxonomy":"product_brand","embeddable":true,"href":"https:\/\/educaredigital.online\/loja\/wp-json\/wp\/v2\/product_brand?post=3636"},{"taxonomy":"product_cat","embeddable":true,"href":"https:\/\/educaredigital.online\/loja\/wp-json\/wp\/v2\/product_cat?post=3636"},{"taxonomy":"product_tag","embeddable":true,"href":"https:\/\/educaredigital.online\/loja\/wp-json\/wp\/v2\/product_tag?post=3636"}],"curies":[{"name":"wp","href":"https:\/\/api.w.org\/{rel}","templated":true}]}}